{"id":564,"date":"2015-04-02T13:24:08","date_gmt":"2015-04-02T12:24:08","guid":{"rendered":"http:\/\/www.ntf.uni-lj.si\/ogro\/?page_id=564"},"modified":"2026-03-17T13:29:27","modified_gmt":"2026-03-17T12:29:27","slug":"urniki","status":"publish","type":"page","link":"https:\/\/www.ntf.uni-lj.si\/ogro\/studij\/urniki\/","title":{"rendered":"Urniki"},"content":{"rendered":"<p><span style=\"color: #ffffff;\"><span style=\"color: #000000;\"><iframe src=\"https:\/\/www.wise-tt.com\/wtt_ul_ntfg?codename=omm\" border=\"0\" width=\"100%\" height=\"600px\" name=\"timetableiframe\" id=\"timetableiframe\" style=\"width:100%; height:600px;border:none\"><\/iframe><\/span><\/span><\/p>\n<p><span style=\"color: #000000;\"><strong>Urniki so\u00a0dostopni na <a style=\"color: #000000;\" href=\"https:\/\/www.wise-tt.com\/wtt_ul_ntfg\">tej povezavi<\/a>.<\/strong><\/span><\/p>\n<p><strong>Navodila za uporabo<\/strong> najdete tukaj: <a href=\"https:\/\/www.ntf.uni-lj.si\/omm\/wp-content\/uploads\/sites\/5\/2024\/09\/Navodila-za-pregled-urnikov.pdf\">Navodila-za-pregled-urnikov<\/a>.<\/p>\n<p>Namestite si <a href=\"https:\/\/play.google.com\/store\/apps\/details?id=com.wisetimetable.wtt\">aplikacijo za mobilni telefon<\/a>, koda za aplikacijo z urniki OGRO: <strong>ulntfmont<\/strong><\/p>\n<p>Urniki zajemajo le obvezne predmete, izbirni predmeti bodo objavljeni po kon\u010danih vpisih.<br \/>\nIzjema je 2. letnik magistrske stopnje, ki bo v celoti objavljen po kon\u010danih vpisih<\/p>\n<p>Predavalnice na A\u0161ker\u010devi 12:<\/p>\n<ul>\n<li>K04 ra\u010dunalnica (klet)<\/li>\n<li>K03 (klet)<\/li>\n<li>P05 velika predavalnica (pritli\u010dje)<\/li>\n<li>P11 (pritli\u010dje<\/li>\n<li>P106 (1. nadstropje)<\/li>\n<li>P112 (1. nadstropje)<\/li>\n<\/ul>\n<p>Urniki odra\u017eajo trenutno stanje, kot ga pozna tajni\u0161tvo OGRO. Vseeno velja OPOZORILO: Do odstopanja od objavljenih urnikov prihaja tudi zaradi individualnih dogovorov nosilcev predmetov s \u0161tudenti!<\/p>\n<p>&nbsp;<\/p>\n<p>&nbsp;<\/p>\n<p>&nbsp;<\/p>\n","protected":false},"excerpt":{"rendered":"Urniki so\u00a0dostopni na tej povezavi. Navodila za uporabo najdete tukaj: Navodila-za-pregled-urnikov. Namestite si aplikacijo za mobilni telefon, koda za aplikacijo z urniki OGRO: ulntfmont Urniki zajemajo le obvezne predmete, izbirni predmeti bodo objavljeni po kon\u010danih vpisih. Izjema je 2. letnik magistrske stopnje, ki bo v celoti objavljen po kon\u010danih vpisih Predavalnice na A\u0161ker\u010devi 12: K04 &#8230; <a class=\"view-article\" href=\"https:\/\/www.ntf.uni-lj.si\/ogro\/studij\/urniki\/\">Read more<\/a>","protected":false},"author":15,"featured_media":0,"parent":231,"menu_order":80,"comment_status":"closed","ping_status":"closed","template":"","meta":[],"acf":[],"yoast_head":"<!-- This site is optimized with the Yoast SEO plugin v17.0 - https:\/\/yoast.com\/wordpress\/plugins\/seo\/ -->\n<meta name=\"robots\" content=\"index, follow, max-snippet:-1, max-image-preview:large, max-video-preview:-1\" \/>\n<link rel=\"canonical\" href=\"https:\/\/www.ntf.uni-lj.si\/ogro\/studij\/urniki\/\" \/>\n<meta property=\"og:locale\" content=\"en_US\" \/>\n<meta property=\"og:type\" content=\"article\" \/>\n<meta property=\"og:title\" content=\"Urniki - OGRO\" \/>\n<meta property=\"og:description\" content=\"Urniki so\u00a0dostopni na tej povezavi. Navodila za uporabo najdete tukaj: Navodila-za-pregled-urnikov. Namestite si aplikacijo za mobilni telefon, koda za aplikacijo z urniki OGRO: ulntfmont Urniki zajemajo le obvezne predmete, izbirni predmeti bodo objavljeni po kon\u010danih vpisih. Izjema je 2. letnik magistrske stopnje, ki bo v celoti objavljen po kon\u010danih vpisih Predavalnice na A\u0161ker\u010devi 12: K04 ... Read more\" \/>\n<meta property=\"og:url\" content=\"https:\/\/www.ntf.uni-lj.si\/ogro\/studij\/urniki\/\" \/>\n<meta property=\"og:site_name\" content=\"OGRO\" \/>\n<meta property=\"article:modified_time\" content=\"2026-03-17T12:29:27+00:00\" \/>\n<meta name=\"twitter:label1\" content=\"Est. reading time\" \/>\n\t<meta name=\"twitter:data1\" content=\"1 minute\" \/>\n<script type=\"application\/ld+json\" class=\"yoast-schema-graph\">{\"@context\":\"https:\/\/schema.org\",\"@graph\":[{\"@type\":\"WebSite\",\"@id\":\"https:\/\/www.ntf.uni-lj.si\/ogro\/#website\",\"url\":\"https:\/\/www.ntf.uni-lj.si\/ogro\/\",\"name\":\"OGRO\",\"description\":\"Oddelek za geotehnologijo, rudarstvo in okolje\",\"potentialAction\":[{\"@type\":\"SearchAction\",\"target\":{\"@type\":\"EntryPoint\",\"urlTemplate\":\"https:\/\/www.ntf.uni-lj.si\/ogro\/?s={search_term_string}\"},\"query-input\":\"required name=search_term_string\"}],\"inLanguage\":\"en-US\"},{\"@type\":\"WebPage\",\"@id\":\"https:\/\/www.ntf.uni-lj.si\/ogro\/studij\/urniki\/#webpage\",\"url\":\"https:\/\/www.ntf.uni-lj.si\/ogro\/studij\/urniki\/\",\"name\":\"Urniki - OGRO\",\"isPartOf\":{\"@id\":\"https:\/\/www.ntf.uni-lj.si\/ogro\/#website\"},\"datePublished\":\"2015-04-02T12:24:08+00:00\",\"dateModified\":\"2026-03-17T12:29:27+00:00\",\"breadcrumb\":{\"@id\":\"https:\/\/www.ntf.uni-lj.si\/ogro\/studij\/urniki\/#breadcrumb\"},\"inLanguage\":\"en-US\",\"potentialAction\":[{\"@type\":\"ReadAction\",\"target\":[\"https:\/\/www.ntf.uni-lj.si\/ogro\/studij\/urniki\/\"]}]},{\"@type\":\"BreadcrumbList\",\"@id\":\"https:\/\/www.ntf.uni-lj.si\/ogro\/studij\/urniki\/#breadcrumb\",\"itemListElement\":[{\"@type\":\"ListItem\",\"position\":1,\"name\":\"Domov\",\"item\":\"https:\/\/www.ntf.uni-lj.si\/ogro\/\"},{\"@type\":\"ListItem\",\"position\":2,\"name\":\"\\u0160tudij\",\"item\":\"https:\/\/www.ntf.uni-lj.si\/ogro\/studij\/\"},{\"@type\":\"ListItem\",\"position\":3,\"name\":\"Urniki\"}]}]}<\/script>\n<!-- \/ Yoast SEO plugin. -->","yoast_head_json":{"robots":{"index":"index","follow":"follow","max-snippet":"max-snippet:-1","max-image-preview":"max-image-preview:large","max-video-preview":"max-video-preview:-1"},"canonical":"https:\/\/www.ntf.uni-lj.si\/ogro\/studij\/urniki\/","og_locale":"en_US","og_type":"article","og_title":"Urniki - OGRO","og_description":"Urniki so\u00a0dostopni na tej povezavi. Navodila za uporabo najdete tukaj: Navodila-za-pregled-urnikov. Namestite si aplikacijo za mobilni telefon, koda za aplikacijo z urniki OGRO: ulntfmont Urniki zajemajo le obvezne predmete, izbirni predmeti bodo objavljeni po kon\u010danih vpisih. Izjema je 2. letnik magistrske stopnje, ki bo v celoti objavljen po kon\u010danih vpisih Predavalnice na A\u0161ker\u010devi 12: K04 ... Read more","og_url":"https:\/\/www.ntf.uni-lj.si\/ogro\/studij\/urniki\/","og_site_name":"OGRO","article_modified_time":"2026-03-17T12:29:27+00:00","twitter_misc":{"Est. reading time":"1 minute"},"schema":{"@context":"https:\/\/schema.org","@graph":[{"@type":"WebSite","@id":"https:\/\/www.ntf.uni-lj.si\/ogro\/#website","url":"https:\/\/www.ntf.uni-lj.si\/ogro\/","name":"OGRO","description":"Oddelek za geotehnologijo, rudarstvo in okolje","potentialAction":[{"@type":"SearchAction","target":{"@type":"EntryPoint","urlTemplate":"https:\/\/www.ntf.uni-lj.si\/ogro\/?s={search_term_string}"},"query-input":"required name=search_term_string"}],"inLanguage":"en-US"},{"@type":"WebPage","@id":"https:\/\/www.ntf.uni-lj.si\/ogro\/studij\/urniki\/#webpage","url":"https:\/\/www.ntf.uni-lj.si\/ogro\/studij\/urniki\/","name":"Urniki - OGRO","isPartOf":{"@id":"https:\/\/www.ntf.uni-lj.si\/ogro\/#website"},"datePublished":"2015-04-02T12:24:08+00:00","dateModified":"2026-03-17T12:29:27+00:00","breadcrumb":{"@id":"https:\/\/www.ntf.uni-lj.si\/ogro\/studij\/urniki\/#breadcrumb"},"inLanguage":"en-US","potentialAction":[{"@type":"ReadAction","target":["https:\/\/www.ntf.uni-lj.si\/ogro\/studij\/urniki\/"]}]},{"@type":"BreadcrumbList","@id":"https:\/\/www.ntf.uni-lj.si\/ogro\/studij\/urniki\/#breadcrumb","itemListElement":[{"@type":"ListItem","position":1,"name":"Domov","item":"https:\/\/www.ntf.uni-lj.si\/ogro\/"},{"@type":"ListItem","position":2,"name":"\u0160tudij","item":"https:\/\/www.ntf.uni-lj.si\/ogro\/studij\/"},{"@type":"ListItem","position":3,"name":"Urniki"}]}]}},"_links":{"self":[{"href":"https:\/\/www.ntf.uni-lj.si\/ogro\/wp-json\/wp\/v2\/pages\/564"}],"collection":[{"href":"https:\/\/www.ntf.uni-lj.si\/ogro\/wp-json\/wp\/v2\/pages"}],"about":[{"href":"https:\/\/www.ntf.uni-lj.si\/ogro\/wp-json\/wp\/v2\/types\/page"}],"author":[{"embeddable":true,"href":"https:\/\/www.ntf.uni-lj.si\/ogro\/wp-json\/wp\/v2\/users\/15"}],"replies":[{"embeddable":true,"href":"https:\/\/www.ntf.uni-lj.si\/ogro\/wp-json\/wp\/v2\/comments?post=564"}],"version-history":[{"count":69,"href":"https:\/\/www.ntf.uni-lj.si\/ogro\/wp-json\/wp\/v2\/pages\/564\/revisions"}],"predecessor-version":[{"id":4345,"href":"https:\/\/www.ntf.uni-lj.si\/ogro\/wp-json\/wp\/v2\/pages\/564\/revisions\/4345"}],"up":[{"embeddable":true,"href":"https:\/\/www.ntf.uni-lj.si\/ogro\/wp-json\/wp\/v2\/pages\/231"}],"wp:attachment":[{"href":"https:\/\/www.ntf.uni-lj.si\/ogro\/wp-json\/wp\/v2\/media?parent=564"}],"curies":[{"name":"wp","href":"https:\/\/api.w.org\/{rel}","templated":true}]}}