{"id":4113,"date":"2015-05-08T07:36:12","date_gmt":"2015-05-08T07:36:12","guid":{"rendered":"http:\/\/www.ntf.uni-lj.si\/omm\/?page_id=4113"},"modified":"2023-07-05T11:27:06","modified_gmt":"2023-07-05T09:27:06","slug":"cmpt","status":"publish","type":"page","link":"https:\/\/www.ntf.uni-lj.si\/omm\/en\/about-deparment\/about-chair\/cmpt\/","title":{"rendered":"Chair of Metallurgical Processing Techniques"},"content":{"rendered":"<h2>Chair of Metallurgical Processing Techniques<\/h2>\n<p><strong>HEAD OF CHAIR<\/strong><br \/>\nProf. Jo\u017eef Medved, DrSc<br \/>\nTel: +386 1 2000 423<br \/>\ne-mail: jozef.medved@ntf.uni-lj.si<\/p>\n<p><strong>CHAIR ASSOCIATES<\/strong><br \/>\nAssist. prof. Matja\u017e Knap, DrSc<br \/>\nTel: +386 1 2000 419<br \/>\ne-mail: matjaz.knap@ntf.uni-lj.si<\/p>\n<p><a href=\"https:\/\/www.ntf.uni-lj.si\/omm\/en\/employee\/maja-voncina-2\/\">Assoc. prof. Maja Von\u010dina, DrSc<\/a><br \/>\nTel: +386 1 2000 418<br \/>\ne-mail: maja.voncina@ntf.uni-lj.si<\/p>\n<p><a href=\"https:\/\/www.ntf.uni-lj.si\/omm\/en\/employee\/tilen-balasko-2\/\">Assist. prof. Tilen Bala\u0161ko, DrSc<\/a><br \/>\nTel: 01 2000 457<br \/>\ne-mail: tilen.balasko@ntf.uni-lj.si<\/p>\n<p>Edvard Rogli\u010d, tech. assist.<br \/>\nTel: +386 1 2000 448<\/p>\n<p>The Chair of Metallurgical Processing Techniques is involved in educational activities for the university programme in Materials and Metallurgy and the higher professional programme in Metallurgical Technology and offers courses in the following areas: thermodynamics of materials, processing metallurgy of iron and non-iron metals, theory of metallurgical processes, metallurgic ceramics and hypothermic technologies and corrosion.<\/p>\n<p>Our researchers are engaged in basic science as well as in industry technologies. We have established close cooperation with industry in the following areas: thermodynamic and kinetic modelling, modelling of metallurgical processes, construction of phase diagrams, development of non-metal inorganic materials, metallurgic slags, oxidation, thermal analyses and structure of metal materials, archaeometallurgy, the analysis and structure of metal materials, slags, metallurgic and other ceramics, manufacturing of metal and ceramic materials, the continuative and classical infusion of iron and iron alloys, steel and non-iron metals, the economy of production processes of metal and ceramics systems, hypothermic reactions in solid, liquid and gas states, hypothermic oxidation, the processes of agglomeration of non-metal and metal materials, recycling of metal and ceramic materials, the development of new or improved characteristics of metal and ceramic materials and their production technologies, microanalysis, nanotechnologies in metal and ceramics processing techniques, workplace and environment safety and high-temperature reactions in a vacuum.<\/p>\n<p><strong>Laboratory for Thermodynamics of Materials<\/strong><\/p>\n<p>In the laboratory, research is carried out in the field of thermodynamics for the needs of the educational process and scientific research work. The focus is on metallic and other inorganic non-metallic materials. In the laboratory we can perform: thermal analysis, electrochemical measurements, temperature measurement, oxidation and reduction at low and high temperatures, process simulations, C and S analysis, thermodynamic design of materials and processes (Thermo-Calc, Tapp).<\/p>\n<p>The following equipment is located in the laboratory:<\/p>\n<ul>\n<li>STA device Netzsch STA 449C Jupiter\u00ae,<\/li>\n<li>DSC device Netzsch DSC 404 F3 Pegasus\u00ae,<\/li>\n<li>DSC device Netzsch DSC 204 F1 Phoenix\u00ae,<\/li>\n<li>DTA analyser: DTA 701,<\/li>\n<li>Dilatometer: DIL 801,<\/li>\n<li>C, S-analyser: CS &#8211; mat 600,<\/li>\n<li>electrical resistance chamber furnace (Tmax 1200 \u00b0C),<\/li>\n<li>electric high-temperature resistance furnace (Tmax 1600 \u00b0C),<\/li>\n<li>electric high-temperature resistance furnace (Tmax 1500 \u00b0C).<\/li>\n<\/ul>\n<p><a href=\"https:\/\/www.ntf.uni-lj.si\/omm\/wp-content\/uploads\/sites\/5\/2021\/06\/IMG_4908.jpg\"><img loading=\"lazy\" width=\"300\" height=\"122\" class=\"alignnone size-medium wp-image-9913\" src=\"https:\/\/www.ntf.uni-lj.si\/omm\/wp-content\/uploads\/sites\/5\/2021\/06\/IMG_4908-300x122.jpg\" alt=\"\" srcset=\"https:\/\/www.ntf.uni-lj.si\/omm\/wp-content\/uploads\/sites\/5\/2021\/06\/IMG_4908-300x122.jpg 300w, https:\/\/www.ntf.uni-lj.si\/omm\/wp-content\/uploads\/sites\/5\/2021\/06\/IMG_4908-768x312.jpg 768w, https:\/\/www.ntf.uni-lj.si\/omm\/wp-content\/uploads\/sites\/5\/2021\/06\/IMG_4908-1024x416.jpg 1024w\" sizes=\"(max-width: 300px) 100vw, 300px\" \/><\/a> <a href=\"https:\/\/www.ntf.uni-lj.si\/omm\/wp-content\/uploads\/sites\/5\/2021\/06\/IMG_4906.jpg\"><img loading=\"lazy\" class=\"alignnone wp-image-9912\" src=\"https:\/\/www.ntf.uni-lj.si\/omm\/wp-content\/uploads\/sites\/5\/2021\/06\/IMG_4906-300x88.jpg\" alt=\"\" width=\"416\" height=\"122\" srcset=\"https:\/\/www.ntf.uni-lj.si\/omm\/wp-content\/uploads\/sites\/5\/2021\/06\/IMG_4906-300x88.jpg 300w, https:\/\/www.ntf.uni-lj.si\/omm\/wp-content\/uploads\/sites\/5\/2021\/06\/IMG_4906-768x226.jpg 768w, https:\/\/www.ntf.uni-lj.si\/omm\/wp-content\/uploads\/sites\/5\/2021\/06\/IMG_4906-1024x302.jpg 1024w\" sizes=\"(max-width: 416px) 100vw, 416px\" \/><\/a><\/p>\n<p><strong>Melting laboratory<\/strong><\/p>\n<p>In our laboratory we carry out the following tests: thermal analyses, electrochemical measurements, melting and annealing at up to 2000 \u00b0C in different atmospheres, reduction and oxidation as well as sintering.<\/p>\n<p>The following equipment is located in the laboratory:<\/p>\n<ul>\n<li>induction melting furnace (Tmax 1500 \u00b0C),<\/li>\n<li>Tammann furnace (Tmax 2000 \u00b0C),<\/li>\n<li>resistance chamber furnace (Tmax 1500 \u00b0C),<\/li>\n<li>resistance chamber furnace (Tmax 1300 \u00b0C).<\/li>\n<\/ul>\n<p><strong>Laboratory for Metallurgical and Mineralogical Process Engineering<\/strong><\/p>\n<p>In the Laboratory of Metallurgical and Mineralogical Process Engineering, measurements are carried out on metallic and non-metallic materials for educational process and scientific research. Various acrylic models of metallurgical reactors can be used to model phenomena such as melt flow in the reactor and chemical reactions such as decarburisation of the melt in the extraction of metallic materials. With a melting microscope, it is possible to observe the processes of softening, swelling, sintering, crystallisation, etc. of metallic and non-metallic materials up to a temperature of 1350 \u00b0C.<\/p>\n<p>The following equipment is in the laboratory:<\/p>\n<ul>\n<li>melting microscope (Tmax 1350 \u00b0C),<\/li>\n<li>drying furnace (Tmax 230 \u00b0C),<\/li>\n<li>acrylic glass models,<\/li>\n<li>electric arc furnace,<\/li>\n<li>converter: AOD converter,<\/li>\n<li>casting mould with mould for casting billets.<\/li>\n<\/ul>\n","protected":false},"excerpt":{"rendered":"Chair of Metallurgical Processing Techniques HEAD OF CHAIR Prof. Jo\u017eef Medved, DrSc Tel: +386 1 2000 423 e-mail: jozef.medved@ntf.uni-lj.si CHAIR ASSOCIATES Assist. prof. Matja\u017e Knap, DrSc Tel: +386 1 2000 419 e-mail: matjaz.knap@ntf.uni-lj.si Assoc. prof. Maja Von\u010dina, DrSc Tel: +386 1 2000 418 e-mail: maja.voncina@ntf.uni-lj.si Assist. prof. Tilen Bala\u0161ko, DrSc Tel: 01 2000 457 e-mail: &#8230; <a class=\"view-article\" href=\"https:\/\/www.ntf.uni-lj.si\/omm\/en\/about-deparment\/about-chair\/cmpt\/\">Read more<\/a>","protected":false},"author":15,"featured_media":0,"parent":4086,"menu_order":40,"comment_status":"closed","ping_status":"closed","template":"","meta":[],"acf":[],"yoast_head":"<!-- This site is optimized with the Yoast SEO plugin v17.0 - https:\/\/yoast.com\/wordpress\/plugins\/seo\/ -->\n<meta name=\"robots\" content=\"index, follow, max-snippet:-1, max-image-preview:large, max-video-preview:-1\" \/>\n<link rel=\"canonical\" href=\"https:\/\/www.ntf.uni-lj.si\/omm\/en\/about-deparment\/about-chair\/cmpt\/\" \/>\n<meta property=\"og:locale\" content=\"en_US\" \/>\n<meta property=\"og:type\" content=\"article\" \/>\n<meta property=\"og:title\" content=\"Chair of Metallurgical Processing Techniques - OMM\" \/>\n<meta property=\"og:description\" content=\"Chair of Metallurgical Processing Techniques HEAD OF CHAIR Prof. Jo\u017eef Medved, DrSc Tel: +386 1 2000 423 e-mail: jozef.medved@ntf.uni-lj.si CHAIR ASSOCIATES Assist. prof. Matja\u017e Knap, DrSc Tel: +386 1 2000 419 e-mail: matjaz.knap@ntf.uni-lj.si Assoc. prof. Maja Von\u010dina, DrSc Tel: +386 1 2000 418 e-mail: maja.voncina@ntf.uni-lj.si Assist. prof. Tilen Bala\u0161ko, DrSc Tel: 01 2000 457 e-mail: ... Read more\" \/>\n<meta property=\"og:url\" content=\"https:\/\/www.ntf.uni-lj.si\/omm\/en\/about-deparment\/about-chair\/cmpt\/\" \/>\n<meta property=\"og:site_name\" content=\"OMM\" \/>\n<meta property=\"article:modified_time\" content=\"2023-07-05T09:27:06+00:00\" \/>\n<meta property=\"og:image\" content=\"https:\/\/www.ntf.uni-lj.si\/omm\/wp-content\/uploads\/sites\/5\/2021\/06\/IMG_4908-300x122.jpg\" \/>\n<meta name=\"twitter:label1\" content=\"Est. reading time\" \/>\n\t<meta name=\"twitter:data1\" content=\"4 minutes\" \/>\n<script type=\"application\/ld+json\" class=\"yoast-schema-graph\">{\"@context\":\"https:\/\/schema.org\",\"@graph\":[{\"@type\":\"WebSite\",\"@id\":\"https:\/\/www.ntf.uni-lj.si\/omm\/#website\",\"url\":\"https:\/\/www.ntf.uni-lj.si\/omm\/\",\"name\":\"OMM\",\"description\":\"Oddelek za materiale in metalurgijo\",\"potentialAction\":[{\"@type\":\"SearchAction\",\"target\":{\"@type\":\"EntryPoint\",\"urlTemplate\":\"https:\/\/www.ntf.uni-lj.si\/omm\/?s={search_term_string}\"},\"query-input\":\"required name=search_term_string\"}],\"inLanguage\":\"en-US\"},{\"@type\":\"ImageObject\",\"@id\":\"https:\/\/www.ntf.uni-lj.si\/omm\/en\/about-deparment\/about-chair\/cmpt\/#primaryimage\",\"inLanguage\":\"en-US\",\"url\":\"https:\/\/www.ntf.uni-lj.si\/omm\/wp-content\/uploads\/sites\/5\/2021\/06\/IMG_4908.jpg\",\"contentUrl\":\"https:\/\/www.ntf.uni-lj.si\/omm\/wp-content\/uploads\/sites\/5\/2021\/06\/IMG_4908.jpg\",\"width\":4824,\"height\":1958},{\"@type\":\"WebPage\",\"@id\":\"https:\/\/www.ntf.uni-lj.si\/omm\/en\/about-deparment\/about-chair\/cmpt\/#webpage\",\"url\":\"https:\/\/www.ntf.uni-lj.si\/omm\/en\/about-deparment\/about-chair\/cmpt\/\",\"name\":\"Chair of Metallurgical Processing Techniques - OMM\",\"isPartOf\":{\"@id\":\"https:\/\/www.ntf.uni-lj.si\/omm\/#website\"},\"primaryImageOfPage\":{\"@id\":\"https:\/\/www.ntf.uni-lj.si\/omm\/en\/about-deparment\/about-chair\/cmpt\/#primaryimage\"},\"datePublished\":\"2015-05-08T07:36:12+00:00\",\"dateModified\":\"2023-07-05T09:27:06+00:00\",\"breadcrumb\":{\"@id\":\"https:\/\/www.ntf.uni-lj.si\/omm\/en\/about-deparment\/about-chair\/cmpt\/#breadcrumb\"},\"inLanguage\":\"en-US\",\"potentialAction\":[{\"@type\":\"ReadAction\",\"target\":[\"https:\/\/www.ntf.uni-lj.si\/omm\/en\/about-deparment\/about-chair\/cmpt\/\"]}]},{\"@type\":\"BreadcrumbList\",\"@id\":\"https:\/\/www.ntf.uni-lj.si\/omm\/en\/about-deparment\/about-chair\/cmpt\/#breadcrumb\",\"itemListElement\":[{\"@type\":\"ListItem\",\"position\":1,\"name\":\"Domov\",\"item\":\"https:\/\/www.ntf.uni-lj.si\/omm\/\"},{\"@type\":\"ListItem\",\"position\":2,\"name\":\"About deparment\",\"item\":\"https:\/\/www.ntf.uni-lj.si\/omm\/en\/about-deparment\/\"},{\"@type\":\"ListItem\",\"position\":3,\"name\":\"Chairs\",\"item\":\"https:\/\/www.ntf.uni-lj.si\/omm\/en\/about-deparment\/about-chair\/\"},{\"@type\":\"ListItem\",\"position\":4,\"name\":\"Chair of Metallurgical Processing Techniques\"}]}]}<\/script>\n<!-- \/ Yoast SEO plugin. -->","yoast_head_json":{"robots":{"index":"index","follow":"follow","max-snippet":"max-snippet:-1","max-image-preview":"max-image-preview:large","max-video-preview":"max-video-preview:-1"},"canonical":"https:\/\/www.ntf.uni-lj.si\/omm\/en\/about-deparment\/about-chair\/cmpt\/","og_locale":"en_US","og_type":"article","og_title":"Chair of Metallurgical Processing Techniques - OMM","og_description":"Chair of Metallurgical Processing Techniques HEAD OF CHAIR Prof. Jo\u017eef Medved, DrSc Tel: +386 1 2000 423 e-mail: jozef.medved@ntf.uni-lj.si CHAIR ASSOCIATES Assist. prof. Matja\u017e Knap, DrSc Tel: +386 1 2000 419 e-mail: matjaz.knap@ntf.uni-lj.si Assoc. prof. Maja Von\u010dina, DrSc Tel: +386 1 2000 418 e-mail: maja.voncina@ntf.uni-lj.si Assist. prof. Tilen Bala\u0161ko, DrSc Tel: 01 2000 457 e-mail: ... Read more","og_url":"https:\/\/www.ntf.uni-lj.si\/omm\/en\/about-deparment\/about-chair\/cmpt\/","og_site_name":"OMM","article_modified_time":"2023-07-05T09:27:06+00:00","og_image":[{"url":"https:\/\/www.ntf.uni-lj.si\/omm\/wp-content\/uploads\/sites\/5\/2021\/06\/IMG_4908-300x122.jpg"}],"twitter_misc":{"Est. reading time":"4 minutes"},"schema":{"@context":"https:\/\/schema.org","@graph":[{"@type":"WebSite","@id":"https:\/\/www.ntf.uni-lj.si\/omm\/#website","url":"https:\/\/www.ntf.uni-lj.si\/omm\/","name":"OMM","description":"Oddelek za materiale in metalurgijo","potentialAction":[{"@type":"SearchAction","target":{"@type":"EntryPoint","urlTemplate":"https:\/\/www.ntf.uni-lj.si\/omm\/?s={search_term_string}"},"query-input":"required name=search_term_string"}],"inLanguage":"en-US"},{"@type":"ImageObject","@id":"https:\/\/www.ntf.uni-lj.si\/omm\/en\/about-deparment\/about-chair\/cmpt\/#primaryimage","inLanguage":"en-US","url":"https:\/\/www.ntf.uni-lj.si\/omm\/wp-content\/uploads\/sites\/5\/2021\/06\/IMG_4908.jpg","contentUrl":"https:\/\/www.ntf.uni-lj.si\/omm\/wp-content\/uploads\/sites\/5\/2021\/06\/IMG_4908.jpg","width":4824,"height":1958},{"@type":"WebPage","@id":"https:\/\/www.ntf.uni-lj.si\/omm\/en\/about-deparment\/about-chair\/cmpt\/#webpage","url":"https:\/\/www.ntf.uni-lj.si\/omm\/en\/about-deparment\/about-chair\/cmpt\/","name":"Chair of Metallurgical Processing Techniques - OMM","isPartOf":{"@id":"https:\/\/www.ntf.uni-lj.si\/omm\/#website"},"primaryImageOfPage":{"@id":"https:\/\/www.ntf.uni-lj.si\/omm\/en\/about-deparment\/about-chair\/cmpt\/#primaryimage"},"datePublished":"2015-05-08T07:36:12+00:00","dateModified":"2023-07-05T09:27:06+00:00","breadcrumb":{"@id":"https:\/\/www.ntf.uni-lj.si\/omm\/en\/about-deparment\/about-chair\/cmpt\/#breadcrumb"},"inLanguage":"en-US","potentialAction":[{"@type":"ReadAction","target":["https:\/\/www.ntf.uni-lj.si\/omm\/en\/about-deparment\/about-chair\/cmpt\/"]}]},{"@type":"BreadcrumbList","@id":"https:\/\/www.ntf.uni-lj.si\/omm\/en\/about-deparment\/about-chair\/cmpt\/#breadcrumb","itemListElement":[{"@type":"ListItem","position":1,"name":"Domov","item":"https:\/\/www.ntf.uni-lj.si\/omm\/"},{"@type":"ListItem","position":2,"name":"About deparment","item":"https:\/\/www.ntf.uni-lj.si\/omm\/en\/about-deparment\/"},{"@type":"ListItem","position":3,"name":"Chairs","item":"https:\/\/www.ntf.uni-lj.si\/omm\/en\/about-deparment\/about-chair\/"},{"@type":"ListItem","position":4,"name":"Chair of Metallurgical Processing Techniques"}]}]}},"_links":{"self":[{"href":"https:\/\/www.ntf.uni-lj.si\/omm\/wp-json\/wp\/v2\/pages\/4113"}],"collection":[{"href":"https:\/\/www.ntf.uni-lj.si\/omm\/wp-json\/wp\/v2\/pages"}],"about":[{"href":"https:\/\/www.ntf.uni-lj.si\/omm\/wp-json\/wp\/v2\/types\/page"}],"author":[{"embeddable":true,"href":"https:\/\/www.ntf.uni-lj.si\/omm\/wp-json\/wp\/v2\/users\/15"}],"replies":[{"embeddable":true,"href":"https:\/\/www.ntf.uni-lj.si\/omm\/wp-json\/wp\/v2\/comments?post=4113"}],"version-history":[{"count":20,"href":"https:\/\/www.ntf.uni-lj.si\/omm\/wp-json\/wp\/v2\/pages\/4113\/revisions"}],"predecessor-version":[{"id":10293,"href":"https:\/\/www.ntf.uni-lj.si\/omm\/wp-json\/wp\/v2\/pages\/4113\/revisions\/10293"}],"up":[{"embeddable":true,"href":"https:\/\/www.ntf.uni-lj.si\/omm\/wp-json\/wp\/v2\/pages\/4086"}],"wp:attachment":[{"href":"https:\/\/www.ntf.uni-lj.si\/omm\/wp-json\/wp\/v2\/media?parent=4113"}],"curies":[{"name":"wp","href":"https:\/\/api.w.org\/{rel}","templated":true}]}}