{"id":4474,"date":"2015-05-08T11:23:58","date_gmt":"2015-05-08T11:23:58","guid":{"rendered":"http:\/\/www.ntf.uni-lj.si\/omm\/?page_id=4474"},"modified":"2026-04-09T08:29:29","modified_gmt":"2026-04-09T06:29:29","slug":"splosne-informacije","status":"publish","type":"page","link":"https:\/\/www.ntf.uni-lj.si\/omm\/studij\/2-stopnja\/metalurgija-in-materiali-mag\/splosne-informacije\/","title":{"rendered":"Splo\u0161ne informacije"},"content":{"rendered":"<h2>METALURGIJA IN MATERIALI<\/h2>\n<p><strong>Podatki o \u0161tudijskem programu:<\/strong><\/p>\n<p>Drugostopenjski podiplomski magistrski \u0161tudijski program METALURGIJA IN MATERIALI traja 2 leti (4 semestre) in obsega skupaj 120 kreditnih to\u010dk po sistemu ECTS<\/p>\n<p>Strokovni naslov, ki ga pridobi magister je:<\/p>\n<p>magister\/magistrica in\u017eenir\/-ka Metalurgije in Materialov oz. z okraj\u0161avo mag. in\u017e. metal. in mater..<\/p>\n<p>&nbsp;<\/p>\n<p><strong>Temeljni cilji programa in splo\u0161ne kompetence<\/strong><\/p>\n<p>Temeljni cilj magistrskega \u0161tudijskega programa Metalurgija in materiali je usposobiti strokovnjaka, ki bo pridobil poglobljena in usmerjena znanja in sposobnosti iz temeljnih podro\u010dij metalurgije in materialov, glede na izbiro izbirnih predmetov pa \u0161e posebej poglobljena znanja iz posameznega podro\u010dja metalurgije in materialov ali s tem povezanega podro\u010dja. V okviru \u0161tudija bo \u0161tudent spoznal tradicionalna na\u010dela nadgrajena z najnovej\u0161imi dognanji, posredovana na sodoben na\u010din, s sodobno tehnologijo. Z delom v skupinah, projektnim delom in problemskih nalogah se bo privajal dela v skupini, javnega nastopanja ter poslovanja s strankami in se aktivno vklju\u010deval v raziskave. Vsa pridobljena teoreti\u010dna znanja bo v najve\u010dji mo\u017eni meri preskusil na primerih vaj in re\u0161evanju zahtevnih teoreti\u010dnih ali strokovno usmerjenih problemov in projektov, kar mu bo omogo\u010dalo la\u017ejo vklju\u010ditev v prakso po kon\u010danem \u0161tudiju in razumevanje problematik o\u017ejih podro\u010dij materialov in metalurgije. \u0160tudent osvoji potrebna poglobljena in usmerjena znanja iz temeljnih naravoslovnih in ra\u010dunalni\u0161ko-informacijskih predmetov, nadgradil bo znanja iz temeljnih predmetov metalur\u0161ke stroke in specifi\u010dna znanja iz strokovnih predmetov. V okviru predmetnika in izbirnih predmetov je \u0161tudentu omogo\u010dena specializacija in tudi priprava za nadaljevanje \u0161tudija po programih na tretji stopnji. Cilj programa je zagotoviti mednarodno primerljivost, mobilnost in prehodnost, diplomantu pa omogo\u010diti nadaljevanje \u0161tudija v Evropi in zaposlitev znotraj Evropske unije.<\/p>\n<p><strong>\u00a0<\/strong><\/p>\n<p><strong>Splo\u0161ne kompetence:<\/strong><\/p>\n<p>Naziv magister materialov in metalurgija bomo podelili \u0161tudentom, ki so v ustreznem postopku ocenjevanja pokazali, da:<\/p>\n<p>&#8211; obvladujejo temeljna teoreti\u010dna znanja naravoslovno-matemati\u010dnih ved kemije, fizike, mehanike, matematike in informatike, primerljivo z najbolj\u0161imi, pano\u017eno sorodnimi evropskimi univerzami;<\/p>\n<p>&#8211; so osvojili in uporabljajo temeljna strokovna znanja interdisciplinarno povezanih podro\u010dij, zna\u010dilnih za delovanje metalur\u0161kih tehnologij, za odgovorno in kakovostno vodenje tehnologij, njihove kontrole in opozarjanja na mo\u017enosti izbolj\u0161av in inovacij;<\/p>\n<p>&#8211; imajo razvito sposobnost komuniciranja s sodelavci in strokovnjaki sorodnih disciplin, kar jim omogo\u010da aktivno sodelovanje v multidisciplinarnih skupinah;<\/p>\n<p>&#8211; so pridobili tak\u0161en standard znanj in kompetenc, s katerimi bodo lahko vstopili v cikel sklopov predavanj doktorskih programov;<\/p>\n<p>&#8211; so sposobni analize, sinteze in razumevanja vpliva tehni\u0161kih re\u0161itev na okoljske in socialne odnose;<\/p>\n<p>&#8211; so sposobni razumeti na\u010dela vodenja in razumeti poslovno prakso;<\/p>\n<p>&#8211; so sposobni razumeti svojo poklicno in eti\u010dno odgovornost;<\/p>\n<p>&#8211; so sposobni samostojnega u\u010denja in imajo potrebo po vse\u017eivljenjskem u\u010denju.<\/p>\n<p>&nbsp;<\/p>\n<p>Kaj pomenijo kompetence na Zavodu RS za zaposlovanje si lahko preberete na:<\/p>\n<p><a href=\"https:\/\/esvetovanje.ess.gov.si\/KajZnam\/KajSoKompetence\/\">https:\/\/esvetovanje.ess.gov.si\/KajZnam\/KajSoKompetence\/<\/a><\/p>\n<p>&nbsp;<\/p>\n","protected":false},"excerpt":{"rendered":"METALURGIJA IN MATERIALI Podatki o \u0161tudijskem programu: Drugostopenjski podiplomski magistrski \u0161tudijski program METALURGIJA IN MATERIALI traja 2 leti (4 semestre) in obsega skupaj 120 kreditnih to\u010dk po sistemu ECTS Strokovni naslov, ki ga pridobi magister je: magister\/magistrica in\u017eenir\/-ka Metalurgije in Materialov oz. z okraj\u0161avo mag. in\u017e. metal. in mater.. &nbsp; Temeljni cilji programa in splo\u0161ne &#8230; <a class=\"view-article\" href=\"https:\/\/www.ntf.uni-lj.si\/omm\/studij\/2-stopnja\/metalurgija-in-materiali-mag\/splosne-informacije\/\">Read more<\/a>","protected":false},"author":15,"featured_media":0,"parent":4466,"menu_order":10,"comment_status":"closed","ping_status":"closed","template":"","meta":[],"acf":[],"yoast_head":"<!-- This site is optimized with the Yoast SEO plugin v17.0 - https:\/\/yoast.com\/wordpress\/plugins\/seo\/ -->\n<meta name=\"robots\" content=\"index, follow, max-snippet:-1, max-image-preview:large, max-video-preview:-1\" \/>\n<link rel=\"canonical\" href=\"https:\/\/www.ntf.uni-lj.si\/omm\/studij\/2-stopnja\/metalurgija-in-materiali-mag\/splosne-informacije\/\" \/>\n<meta property=\"og:locale\" content=\"en_US\" \/>\n<meta property=\"og:type\" content=\"article\" \/>\n<meta property=\"og:title\" content=\"Splo\u0161ne informacije - OMM\" \/>\n<meta property=\"og:description\" content=\"METALURGIJA IN MATERIALI Podatki o \u0161tudijskem programu: Drugostopenjski podiplomski magistrski \u0161tudijski program METALURGIJA IN MATERIALI traja 2 leti (4 semestre) in obsega skupaj 120 kreditnih to\u010dk po sistemu ECTS Strokovni naslov, ki ga pridobi magister je: magister\/magistrica in\u017eenir\/-ka Metalurgije in Materialov oz. z okraj\u0161avo mag. in\u017e. metal. in mater.. &nbsp; Temeljni cilji programa in splo\u0161ne ... Read more\" \/>\n<meta property=\"og:url\" content=\"https:\/\/www.ntf.uni-lj.si\/omm\/studij\/2-stopnja\/metalurgija-in-materiali-mag\/splosne-informacije\/\" \/>\n<meta property=\"og:site_name\" content=\"OMM\" \/>\n<meta property=\"article:modified_time\" content=\"2026-04-09T06:29:29+00:00\" \/>\n<meta name=\"twitter:label1\" content=\"Est. reading time\" \/>\n\t<meta name=\"twitter:data1\" content=\"2 minutes\" \/>\n<script type=\"application\/ld+json\" class=\"yoast-schema-graph\">{\"@context\":\"https:\/\/schema.org\",\"@graph\":[{\"@type\":\"WebSite\",\"@id\":\"https:\/\/www.ntf.uni-lj.si\/omm\/#website\",\"url\":\"https:\/\/www.ntf.uni-lj.si\/omm\/\",\"name\":\"OMM\",\"description\":\"Oddelek za materiale in metalurgijo\",\"potentialAction\":[{\"@type\":\"SearchAction\",\"target\":{\"@type\":\"EntryPoint\",\"urlTemplate\":\"https:\/\/www.ntf.uni-lj.si\/omm\/?s={search_term_string}\"},\"query-input\":\"required name=search_term_string\"}],\"inLanguage\":\"en-US\"},{\"@type\":\"WebPage\",\"@id\":\"https:\/\/www.ntf.uni-lj.si\/omm\/studij\/2-stopnja\/metalurgija-in-materiali-mag\/splosne-informacije\/#webpage\",\"url\":\"https:\/\/www.ntf.uni-lj.si\/omm\/studij\/2-stopnja\/metalurgija-in-materiali-mag\/splosne-informacije\/\",\"name\":\"Splo\\u0161ne informacije - OMM\",\"isPartOf\":{\"@id\":\"https:\/\/www.ntf.uni-lj.si\/omm\/#website\"},\"datePublished\":\"2015-05-08T11:23:58+00:00\",\"dateModified\":\"2026-04-09T06:29:29+00:00\",\"breadcrumb\":{\"@id\":\"https:\/\/www.ntf.uni-lj.si\/omm\/studij\/2-stopnja\/metalurgija-in-materiali-mag\/splosne-informacije\/#breadcrumb\"},\"inLanguage\":\"en-US\",\"potentialAction\":[{\"@type\":\"ReadAction\",\"target\":[\"https:\/\/www.ntf.uni-lj.si\/omm\/studij\/2-stopnja\/metalurgija-in-materiali-mag\/splosne-informacije\/\"]}]},{\"@type\":\"BreadcrumbList\",\"@id\":\"https:\/\/www.ntf.uni-lj.si\/omm\/studij\/2-stopnja\/metalurgija-in-materiali-mag\/splosne-informacije\/#breadcrumb\",\"itemListElement\":[{\"@type\":\"ListItem\",\"position\":1,\"name\":\"Domov\",\"item\":\"https:\/\/www.ntf.uni-lj.si\/omm\/\"},{\"@type\":\"ListItem\",\"position\":2,\"name\":\"\\u0160tudij\",\"item\":\"https:\/\/www.ntf.uni-lj.si\/omm\/studij\/\"},{\"@type\":\"ListItem\",\"position\":3,\"name\":\"2. stopnja\",\"item\":\"https:\/\/www.ntf.uni-lj.si\/omm\/studij\/2-stopnja\/\"},{\"@type\":\"ListItem\",\"position\":4,\"name\":\"Metalurgija in materiali (MAG)\",\"item\":\"https:\/\/www.ntf.uni-lj.si\/omm\/studij\/2-stopnja\/metalurgija-in-materiali-mag\/\"},{\"@type\":\"ListItem\",\"position\":5,\"name\":\"Splo\\u0161ne informacije\"}]}]}<\/script>\n<!-- \/ Yoast SEO plugin. -->","yoast_head_json":{"robots":{"index":"index","follow":"follow","max-snippet":"max-snippet:-1","max-image-preview":"max-image-preview:large","max-video-preview":"max-video-preview:-1"},"canonical":"https:\/\/www.ntf.uni-lj.si\/omm\/studij\/2-stopnja\/metalurgija-in-materiali-mag\/splosne-informacije\/","og_locale":"en_US","og_type":"article","og_title":"Splo\u0161ne informacije - OMM","og_description":"METALURGIJA IN MATERIALI Podatki o \u0161tudijskem programu: Drugostopenjski podiplomski magistrski \u0161tudijski program METALURGIJA IN MATERIALI traja 2 leti (4 semestre) in obsega skupaj 120 kreditnih to\u010dk po sistemu ECTS Strokovni naslov, ki ga pridobi magister je: magister\/magistrica in\u017eenir\/-ka Metalurgije in Materialov oz. z okraj\u0161avo mag. in\u017e. metal. in mater.. &nbsp; Temeljni cilji programa in splo\u0161ne ... Read more","og_url":"https:\/\/www.ntf.uni-lj.si\/omm\/studij\/2-stopnja\/metalurgija-in-materiali-mag\/splosne-informacije\/","og_site_name":"OMM","article_modified_time":"2026-04-09T06:29:29+00:00","twitter_misc":{"Est. reading time":"2 minutes"},"schema":{"@context":"https:\/\/schema.org","@graph":[{"@type":"WebSite","@id":"https:\/\/www.ntf.uni-lj.si\/omm\/#website","url":"https:\/\/www.ntf.uni-lj.si\/omm\/","name":"OMM","description":"Oddelek za materiale in metalurgijo","potentialAction":[{"@type":"SearchAction","target":{"@type":"EntryPoint","urlTemplate":"https:\/\/www.ntf.uni-lj.si\/omm\/?s={search_term_string}"},"query-input":"required name=search_term_string"}],"inLanguage":"en-US"},{"@type":"WebPage","@id":"https:\/\/www.ntf.uni-lj.si\/omm\/studij\/2-stopnja\/metalurgija-in-materiali-mag\/splosne-informacije\/#webpage","url":"https:\/\/www.ntf.uni-lj.si\/omm\/studij\/2-stopnja\/metalurgija-in-materiali-mag\/splosne-informacije\/","name":"Splo\u0161ne informacije - OMM","isPartOf":{"@id":"https:\/\/www.ntf.uni-lj.si\/omm\/#website"},"datePublished":"2015-05-08T11:23:58+00:00","dateModified":"2026-04-09T06:29:29+00:00","breadcrumb":{"@id":"https:\/\/www.ntf.uni-lj.si\/omm\/studij\/2-stopnja\/metalurgija-in-materiali-mag\/splosne-informacije\/#breadcrumb"},"inLanguage":"en-US","potentialAction":[{"@type":"ReadAction","target":["https:\/\/www.ntf.uni-lj.si\/omm\/studij\/2-stopnja\/metalurgija-in-materiali-mag\/splosne-informacije\/"]}]},{"@type":"BreadcrumbList","@id":"https:\/\/www.ntf.uni-lj.si\/omm\/studij\/2-stopnja\/metalurgija-in-materiali-mag\/splosne-informacije\/#breadcrumb","itemListElement":[{"@type":"ListItem","position":1,"name":"Domov","item":"https:\/\/www.ntf.uni-lj.si\/omm\/"},{"@type":"ListItem","position":2,"name":"\u0160tudij","item":"https:\/\/www.ntf.uni-lj.si\/omm\/studij\/"},{"@type":"ListItem","position":3,"name":"2. stopnja","item":"https:\/\/www.ntf.uni-lj.si\/omm\/studij\/2-stopnja\/"},{"@type":"ListItem","position":4,"name":"Metalurgija in materiali (MAG)","item":"https:\/\/www.ntf.uni-lj.si\/omm\/studij\/2-stopnja\/metalurgija-in-materiali-mag\/"},{"@type":"ListItem","position":5,"name":"Splo\u0161ne informacije"}]}]}},"_links":{"self":[{"href":"https:\/\/www.ntf.uni-lj.si\/omm\/wp-json\/wp\/v2\/pages\/4474"}],"collection":[{"href":"https:\/\/www.ntf.uni-lj.si\/omm\/wp-json\/wp\/v2\/pages"}],"about":[{"href":"https:\/\/www.ntf.uni-lj.si\/omm\/wp-json\/wp\/v2\/types\/page"}],"author":[{"embeddable":true,"href":"https:\/\/www.ntf.uni-lj.si\/omm\/wp-json\/wp\/v2\/users\/15"}],"replies":[{"embeddable":true,"href":"https:\/\/www.ntf.uni-lj.si\/omm\/wp-json\/wp\/v2\/comments?post=4474"}],"version-history":[{"count":35,"href":"https:\/\/www.ntf.uni-lj.si\/omm\/wp-json\/wp\/v2\/pages\/4474\/revisions"}],"predecessor-version":[{"id":11836,"href":"https:\/\/www.ntf.uni-lj.si\/omm\/wp-json\/wp\/v2\/pages\/4474\/revisions\/11836"}],"up":[{"embeddable":true,"href":"https:\/\/www.ntf.uni-lj.si\/omm\/wp-json\/wp\/v2\/pages\/4466"}],"wp:attachment":[{"href":"https:\/\/www.ntf.uni-lj.si\/omm\/wp-json\/wp\/v2\/media?parent=4474"}],"curies":[{"name":"wp","href":"https:\/\/api.w.org\/{rel}","templated":true}]}}