{"id":4493,"date":"2015-05-08T11:32:11","date_gmt":"2015-05-08T11:32:11","guid":{"rendered":"http:\/\/www.ntf.uni-lj.si\/omm\/?page_id=4493"},"modified":"2020-02-24T09:27:29","modified_gmt":"2020-02-24T08:27:29","slug":"nacin-ocenjevanja","status":"publish","type":"page","link":"https:\/\/www.ntf.uni-lj.si\/omm\/studij\/2-stopnja\/metalurgija-in-materiali-mag\/ostale-informacije\/nacin-ocenjevanja\/","title":{"rendered":"Na\u010din ocenjevanja"},"content":{"rendered":"<p><strong>Na\u010dini ocenjevanja<\/strong><\/p>\n<p>Znanje \u0161tudentov se preverja in ocenjuje po posameznih predmetih, tako da se u\u010dni proces pri vsakem predmetu kon\u010da s preverjanjem znanja, oziroma pridobljenih ve\u0161\u010din. Oblike preverjanja znanja (ustni oz. pisni izpit, kolokviji, seminarske naloge, prakti\u010dne naloge, projekti, vrstni\u0161ko ocenjevanje) so opredeljene v u\u010dnih na\u010drtih predmetov. Splo\u0161na pravila preverjanja znanja ureja Pravilnik o preverjanju in ocenjevanju znanja na UL NTF, ki ga potrjuje Senat NTF. Podrobnosti so dolo\u010dene s \u0161tudijskim redom.<\/p>\n<p>Izpitna ocena je ena, sestavljena iz ocen opravljenih predvidenih obveznostih \u0161tudenta pri predmetu. Pri tem mora biti vsaka obveznost ocenjena s pozitivno oceno. Znanje s podro\u010dja predavanj, ki se preverja na podlagi pisnega ali ustnega preverjanja znanja, seminarjev, doma\u010dih projektov in podobno, zna\u0161a skupaj najve\u010d 60 % skupne ocene.<\/p>\n<p>Znanje s podro\u010dja seminarjev, seminarskih vaj, laboratorijskih vaj in terenskih vaj ter drugo se lahko preverja na podlagi pisnega ali ustnega preverjanja znanja, seminarjev, doma\u010dih projektov, doma\u010dih nalog in podobno ter zna\u0161a skupaj vsaj 40% skupne ocene.<\/p>\n<p>&nbsp;<\/p>\n<p>Pri ocenjevanju se skladno s Statutom Univerze v Ljubljani uporablja ocenjevalna lestvica z ocenami:<\/p>\n<p>10 \u2013 (91-100 %: odli\u010dno: izjemni rezultati z zanemarljivimi napakami),<\/p>\n<p>9 \u2013 (81-90 %: prav dobro: nadpovpre\u010dno znanje, vendar z nekaj napakami),<\/p>\n<p>8 \u2013 (71-80 %: prav dobro: solidni rezultati),<\/p>\n<p>7 \u2013 (61-70 %: dobro: dobro znanje, vendar z ve\u010djimi napakami),<\/p>\n<p>6 \u2013 (51-60 %: zadostno: znanje ustreza minimalnim kriterijem),<\/p>\n<p>5 do 1 \u2013 (50 % in manj: nezadostno: znanje ne ustreza minimalnim kriterijem).<\/p>\n<p>Kandidat uspe\u0161no opravi preverjanje znanja, \u010de dobi oceno od zadostno (6) do odli\u010dno (10).<\/p>\n","protected":false},"excerpt":{"rendered":"Na\u010dini ocenjevanja Znanje \u0161tudentov se preverja in ocenjuje po posameznih predmetih, tako da se u\u010dni proces pri vsakem predmetu kon\u010da s preverjanjem znanja, oziroma pridobljenih ve\u0161\u010din. Oblike preverjanja znanja (ustni oz. pisni izpit, kolokviji, seminarske naloge, prakti\u010dne naloge, projekti, vrstni\u0161ko ocenjevanje) so opredeljene v u\u010dnih na\u010drtih predmetov. Splo\u0161na pravila preverjanja znanja ureja Pravilnik o preverjanju &#8230; <a class=\"view-article\" href=\"https:\/\/www.ntf.uni-lj.si\/omm\/studij\/2-stopnja\/metalurgija-in-materiali-mag\/ostale-informacije\/nacin-ocenjevanja\/\">Read more<\/a>","protected":false},"author":15,"featured_media":0,"parent":4487,"menu_order":10,"comment_status":"closed","ping_status":"closed","template":"","meta":[],"acf":[],"yoast_head":"<!-- This site is optimized with the Yoast SEO plugin v17.0 - https:\/\/yoast.com\/wordpress\/plugins\/seo\/ -->\n<meta name=\"robots\" content=\"index, follow, max-snippet:-1, max-image-preview:large, max-video-preview:-1\" \/>\n<link rel=\"canonical\" href=\"https:\/\/www.ntf.uni-lj.si\/omm\/studij\/2-stopnja\/metalurgija-in-materiali-mag\/ostale-informacije\/nacin-ocenjevanja\/\" \/>\n<meta property=\"og:locale\" content=\"en_US\" \/>\n<meta property=\"og:type\" content=\"article\" \/>\n<meta property=\"og:title\" content=\"Na\u010din ocenjevanja - OMM\" \/>\n<meta property=\"og:description\" content=\"Na\u010dini ocenjevanja Znanje \u0161tudentov se preverja in ocenjuje po posameznih predmetih, tako da se u\u010dni proces pri vsakem predmetu kon\u010da s preverjanjem znanja, oziroma pridobljenih ve\u0161\u010din. Oblike preverjanja znanja (ustni oz. pisni izpit, kolokviji, seminarske naloge, prakti\u010dne naloge, projekti, vrstni\u0161ko ocenjevanje) so opredeljene v u\u010dnih na\u010drtih predmetov. Splo\u0161na pravila preverjanja znanja ureja Pravilnik o preverjanju ... Read more\" \/>\n<meta property=\"og:url\" content=\"https:\/\/www.ntf.uni-lj.si\/omm\/studij\/2-stopnja\/metalurgija-in-materiali-mag\/ostale-informacije\/nacin-ocenjevanja\/\" \/>\n<meta property=\"og:site_name\" content=\"OMM\" \/>\n<meta property=\"article:modified_time\" content=\"2020-02-24T08:27:29+00:00\" \/>\n<meta name=\"twitter:label1\" content=\"Est. reading time\" \/>\n\t<meta name=\"twitter:data1\" content=\"1 minute\" \/>\n<script type=\"application\/ld+json\" class=\"yoast-schema-graph\">{\"@context\":\"https:\/\/schema.org\",\"@graph\":[{\"@type\":\"WebSite\",\"@id\":\"https:\/\/www.ntf.uni-lj.si\/omm\/#website\",\"url\":\"https:\/\/www.ntf.uni-lj.si\/omm\/\",\"name\":\"OMM\",\"description\":\"Oddelek za materiale in metalurgijo\",\"potentialAction\":[{\"@type\":\"SearchAction\",\"target\":{\"@type\":\"EntryPoint\",\"urlTemplate\":\"https:\/\/www.ntf.uni-lj.si\/omm\/?s={search_term_string}\"},\"query-input\":\"required name=search_term_string\"}],\"inLanguage\":\"en-US\"},{\"@type\":\"WebPage\",\"@id\":\"https:\/\/www.ntf.uni-lj.si\/omm\/studij\/2-stopnja\/metalurgija-in-materiali-mag\/ostale-informacije\/nacin-ocenjevanja\/#webpage\",\"url\":\"https:\/\/www.ntf.uni-lj.si\/omm\/studij\/2-stopnja\/metalurgija-in-materiali-mag\/ostale-informacije\/nacin-ocenjevanja\/\",\"name\":\"Na\\u010din ocenjevanja - OMM\",\"isPartOf\":{\"@id\":\"https:\/\/www.ntf.uni-lj.si\/omm\/#website\"},\"datePublished\":\"2015-05-08T11:32:11+00:00\",\"dateModified\":\"2020-02-24T08:27:29+00:00\",\"breadcrumb\":{\"@id\":\"https:\/\/www.ntf.uni-lj.si\/omm\/studij\/2-stopnja\/metalurgija-in-materiali-mag\/ostale-informacije\/nacin-ocenjevanja\/#breadcrumb\"},\"inLanguage\":\"en-US\",\"potentialAction\":[{\"@type\":\"ReadAction\",\"target\":[\"https:\/\/www.ntf.uni-lj.si\/omm\/studij\/2-stopnja\/metalurgija-in-materiali-mag\/ostale-informacije\/nacin-ocenjevanja\/\"]}]},{\"@type\":\"BreadcrumbList\",\"@id\":\"https:\/\/www.ntf.uni-lj.si\/omm\/studij\/2-stopnja\/metalurgija-in-materiali-mag\/ostale-informacije\/nacin-ocenjevanja\/#breadcrumb\",\"itemListElement\":[{\"@type\":\"ListItem\",\"position\":1,\"name\":\"Domov\",\"item\":\"https:\/\/www.ntf.uni-lj.si\/omm\/\"},{\"@type\":\"ListItem\",\"position\":2,\"name\":\"\\u0160tudij\",\"item\":\"https:\/\/www.ntf.uni-lj.si\/omm\/studij\/\"},{\"@type\":\"ListItem\",\"position\":3,\"name\":\"2. stopnja\",\"item\":\"https:\/\/www.ntf.uni-lj.si\/omm\/studij\/2-stopnja\/\"},{\"@type\":\"ListItem\",\"position\":4,\"name\":\"Metalurgija in materiali (MAG)\",\"item\":\"https:\/\/www.ntf.uni-lj.si\/omm\/studij\/2-stopnja\/metalurgija-in-materiali-mag\/\"},{\"@type\":\"ListItem\",\"position\":5,\"name\":\"Ostale informacije\",\"item\":\"https:\/\/www.ntf.uni-lj.si\/omm\/studij\/2-stopnja\/metalurgija-in-materiali-mag\/ostale-informacije\/\"},{\"@type\":\"ListItem\",\"position\":6,\"name\":\"Na\\u010din ocenjevanja\"}]}]}<\/script>\n<!-- \/ Yoast SEO plugin. -->","yoast_head_json":{"robots":{"index":"index","follow":"follow","max-snippet":"max-snippet:-1","max-image-preview":"max-image-preview:large","max-video-preview":"max-video-preview:-1"},"canonical":"https:\/\/www.ntf.uni-lj.si\/omm\/studij\/2-stopnja\/metalurgija-in-materiali-mag\/ostale-informacije\/nacin-ocenjevanja\/","og_locale":"en_US","og_type":"article","og_title":"Na\u010din ocenjevanja - OMM","og_description":"Na\u010dini ocenjevanja Znanje \u0161tudentov se preverja in ocenjuje po posameznih predmetih, tako da se u\u010dni proces pri vsakem predmetu kon\u010da s preverjanjem znanja, oziroma pridobljenih ve\u0161\u010din. Oblike preverjanja znanja (ustni oz. pisni izpit, kolokviji, seminarske naloge, prakti\u010dne naloge, projekti, vrstni\u0161ko ocenjevanje) so opredeljene v u\u010dnih na\u010drtih predmetov. Splo\u0161na pravila preverjanja znanja ureja Pravilnik o preverjanju ... Read more","og_url":"https:\/\/www.ntf.uni-lj.si\/omm\/studij\/2-stopnja\/metalurgija-in-materiali-mag\/ostale-informacije\/nacin-ocenjevanja\/","og_site_name":"OMM","article_modified_time":"2020-02-24T08:27:29+00:00","twitter_misc":{"Est. reading time":"1 minute"},"schema":{"@context":"https:\/\/schema.org","@graph":[{"@type":"WebSite","@id":"https:\/\/www.ntf.uni-lj.si\/omm\/#website","url":"https:\/\/www.ntf.uni-lj.si\/omm\/","name":"OMM","description":"Oddelek za materiale in metalurgijo","potentialAction":[{"@type":"SearchAction","target":{"@type":"EntryPoint","urlTemplate":"https:\/\/www.ntf.uni-lj.si\/omm\/?s={search_term_string}"},"query-input":"required name=search_term_string"}],"inLanguage":"en-US"},{"@type":"WebPage","@id":"https:\/\/www.ntf.uni-lj.si\/omm\/studij\/2-stopnja\/metalurgija-in-materiali-mag\/ostale-informacije\/nacin-ocenjevanja\/#webpage","url":"https:\/\/www.ntf.uni-lj.si\/omm\/studij\/2-stopnja\/metalurgija-in-materiali-mag\/ostale-informacije\/nacin-ocenjevanja\/","name":"Na\u010din ocenjevanja - OMM","isPartOf":{"@id":"https:\/\/www.ntf.uni-lj.si\/omm\/#website"},"datePublished":"2015-05-08T11:32:11+00:00","dateModified":"2020-02-24T08:27:29+00:00","breadcrumb":{"@id":"https:\/\/www.ntf.uni-lj.si\/omm\/studij\/2-stopnja\/metalurgija-in-materiali-mag\/ostale-informacije\/nacin-ocenjevanja\/#breadcrumb"},"inLanguage":"en-US","potentialAction":[{"@type":"ReadAction","target":["https:\/\/www.ntf.uni-lj.si\/omm\/studij\/2-stopnja\/metalurgija-in-materiali-mag\/ostale-informacije\/nacin-ocenjevanja\/"]}]},{"@type":"BreadcrumbList","@id":"https:\/\/www.ntf.uni-lj.si\/omm\/studij\/2-stopnja\/metalurgija-in-materiali-mag\/ostale-informacije\/nacin-ocenjevanja\/#breadcrumb","itemListElement":[{"@type":"ListItem","position":1,"name":"Domov","item":"https:\/\/www.ntf.uni-lj.si\/omm\/"},{"@type":"ListItem","position":2,"name":"\u0160tudij","item":"https:\/\/www.ntf.uni-lj.si\/omm\/studij\/"},{"@type":"ListItem","position":3,"name":"2. stopnja","item":"https:\/\/www.ntf.uni-lj.si\/omm\/studij\/2-stopnja\/"},{"@type":"ListItem","position":4,"name":"Metalurgija in materiali (MAG)","item":"https:\/\/www.ntf.uni-lj.si\/omm\/studij\/2-stopnja\/metalurgija-in-materiali-mag\/"},{"@type":"ListItem","position":5,"name":"Ostale informacije","item":"https:\/\/www.ntf.uni-lj.si\/omm\/studij\/2-stopnja\/metalurgija-in-materiali-mag\/ostale-informacije\/"},{"@type":"ListItem","position":6,"name":"Na\u010din ocenjevanja"}]}]}},"_links":{"self":[{"href":"https:\/\/www.ntf.uni-lj.si\/omm\/wp-json\/wp\/v2\/pages\/4493"}],"collection":[{"href":"https:\/\/www.ntf.uni-lj.si\/omm\/wp-json\/wp\/v2\/pages"}],"about":[{"href":"https:\/\/www.ntf.uni-lj.si\/omm\/wp-json\/wp\/v2\/types\/page"}],"author":[{"embeddable":true,"href":"https:\/\/www.ntf.uni-lj.si\/omm\/wp-json\/wp\/v2\/users\/15"}],"replies":[{"embeddable":true,"href":"https:\/\/www.ntf.uni-lj.si\/omm\/wp-json\/wp\/v2\/comments?post=4493"}],"version-history":[{"count":3,"href":"https:\/\/www.ntf.uni-lj.si\/omm\/wp-json\/wp\/v2\/pages\/4493\/revisions"}],"predecessor-version":[{"id":9304,"href":"https:\/\/www.ntf.uni-lj.si\/omm\/wp-json\/wp\/v2\/pages\/4493\/revisions\/9304"}],"up":[{"embeddable":true,"href":"https:\/\/www.ntf.uni-lj.si\/omm\/wp-json\/wp\/v2\/pages\/4487"}],"wp:attachment":[{"href":"https:\/\/www.ntf.uni-lj.si\/omm\/wp-json\/wp\/v2\/media?parent=4493"}],"curies":[{"name":"wp","href":"https:\/\/api.w.org\/{rel}","templated":true}]}}