{"id":12064,"date":"2018-06-07T10:51:06","date_gmt":"2018-06-07T08:51:06","guid":{"rendered":"http:\/\/www.ntf.uni-lj.si\/oto\/?post_type=event&#038;p=12064"},"modified":"2018-06-07T11:00:43","modified_gmt":"2018-06-07T09:00:43","slug":"the-living-room-project","status":"publish","type":"event","link":"https:\/\/www.ntf.uni-lj.si\/oto\/event\/the-living-room-project\/","title":{"rendered":"THE LIVING ROOM PROJECT"},"content":{"rendered":"<p><strong>THE LIVING ROOM PROJECT<\/strong><br \/>\n<strong>Visiting project at Counterpoints Arts<\/strong><br \/>\n<strong>TERRA VERA <\/strong><\/p>\n<p><strong>WHO ARE WE?<\/strong><br \/>\n<strong>TATE MODERN<\/strong><br \/>\n<strong>Tate Exchange<\/strong><\/p>\n<p>&nbsp;<br \/>\n<strong>Od 22. do 27. maja je v Tate Modern v Londonu potekal dogodek in razstava WHO ARE WE?, na kateri je sodelovala tudi Katedra za oblikovanje tekstilij in obla\u010dil Naravoslovnotehni\u0161ke fakultete Univerze v Ljubljani.<\/strong><\/p>\n<p><strong>Na povabilo britanske organizacije Counterpoints Arts se je kot eden redkih tujih gostov predstavilo Dru\u0161tvo za trajnostni razvoj Terra Vera s projektom Dnevna soba \/The Living Room Project\/.<\/strong><\/p>\n<p><strong>Dnevna soba je prostor ustvarjalnih sre\u010danj med begunci in lokalnimi ustvarjalci. Projekt je nastal v letu 2017. Oktobra istega leta je bil predstavljen v kreativnem centru Poligon kot spremljevalni dogodek Bienala oblikovanja BIO 25. Odzivi na razstavo so bili odli\u010dni in velika \u010dast je, da je celoten projekt bil predstavljen tudi v tako etablirani ustanovi, kot je londonski Tate Modern.<\/strong><br \/>\n<strong>Katedra za oblikovanje tekstilij in obla\u010dil je sodelovala s tremi izdelki: vise\u010do mre\u017eo, multifunkcionalno potovalno torbo in tepihom, dogodek pa je vklju\u010deval tudi delavnico vozlanja.<\/strong><\/p>\n<p>Sodelujo\u010di z Naravoslovnotehni\u0161ke fakultete: prof. Marija Jenko, izr. prof. Elena Fajt, asist. Petja Zorec, teh. sod. Alenka More, teh. sod. Marjeta \u010cuk in \u0161tudenti: Denis Luke\u0161evi\u0107, Tara Lombergar, Kaja Repen\u0161ek, Pia Gori\u0161ek, Darija Bati\u010d, Ina Had\u017eisulejmanovi\u0107, Polona \u0160avc, Teja Rojnik.<br \/>\nOstali sodelujo\u010di: Jana Milovanovi\u0107, Samira Kentri\u0107, Palmas Ngen, Martina Obid Mlakar, Erfan Mohseni, Ilir Halili, Rojin Mohammad, Amjad Al-Achkar, Moutaz Bara, Kristina Drnov\u0161ek ter Prostor vmes: Lara Gligi\u0107, Teja Gorjup, Laura Klenov\u0161ek, Ne\u017ea Kro\u0161el.<\/p>\n<p>&nbsp;<br \/>\n<strong>Fotografije:<\/strong> Prostor Vmes, Tara Lombergar, Pia Gori\u0161ek.<\/p>\n<p><strong>Povezave:<\/strong><\/p>\n<p><a href=\"http:\/\/www.tate.org.uk\/whats-on\/tate-modern\/tate-exchange\/workshop\/who-are-we\">Tate Modern Museum<\/a><\/p>\n<p><a href=\"https:\/\/www.whoareweproject.com\/\"> WHO ARE WE?<\/a><\/p>\n<p><a href=\"http:\/\/counterpointsarts.org.uk\/\">Counterpointnts Arts<\/a><\/p>\n<p><a href=\"http:\/\/www.terra-vera.org\/\">Dru\u0161tvo Terra Vera<\/a><\/p>\n","protected":false},"excerpt":{"rendered":"THE LIVING ROOM PROJECT Visiting project at Counterpoints Arts TERRA VERA WHO ARE WE? TATE MODERN Tate Exchange &nbsp; Od 22. do 27. maja je v Tate Modern v Londonu potekal dogodek in razstava WHO ARE WE?, na kateri je sodelovala tudi Katedra za oblikovanje tekstilij in obla\u010dil Naravoslovnotehni\u0161ke fakultete Univerze v Ljubljani. Na povabilo &#8230; <a class=\"view-article\" href=\"https:\/\/www.ntf.uni-lj.si\/oto\/event\/the-living-room-project\/\">Read more<\/a>","protected":false},"author":27,"featured_media":12068,"template":"","acf":[],"yoast_head":"<!-- This site is optimized with the Yoast SEO plugin v17.0 - https:\/\/yoast.com\/wordpress\/plugins\/seo\/ -->\n<meta name=\"robots\" content=\"index, follow, max-snippet:-1, max-image-preview:large, max-video-preview:-1\" \/>\n<link rel=\"canonical\" href=\"https:\/\/www.ntf.uni-lj.si\/oto\/event\/the-living-room-project\/\" \/>\n<meta property=\"og:locale\" content=\"en_US\" \/>\n<meta property=\"og:type\" content=\"article\" \/>\n<meta property=\"og:title\" content=\"THE LIVING ROOM PROJECT - OTO\" \/>\n<meta property=\"og:description\" content=\"THE LIVING ROOM PROJECT Visiting project at Counterpoints Arts TERRA VERA WHO ARE WE? TATE MODERN Tate Exchange &nbsp; Od 22. do 27. maja je v Tate Modern v Londonu potekal dogodek in razstava WHO ARE WE?, na kateri je sodelovala tudi Katedra za oblikovanje tekstilij in obla\u010dil Naravoslovnotehni\u0161ke fakultete Univerze v Ljubljani. Na povabilo ... Read more\" \/>\n<meta property=\"og:url\" content=\"https:\/\/www.ntf.uni-lj.si\/oto\/event\/the-living-room-project\/\" \/>\n<meta property=\"og:site_name\" content=\"OTO\" \/>\n<meta property=\"article:modified_time\" content=\"2018-06-07T09:00:43+00:00\" \/>\n<meta property=\"og:image\" content=\"https:\/\/www.ntf.uni-lj.si\/oto\/wp-content\/uploads\/sites\/6\/2018\/06\/Tate-4-.jpg\" \/>\n\t<meta property=\"og:image:width\" content=\"2000\" \/>\n\t<meta property=\"og:image:height\" content=\"1333\" \/>\n<meta name=\"twitter:label1\" content=\"Est. reading time\" \/>\n\t<meta name=\"twitter:data1\" content=\"1 minute\" \/>\n<script type=\"application\/ld+json\" class=\"yoast-schema-graph\">{\"@context\":\"https:\/\/schema.org\",\"@graph\":[{\"@type\":\"WebSite\",\"@id\":\"https:\/\/www.ntf.uni-lj.si\/oto\/en\/#website\",\"url\":\"https:\/\/www.ntf.uni-lj.si\/oto\/en\/\",\"name\":\"OTO\",\"description\":\"Katedra za oblikovanje tekstilij in obla\\u010dil\",\"potentialAction\":[{\"@type\":\"SearchAction\",\"target\":{\"@type\":\"EntryPoint\",\"urlTemplate\":\"https:\/\/www.ntf.uni-lj.si\/oto\/en\/?s={search_term_string}\"},\"query-input\":\"required name=search_term_string\"}],\"inLanguage\":\"en-US\"},{\"@type\":\"ImageObject\",\"@id\":\"https:\/\/www.ntf.uni-lj.si\/oto\/event\/the-living-room-project\/#primaryimage\",\"inLanguage\":\"en-US\",\"url\":\"https:\/\/www.ntf.uni-lj.si\/oto\/wp-content\/uploads\/sites\/6\/2018\/06\/Tate-4-.jpg\",\"contentUrl\":\"https:\/\/www.ntf.uni-lj.si\/oto\/wp-content\/uploads\/sites\/6\/2018\/06\/Tate-4-.jpg\",\"width\":2000,\"height\":1333},{\"@type\":\"WebPage\",\"@id\":\"https:\/\/www.ntf.uni-lj.si\/oto\/event\/the-living-room-project\/#webpage\",\"url\":\"https:\/\/www.ntf.uni-lj.si\/oto\/event\/the-living-room-project\/\",\"name\":\"THE LIVING ROOM PROJECT - OTO\",\"isPartOf\":{\"@id\":\"https:\/\/www.ntf.uni-lj.si\/oto\/en\/#website\"},\"primaryImageOfPage\":{\"@id\":\"https:\/\/www.ntf.uni-lj.si\/oto\/event\/the-living-room-project\/#primaryimage\"},\"datePublished\":\"2018-06-07T08:51:06+00:00\",\"dateModified\":\"2018-06-07T09:00:43+00:00\",\"breadcrumb\":{\"@id\":\"https:\/\/www.ntf.uni-lj.si\/oto\/event\/the-living-room-project\/#breadcrumb\"},\"inLanguage\":\"en-US\",\"potentialAction\":[{\"@type\":\"ReadAction\",\"target\":[\"https:\/\/www.ntf.uni-lj.si\/oto\/event\/the-living-room-project\/\"]}]},{\"@type\":\"BreadcrumbList\",\"@id\":\"https:\/\/www.ntf.uni-lj.si\/oto\/event\/the-living-room-project\/#breadcrumb\",\"itemListElement\":[{\"@type\":\"ListItem\",\"position\":1,\"name\":\"Home\",\"item\":\"https:\/\/www.ntf.uni-lj.si\/oto\/en\/\"},{\"@type\":\"ListItem\",\"position\":2,\"name\":\"Events\",\"item\":\"https:\/\/www.ntf.uni-lj.si\/oto\/en\/event\/\"},{\"@type\":\"ListItem\",\"position\":3,\"name\":\"THE LIVING ROOM PROJECT\"}]}]}<\/script>\n<!-- \/ Yoast SEO plugin. -->","yoast_head_json":{"robots":{"index":"index","follow":"follow","max-snippet":"max-snippet:-1","max-image-preview":"max-image-preview:large","max-video-preview":"max-video-preview:-1"},"canonical":"https:\/\/www.ntf.uni-lj.si\/oto\/event\/the-living-room-project\/","og_locale":"en_US","og_type":"article","og_title":"THE LIVING ROOM PROJECT - OTO","og_description":"THE LIVING ROOM PROJECT Visiting project at Counterpoints Arts TERRA VERA WHO ARE WE? TATE MODERN Tate Exchange &nbsp; Od 22. do 27. maja je v Tate Modern v Londonu potekal dogodek in razstava WHO ARE WE?, na kateri je sodelovala tudi Katedra za oblikovanje tekstilij in obla\u010dil Naravoslovnotehni\u0161ke fakultete Univerze v Ljubljani. Na povabilo ... Read more","og_url":"https:\/\/www.ntf.uni-lj.si\/oto\/event\/the-living-room-project\/","og_site_name":"OTO","article_modified_time":"2018-06-07T09:00:43+00:00","og_image":[{"width":2000,"height":1333,"url":"https:\/\/www.ntf.uni-lj.si\/oto\/wp-content\/uploads\/sites\/6\/2018\/06\/Tate-4-.jpg","path":"\/web\/html\/ntf\/public_html\/wp-content\/uploads\/sites\/6\/2018\/06\/Tate-4-.jpg","size":"full","id":12068,"alt":"","pixels":2666000,"type":"image\/jpeg"}],"twitter_misc":{"Est. reading time":"1 minute"},"schema":{"@context":"https:\/\/schema.org","@graph":[{"@type":"WebSite","@id":"https:\/\/www.ntf.uni-lj.si\/oto\/en\/#website","url":"https:\/\/www.ntf.uni-lj.si\/oto\/en\/","name":"OTO","description":"Katedra za oblikovanje tekstilij in obla\u010dil","potentialAction":[{"@type":"SearchAction","target":{"@type":"EntryPoint","urlTemplate":"https:\/\/www.ntf.uni-lj.si\/oto\/en\/?s={search_term_string}"},"query-input":"required name=search_term_string"}],"inLanguage":"en-US"},{"@type":"ImageObject","@id":"https:\/\/www.ntf.uni-lj.si\/oto\/event\/the-living-room-project\/#primaryimage","inLanguage":"en-US","url":"https:\/\/www.ntf.uni-lj.si\/oto\/wp-content\/uploads\/sites\/6\/2018\/06\/Tate-4-.jpg","contentUrl":"https:\/\/www.ntf.uni-lj.si\/oto\/wp-content\/uploads\/sites\/6\/2018\/06\/Tate-4-.jpg","width":2000,"height":1333},{"@type":"WebPage","@id":"https:\/\/www.ntf.uni-lj.si\/oto\/event\/the-living-room-project\/#webpage","url":"https:\/\/www.ntf.uni-lj.si\/oto\/event\/the-living-room-project\/","name":"THE LIVING ROOM PROJECT - OTO","isPartOf":{"@id":"https:\/\/www.ntf.uni-lj.si\/oto\/en\/#website"},"primaryImageOfPage":{"@id":"https:\/\/www.ntf.uni-lj.si\/oto\/event\/the-living-room-project\/#primaryimage"},"datePublished":"2018-06-07T08:51:06+00:00","dateModified":"2018-06-07T09:00:43+00:00","breadcrumb":{"@id":"https:\/\/www.ntf.uni-lj.si\/oto\/event\/the-living-room-project\/#breadcrumb"},"inLanguage":"en-US","potentialAction":[{"@type":"ReadAction","target":["https:\/\/www.ntf.uni-lj.si\/oto\/event\/the-living-room-project\/"]}]},{"@type":"BreadcrumbList","@id":"https:\/\/www.ntf.uni-lj.si\/oto\/event\/the-living-room-project\/#breadcrumb","itemListElement":[{"@type":"ListItem","position":1,"name":"Home","item":"https:\/\/www.ntf.uni-lj.si\/oto\/en\/"},{"@type":"ListItem","position":2,"name":"Events","item":"https:\/\/www.ntf.uni-lj.si\/oto\/en\/event\/"},{"@type":"ListItem","position":3,"name":"THE LIVING ROOM PROJECT"}]}]}},"_links":{"self":[{"href":"https:\/\/www.ntf.uni-lj.si\/oto\/wp-json\/wp\/v2\/event\/12064"}],"collection":[{"href":"https:\/\/www.ntf.uni-lj.si\/oto\/wp-json\/wp\/v2\/event"}],"about":[{"href":"https:\/\/www.ntf.uni-lj.si\/oto\/wp-json\/wp\/v2\/types\/event"}],"author":[{"embeddable":true,"href":"https:\/\/www.ntf.uni-lj.si\/oto\/wp-json\/wp\/v2\/users\/27"}],"version-history":[{"count":7,"href":"https:\/\/www.ntf.uni-lj.si\/oto\/wp-json\/wp\/v2\/event\/12064\/revisions"}],"predecessor-version":[{"id":12085,"href":"https:\/\/www.ntf.uni-lj.si\/oto\/wp-json\/wp\/v2\/event\/12064\/revisions\/12085"}],"wp:featuredmedia":[{"embeddable":true,"href":"https:\/\/www.ntf.uni-lj.si\/oto\/wp-json\/wp\/v2\/media\/12068"}],"wp:attachment":[{"href":"https:\/\/www.ntf.uni-lj.si\/oto\/wp-json\/wp\/v2\/media?parent=12064"}],"curies":[{"name":"wp","href":"https:\/\/api.w.org\/{rel}","templated":true}]}}

<p><strong>THE LIVING ROOM PROJECT</strong><br />
<strong>Visiting project at Counterpoints Arts</strong><br />
<strong>TERRA VERA </strong></p>
<p><strong>WHO ARE WE?</strong><br />
<strong>TATE MODERN</strong><br />
<strong>Tate Exchange</strong></p>
<p>&nbsp;<br />
<strong>Od 22. do 27. maja je v Tate Modern v Londonu potekal dogodek in razstava WHO ARE WE?, na kateri je sodelovala tudi Katedra za oblikovanje tekstilij in oblačil Naravoslovnotehniške fakultete Univerze v Ljubljani.</strong></p>
<p><strong>Na povabilo britanske organizacije Counterpoints Arts se je kot eden redkih tujih gostov predstavilo Društvo za trajnostni razvoj Terra Vera s projektom Dnevna soba /The Living Room Project/.</strong></p>
<p><strong>Dnevna soba je prostor ustvarjalnih srečanj med begunci in lokalnimi ustvarjalci. Projekt je nastal v letu 2017. Oktobra istega leta je bil predstavljen v kreativnem centru Poligon kot spremljevalni dogodek Bienala oblikovanja BIO 25. Odzivi na razstavo so bili odlični in velika čast je, da je celoten projekt bil predstavljen tudi v tako etablirani ustanovi, kot je londonski Tate Modern.</strong><br />
<strong>Katedra za oblikovanje tekstilij in oblačil je sodelovala s tremi izdelki: visečo mrežo, multifunkcionalno potovalno torbo in tepihom, dogodek pa je vključeval tudi delavnico vozlanja.</strong></p>
<p>Sodelujoči z Naravoslovnotehniške fakultete: prof. Marija Jenko, izr. prof. Elena Fajt, asist. Petja Zorec, teh. sod. Alenka More, teh. sod. Marjeta Čuk in študenti: Denis Lukešević, Tara Lombergar, Kaja Repenšek, Pia Gorišek, Darija Batič, Ina Hadžisulejmanović, Polona Šavc, Teja Rojnik.<br />
Ostali sodelujoči: Jana Milovanović, Samira Kentrić, Palmas Ngen, Martina Obid Mlakar, Erfan Mohseni, Ilir Halili, Rojin Mohammad, Amjad Al-Achkar, Moutaz Bara, Kristina Drnovšek ter Prostor vmes: Lara Gligić, Teja Gorjup, Laura Klenovšek, Neža Krošel.</p>
<p>&nbsp;<br />
<strong>Fotografije:</strong> Prostor Vmes, Tara Lombergar, Pia Gorišek.</p>
<p><strong>Povezave:</strong></p>
<p><a href="http://www.tate.org.uk/whats-on/tate-modern/tate-exchange/workshop/who-are-we">Tate Modern Museum</a></p>
<p><a href="https://www.whoareweproject.com/"> WHO ARE WE?</a></p>
<p><a href="http://counterpointsarts.org.uk/">Counterpointnts Arts</a></p>
<p><a href="http://www.terra-vera.org/">Društvo Terra Vera</a></p>

THE LIVING ROOM PROJECT Visiting project at Counterpoints Arts TERRA VERA WHO ARE WE? TATE MODERN Tate Exchange &nbsp; Od 22. do 27. maja je v Tate Modern v Londonu potekal dogodek in razstava WHO ARE WE?, na kateri je sodelovala tudi Katedra za oblikovanje tekstilij in oblačil Naravoslovnotehniške fakultete Univerze v Ljubljani. Na povabilo &#8230; <a class="view-article" href="https://www.ntf.uni-lj.si/oto/event/the-living-room-project/">Read more</a>

<!-- This site is optimized with the Yoast SEO plugin v17.0 - https://yoast.com/wordpress/plugins/seo/ -->
<meta name="robots" content="index, follow, max-snippet:-1, max-image-preview:large, max-video-preview:-1" />
<link rel="canonical" href="https://www.ntf.uni-lj.si/oto/event/the-living-room-project/" />
<meta property="og:locale" content="en_US" />
<meta property="og:type" content="article" />
<meta property="og:title" content="THE LIVING ROOM PROJECT - OTO" />
<meta property="og:description" content="THE LIVING ROOM PROJECT Visiting project at Counterpoints Arts TERRA VERA WHO ARE WE? TATE MODERN Tate Exchange &nbsp; Od 22. do 27. maja je v Tate Modern v Londonu potekal dogodek in razstava WHO ARE WE?, na kateri je sodelovala tudi Katedra za oblikovanje tekstilij in oblačil Naravoslovnotehniške fakultete Univerze v Ljubljani. Na povabilo ... Read more" />
<meta property="og:url" content="https://www.ntf.uni-lj.si/oto/event/the-living-room-project/" />
<meta property="og:site_name" content="OTO" />
<meta property="article:modified_time" content="2018-06-07T09:00:43+00:00" />
<meta property="og:image" content="https://www.ntf.uni-lj.si/oto/wp-content/uploads/sites/6/2018/06/Tate-4-.jpg" />
	<meta property="og:image:width" content="2000" />
	<meta property="og:image:height" content="1333" />
<meta name="twitter:label1" content="Est. reading time" />
	<meta name="twitter:data1" content="1 minute" />
<script type="application/ld+json" class="yoast-schema-graph">{"@context":"https://schema.org","@graph":[{"@type":"WebSite","@id":"https://www.ntf.uni-lj.si/oto/en/#website","url":"https://www.ntf.uni-lj.si/oto/en/","name":"OTO","description":"Katedra za oblikovanje tekstilij in obla\u010dil","potentialAction":[{"@type":"SearchAction","target":{"@type":"EntryPoint","urlTemplate":"https://www.ntf.uni-lj.si/oto/en/?s={search_term_string}"},"query-input":"required name=search_term_string"}],"inLanguage":"en-US"},{"@type":"ImageObject","@id":"https://www.ntf.uni-lj.si/oto/event/the-living-room-project/#primaryimage","inLanguage":"en-US","url":"https://www.ntf.uni-lj.si/oto/wp-content/uploads/sites/6/2018/06/Tate-4-.jpg","contentUrl":"https://www.ntf.uni-lj.si/oto/wp-content/uploads/sites/6/2018/06/Tate-4-.jpg","width":2000,"height":1333},{"@type":"WebPage","@id":"https://www.ntf.uni-lj.si/oto/event/the-living-room-project/#webpage","url":"https://www.ntf.uni-lj.si/oto/event/the-living-room-project/","name":"THE LIVING ROOM PROJECT - OTO","isPartOf":{"@id":"https://www.ntf.uni-lj.si/oto/en/#website"},"primaryImageOfPage":{"@id":"https://www.ntf.uni-lj.si/oto/event/the-living-room-project/#primaryimage"},"datePublished":"2018-06-07T08:51:06+00:00","dateModified":"2018-06-07T09:00:43+00:00","breadcrumb":{"@id":"https://www.ntf.uni-lj.si/oto/event/the-living-room-project/#breadcrumb"},"inLanguage":"en-US","potentialAction":[{"@type":"ReadAction","target":["https://www.ntf.uni-lj.si/oto/event/the-living-room-project/"]}]},{"@type":"BreadcrumbList","@id":"https://www.ntf.uni-lj.si/oto/event/the-living-room-project/#breadcrumb","itemListElement":[{"@type":"ListItem","position":1,"name":"Home","item":"https://www.ntf.uni-lj.si/oto/en/"},{"@type":"ListItem","position":2,"name":"Events","item":"https://www.ntf.uni-lj.si/oto/en/event/"},{"@type":"ListItem","position":3,"name":"THE LIVING ROOM PROJECT"}]}]}</script>
<!-- / Yoast SEO plugin. -->

THE LIVING ROOM PROJECT Visiting project at Counterpoints Arts TERRA VERA WHO ARE WE? TATE MODERN Tate Exchange &nbsp; Od 22. do 27. maja je v Tate Modern v Londonu potekal dogodek in razstava WHO ARE WE?, na kateri je sodelovala tudi Katedra za oblikovanje tekstilij in oblačil Naravoslovnotehniške fakultete Univerze v Ljubljani. Na povabilo ... Read more

Katedra za oblikovanje tekstilij in oblačil
