{"id":21535,"date":"2024-02-05T10:31:34","date_gmt":"2024-02-05T09:31:34","guid":{"rendered":"https:\/\/www.ntf.uni-lj.si\/oto\/?post_type=event&#038;p=21535"},"modified":"2024-02-05T10:36:21","modified_gmt":"2024-02-05T09:36:21","slug":"adam-eva-bog-in-kaca","status":"publish","type":"event","link":"https:\/\/www.ntf.uni-lj.si\/oto\/event\/adam-eva-bog-in-kaca\/","title":{"rendered":"ADAM, EVA, BOG IN KA\u010cA"},"content":{"rendered":"<p>Razstava kostumskih skic za uprizoritev teme:\u00a0 ADAM, EVA, BOG IN KA\u010cA<\/p>\n<p>\u0160tudentke so skozi tematiko mita o prvih ljudeh in izgonu iz raja, raziskovali pojme kot so <strong>avtoriteta, sku\u0161njava, kazen, preobrazba&#8230;<br \/>\n<\/strong>Osnovno temo so posodobili in dramatur\u0161ko aplicirali na dana\u0161nji \u010das in sodobne izzive kot so:<br \/>\n<strong>umetna inteligenca, robotizacija, uni\u010devanje amazonskega pragozda, pritiski socialnih omre\u017eij, barbifikacija estetskega ideala, estetske plasti\u010dne operacije, genske manipulacije ipd.<\/strong><\/p>\n<p>\u0160tudentje 2. letnika OTOM\u00a0 pri predmetu Oblikovanje kostumov:<br \/>\n\u0160tudentke:<strong> Kaja \u010cotar, Kaja \u010cufer, Nika Godec, Nina Gori\u0161ek, Katarina Ekart, Tasja Videm\u0161ek, Kristi Komel, Ivana Jovanovi\u0107<\/strong><\/p>\n<p>Mentorica: <strong>red. prof. Karin Ko\u0161ak<\/strong><\/p>\n<p>Lokacija:<strong> Mitnica<\/strong>, Sne\u017eni\u0161ka 5<\/p>\n<p>Datum, \u010das trajanja: <strong>5. 2. &#8211; 5.\u00a0 3. 2024<\/strong><\/p>\n","protected":false},"excerpt":{"rendered":"Razstava kostumskih skic za uprizoritev teme:\u00a0 ADAM, EVA, BOG IN KA\u010cA \u0160tudentke so skozi tematiko mita o prvih ljudeh in izgonu iz raja, raziskovali pojme kot so avtoriteta, sku\u0161njava, kazen, preobrazba&#8230; Osnovno temo so posodobili in dramatur\u0161ko aplicirali na dana\u0161nji \u010das in sodobne izzive kot so: umetna inteligenca, robotizacija, uni\u010devanje amazonskega pragozda, pritiski socialnih omre\u017eij, &#8230; <a class=\"view-article\" href=\"https:\/\/www.ntf.uni-lj.si\/oto\/event\/adam-eva-bog-in-kaca\/\">Read more<\/a>","protected":false},"author":49,"featured_media":21549,"template":"","class_list":["post-21535","event","type-event","status-publish","has-post-thumbnail","hentry"],"acf":[],"_links":{"self":[{"href":"https:\/\/www.ntf.uni-lj.si\/oto\/wp-json\/wp\/v2\/event\/21535","targetHints":{"allow":["GET"]}}],"collection":[{"href":"https:\/\/www.ntf.uni-lj.si\/oto\/wp-json\/wp\/v2\/event"}],"about":[{"href":"https:\/\/www.ntf.uni-lj.si\/oto\/wp-json\/wp\/v2\/types\/event"}],"author":[{"embeddable":true,"href":"https:\/\/www.ntf.uni-lj.si\/oto\/wp-json\/wp\/v2\/users\/49"}],"version-history":[{"count":6,"href":"https:\/\/www.ntf.uni-lj.si\/oto\/wp-json\/wp\/v2\/event\/21535\/revisions"}],"predecessor-version":[{"id":21585,"href":"https:\/\/www.ntf.uni-lj.si\/oto\/wp-json\/wp\/v2\/event\/21535\/revisions\/21585"}],"wp:featuredmedia":[{"embeddable":true,"href":"https:\/\/www.ntf.uni-lj.si\/oto\/wp-json\/wp\/v2\/media\/21549"}],"wp:attachment":[{"href":"https:\/\/www.ntf.uni-lj.si\/oto\/wp-json\/wp\/v2\/media?parent=21535"}],"curies":[{"name":"wp","href":"https:\/\/api.w.org\/{rel}","templated":true}]}}

ADAM, EVA, BOG IN KAČA

<p>Razstava kostumskih skic za uprizoritev teme:  ADAM, EVA, BOG IN KAČA</p>
<p>Študentke so skozi tematiko mita o prvih ljudeh in izgonu iz raja, raziskovali pojme kot so <strong>avtoriteta, skušnjava, kazen, preobrazba&#8230;<br />
</strong>Osnovno temo so posodobili in dramaturško aplicirali na današnji čas in sodobne izzive kot so:<br />
<strong>umetna inteligenca, robotizacija, uničevanje amazonskega pragozda, pritiski socialnih omrežij, barbifikacija estetskega ideala, estetske plastične operacije, genske manipulacije ipd.</strong></p>
<p>Študentje 2. letnika OTOM  pri predmetu Oblikovanje kostumov:<br />
Študentke:<strong> Kaja Čotar, Kaja Čufer, Nika Godec, Nina Gorišek, Katarina Ekart, Tasja Videmšek, Kristi Komel, Ivana Jovanović</strong></p>
<p>Mentorica: <strong>red. prof. Karin Košak</strong></p>
<p>Lokacija:<strong> Mitnica</strong>, Snežniška 5</p>
<p>Datum, čas trajanja: <strong>5. 2. &#8211; 5.  3. 2024</strong></p>

Razstava kostumskih skic za uprizoritev teme:  ADAM, EVA, BOG IN KAČA Študentke so skozi tematiko mita o prvih ljudeh in izgonu iz raja, raziskovali pojme kot so avtoriteta, skušnjava, kazen, preobrazba&#8230; Osnovno temo so posodobili in dramaturško aplicirali na današnji čas in sodobne izzive kot so: umetna inteligenca, robotizacija, uničevanje amazonskega pragozda, pritiski socialnih omrežij, &#8230; <a class="view-article" href="https://www.ntf.uni-lj.si/oto/event/adam-eva-bog-in-kaca/">Read more</a>
