{"id":23924,"date":"2025-06-10T10:12:42","date_gmt":"2025-06-10T08:12:42","guid":{"rendered":"https:\/\/www.ntf.uni-lj.si\/oto\/?post_type=event&#038;p=23924"},"modified":"2025-06-10T14:00:38","modified_gmt":"2025-06-10T12:00:38","slug":"bien-2025-bienale-tekstilne-umetnosti","status":"publish","type":"event","link":"https:\/\/www.ntf.uni-lj.si\/oto\/event\/bien-2025-bienale-tekstilne-umetnosti\/","title":{"rendered":"BIEN 2025, bienale tekstilne umetnosti"},"content":{"rendered":"<p>V teku je <a href=\"https:\/\/layer.si\/bien\/\" target=\"_blank\" rel=\"noopener\"><strong>BIEN 2025<\/strong><\/a>, bienale tekstilne umetnosti, ki med 31. majem in 14. avgustom 2025 znova o\u017eivlja mestne prostore Kranja in drugih sodelujo\u010dih mest z razstavami in projekti sodobne tekstilne umetnosti.<\/p>\n<p>Leto\u0161nji bienale razmi\u0161lja o dedi\u0161\u010dini, ohranjanju in trajnosti, skozi temo <strong>zrak<\/strong> \u2013 kot nevidni nosilec, skupni element in dragocen vir, ki nas povezuje in hkrati opozarja na nujnost odgovornega ravnanja z okoljem.<\/p>\n<p><strong>Odprtja razstav BIEN 2025:<\/strong><\/p>\n<ul>\n<li><strong>Kranj<\/strong> \u2013 31. maj 2025<\/li>\n<li><strong>Jesenice<\/strong> \u2013 4. junij 2025<\/li>\n<li><strong>Idrija<\/strong> \u2013 7. junij 2025<\/li>\n<li><strong>\u0160kofja Loka<\/strong> \u2013 11. junij 2025<\/li>\n<li><strong>Nova Gorica \/ Gorizia<\/strong> \u2013 20. in 21. junij 2025<\/li>\n<\/ul>\n<p>BIEN 2025 ponuja raznolik vpogled v sodobno tekstilno umetnost, ki se prepleta z lokalnim okoljem in globalnimi vpra\u0161anji. Razstave si lahko ogledate vse do <strong>14. avgusta 2025<\/strong>.<\/p>\n<p><em>Vabljeni, da se pridru\u017eite in do\u017eivite umetnost v gibanju \u2013 v mestih, med nitmi in v zraku.<\/em><\/p>\n<p>Fotografija: Ma\u0161a Pirc <\/p>\n","protected":false},"excerpt":{"rendered":"V teku je BIEN 2025, bienale tekstilne umetnosti, ki med 31. majem in 14. avgustom 2025 znova o\u017eivlja mestne prostore Kranja in drugih sodelujo\u010dih mest z razstavami in projekti sodobne tekstilne umetnosti. Leto\u0161nji bienale razmi\u0161lja o dedi\u0161\u010dini, ohranjanju in trajnosti, skozi temo zrak \u2013 kot nevidni nosilec, skupni element in dragocen vir, ki nas povezuje &#8230; <a class=\"view-article\" href=\"https:\/\/www.ntf.uni-lj.si\/oto\/event\/bien-2025-bienale-tekstilne-umetnosti\/\">Read more<\/a>","protected":false},"author":389,"featured_media":23939,"template":"","acf":[],"yoast_head":"<!-- This site is optimized with the Yoast SEO plugin v17.0 - https:\/\/yoast.com\/wordpress\/plugins\/seo\/ -->\n<meta name=\"robots\" content=\"index, follow, max-snippet:-1, max-image-preview:large, max-video-preview:-1\" \/>\n<link rel=\"canonical\" href=\"https:\/\/www.ntf.uni-lj.si\/oto\/event\/bien-2025-bienale-tekstilne-umetnosti\/\" \/>\n<meta property=\"og:locale\" content=\"en_US\" \/>\n<meta property=\"og:type\" content=\"article\" \/>\n<meta property=\"og:title\" content=\"BIEN 2025, bienale tekstilne umetnosti - OTO\" \/>\n<meta property=\"og:description\" content=\"V teku je BIEN 2025, bienale tekstilne umetnosti, ki med 31. majem in 14. avgustom 2025 znova o\u017eivlja mestne prostore Kranja in drugih sodelujo\u010dih mest z razstavami in projekti sodobne tekstilne umetnosti. Leto\u0161nji bienale razmi\u0161lja o dedi\u0161\u010dini, ohranjanju in trajnosti, skozi temo zrak \u2013 kot nevidni nosilec, skupni element in dragocen vir, ki nas povezuje ... Read more\" \/>\n<meta property=\"og:url\" content=\"https:\/\/www.ntf.uni-lj.si\/oto\/event\/bien-2025-bienale-tekstilne-umetnosti\/\" \/>\n<meta property=\"og:site_name\" content=\"OTO\" \/>\n<meta property=\"article:modified_time\" content=\"2025-06-10T12:00:38+00:00\" \/>\n<meta property=\"og:image\" content=\"https:\/\/www.ntf.uni-lj.si\/oto\/wp-content\/uploads\/sites\/6\/2025\/06\/1256456.jpg\" \/>\n\t<meta property=\"og:image:width\" content=\"900\" \/>\n\t<meta property=\"og:image:height\" content=\"600\" \/>\n<meta name=\"twitter:label1\" content=\"Est. reading time\" \/>\n\t<meta name=\"twitter:data1\" content=\"1 minute\" \/>\n<script type=\"application\/ld+json\" class=\"yoast-schema-graph\">{\"@context\":\"https:\/\/schema.org\",\"@graph\":[{\"@type\":\"WebSite\",\"@id\":\"https:\/\/www.ntf.uni-lj.si\/oto\/en\/#website\",\"url\":\"https:\/\/www.ntf.uni-lj.si\/oto\/en\/\",\"name\":\"OTO\",\"description\":\"Katedra za oblikovanje tekstilij in obla\\u010dil\",\"potentialAction\":[{\"@type\":\"SearchAction\",\"target\":{\"@type\":\"EntryPoint\",\"urlTemplate\":\"https:\/\/www.ntf.uni-lj.si\/oto\/en\/?s={search_term_string}\"},\"query-input\":\"required name=search_term_string\"}],\"inLanguage\":\"en-US\"},{\"@type\":\"ImageObject\",\"@id\":\"https:\/\/www.ntf.uni-lj.si\/oto\/event\/bien-2025-bienale-tekstilne-umetnosti\/#primaryimage\",\"inLanguage\":\"en-US\",\"url\":\"https:\/\/www.ntf.uni-lj.si\/oto\/wp-content\/uploads\/sites\/6\/2025\/06\/1256456.jpg\",\"contentUrl\":\"https:\/\/www.ntf.uni-lj.si\/oto\/wp-content\/uploads\/sites\/6\/2025\/06\/1256456.jpg\",\"width\":900,\"height\":600,\"caption\":\"NTF razstave na BIEN 2025\"},{\"@type\":\"WebPage\",\"@id\":\"https:\/\/www.ntf.uni-lj.si\/oto\/event\/bien-2025-bienale-tekstilne-umetnosti\/#webpage\",\"url\":\"https:\/\/www.ntf.uni-lj.si\/oto\/event\/bien-2025-bienale-tekstilne-umetnosti\/\",\"name\":\"BIEN 2025, bienale tekstilne umetnosti - OTO\",\"isPartOf\":{\"@id\":\"https:\/\/www.ntf.uni-lj.si\/oto\/en\/#website\"},\"primaryImageOfPage\":{\"@id\":\"https:\/\/www.ntf.uni-lj.si\/oto\/event\/bien-2025-bienale-tekstilne-umetnosti\/#primaryimage\"},\"datePublished\":\"2025-06-10T08:12:42+00:00\",\"dateModified\":\"2025-06-10T12:00:38+00:00\",\"breadcrumb\":{\"@id\":\"https:\/\/www.ntf.uni-lj.si\/oto\/event\/bien-2025-bienale-tekstilne-umetnosti\/#breadcrumb\"},\"inLanguage\":\"en-US\",\"potentialAction\":[{\"@type\":\"ReadAction\",\"target\":[\"https:\/\/www.ntf.uni-lj.si\/oto\/event\/bien-2025-bienale-tekstilne-umetnosti\/\"]}]},{\"@type\":\"BreadcrumbList\",\"@id\":\"https:\/\/www.ntf.uni-lj.si\/oto\/event\/bien-2025-bienale-tekstilne-umetnosti\/#breadcrumb\",\"itemListElement\":[{\"@type\":\"ListItem\",\"position\":1,\"name\":\"Home\",\"item\":\"https:\/\/www.ntf.uni-lj.si\/oto\/en\/\"},{\"@type\":\"ListItem\",\"position\":2,\"name\":\"Events\",\"item\":\"https:\/\/www.ntf.uni-lj.si\/oto\/en\/event\/\"},{\"@type\":\"ListItem\",\"position\":3,\"name\":\"BIEN 2025, bienale tekstilne umetnosti\"}]}]}<\/script>\n<!-- \/ Yoast SEO plugin. -->","yoast_head_json":{"robots":{"index":"index","follow":"follow","max-snippet":"max-snippet:-1","max-image-preview":"max-image-preview:large","max-video-preview":"max-video-preview:-1"},"canonical":"https:\/\/www.ntf.uni-lj.si\/oto\/event\/bien-2025-bienale-tekstilne-umetnosti\/","og_locale":"en_US","og_type":"article","og_title":"BIEN 2025, bienale tekstilne umetnosti - OTO","og_description":"V teku je BIEN 2025, bienale tekstilne umetnosti, ki med 31. majem in 14. avgustom 2025 znova o\u017eivlja mestne prostore Kranja in drugih sodelujo\u010dih mest z razstavami in projekti sodobne tekstilne umetnosti. Leto\u0161nji bienale razmi\u0161lja o dedi\u0161\u010dini, ohranjanju in trajnosti, skozi temo zrak \u2013 kot nevidni nosilec, skupni element in dragocen vir, ki nas povezuje ... Read more","og_url":"https:\/\/www.ntf.uni-lj.si\/oto\/event\/bien-2025-bienale-tekstilne-umetnosti\/","og_site_name":"OTO","article_modified_time":"2025-06-10T12:00:38+00:00","og_image":[{"width":900,"height":600,"url":"https:\/\/www.ntf.uni-lj.si\/oto\/wp-content\/uploads\/sites\/6\/2025\/06\/1256456.jpg","path":"\/web\/html\/ntf\/public_html\/wp-content\/uploads\/sites\/6\/2025\/06\/1256456.jpg","size":"full","id":23939,"alt":"NTF razstave na BIEN 2025","pixels":540000,"type":"image\/jpeg"}],"twitter_misc":{"Est. reading time":"1 minute"},"schema":{"@context":"https:\/\/schema.org","@graph":[{"@type":"WebSite","@id":"https:\/\/www.ntf.uni-lj.si\/oto\/en\/#website","url":"https:\/\/www.ntf.uni-lj.si\/oto\/en\/","name":"OTO","description":"Katedra za oblikovanje tekstilij in obla\u010dil","potentialAction":[{"@type":"SearchAction","target":{"@type":"EntryPoint","urlTemplate":"https:\/\/www.ntf.uni-lj.si\/oto\/en\/?s={search_term_string}"},"query-input":"required name=search_term_string"}],"inLanguage":"en-US"},{"@type":"ImageObject","@id":"https:\/\/www.ntf.uni-lj.si\/oto\/event\/bien-2025-bienale-tekstilne-umetnosti\/#primaryimage","inLanguage":"en-US","url":"https:\/\/www.ntf.uni-lj.si\/oto\/wp-content\/uploads\/sites\/6\/2025\/06\/1256456.jpg","contentUrl":"https:\/\/www.ntf.uni-lj.si\/oto\/wp-content\/uploads\/sites\/6\/2025\/06\/1256456.jpg","width":900,"height":600,"caption":"NTF razstave na BIEN 2025"},{"@type":"WebPage","@id":"https:\/\/www.ntf.uni-lj.si\/oto\/event\/bien-2025-bienale-tekstilne-umetnosti\/#webpage","url":"https:\/\/www.ntf.uni-lj.si\/oto\/event\/bien-2025-bienale-tekstilne-umetnosti\/","name":"BIEN 2025, bienale tekstilne umetnosti - OTO","isPartOf":{"@id":"https:\/\/www.ntf.uni-lj.si\/oto\/en\/#website"},"primaryImageOfPage":{"@id":"https:\/\/www.ntf.uni-lj.si\/oto\/event\/bien-2025-bienale-tekstilne-umetnosti\/#primaryimage"},"datePublished":"2025-06-10T08:12:42+00:00","dateModified":"2025-06-10T12:00:38+00:00","breadcrumb":{"@id":"https:\/\/www.ntf.uni-lj.si\/oto\/event\/bien-2025-bienale-tekstilne-umetnosti\/#breadcrumb"},"inLanguage":"en-US","potentialAction":[{"@type":"ReadAction","target":["https:\/\/www.ntf.uni-lj.si\/oto\/event\/bien-2025-bienale-tekstilne-umetnosti\/"]}]},{"@type":"BreadcrumbList","@id":"https:\/\/www.ntf.uni-lj.si\/oto\/event\/bien-2025-bienale-tekstilne-umetnosti\/#breadcrumb","itemListElement":[{"@type":"ListItem","position":1,"name":"Home","item":"https:\/\/www.ntf.uni-lj.si\/oto\/en\/"},{"@type":"ListItem","position":2,"name":"Events","item":"https:\/\/www.ntf.uni-lj.si\/oto\/en\/event\/"},{"@type":"ListItem","position":3,"name":"BIEN 2025, bienale tekstilne umetnosti"}]}]}},"_links":{"self":[{"href":"https:\/\/www.ntf.uni-lj.si\/oto\/wp-json\/wp\/v2\/event\/23924"}],"collection":[{"href":"https:\/\/www.ntf.uni-lj.si\/oto\/wp-json\/wp\/v2\/event"}],"about":[{"href":"https:\/\/www.ntf.uni-lj.si\/oto\/wp-json\/wp\/v2\/types\/event"}],"author":[{"embeddable":true,"href":"https:\/\/www.ntf.uni-lj.si\/oto\/wp-json\/wp\/v2\/users\/389"}],"version-history":[{"count":9,"href":"https:\/\/www.ntf.uni-lj.si\/oto\/wp-json\/wp\/v2\/event\/23924\/revisions"}],"predecessor-version":[{"id":23945,"href":"https:\/\/www.ntf.uni-lj.si\/oto\/wp-json\/wp\/v2\/event\/23924\/revisions\/23945"}],"wp:featuredmedia":[{"embeddable":true,"href":"https:\/\/www.ntf.uni-lj.si\/oto\/wp-json\/wp\/v2\/media\/23939"}],"wp:attachment":[{"href":"https:\/\/www.ntf.uni-lj.si\/oto\/wp-json\/wp\/v2\/media?parent=23924"}],"curies":[{"name":"wp","href":"https:\/\/api.w.org\/{rel}","templated":true}]}}

<p>V teku je <a href="https://layer.si/bien/" target="_blank" rel="noopener"><strong>BIEN 2025</strong></a>, bienale tekstilne umetnosti, ki med 31. majem in 14. avgustom 2025 znova oživlja mestne prostore Kranja in drugih sodelujočih mest z razstavami in projekti sodobne tekstilne umetnosti.</p>
<p>Letošnji bienale razmišlja o dediščini, ohranjanju in trajnosti, skozi temo <strong>zrak</strong> – kot nevidni nosilec, skupni element in dragocen vir, ki nas povezuje in hkrati opozarja na nujnost odgovornega ravnanja z okoljem.</p>
<p><strong>Odprtja razstav BIEN 2025:</strong></p>
<ul>
<li><strong>Kranj</strong> – 31. maj 2025</li>
<li><strong>Jesenice</strong> – 4. junij 2025</li>
<li><strong>Idrija</strong> – 7. junij 2025</li>
<li><strong>Škofja Loka</strong> – 11. junij 2025</li>
<li><strong>Nova Gorica / Gorizia</strong> – 20. in 21. junij 2025</li>
</ul>
<p>BIEN 2025 ponuja raznolik vpogled v sodobno tekstilno umetnost, ki se prepleta z lokalnim okoljem in globalnimi vprašanji. Razstave si lahko ogledate vse do <strong>14. avgusta 2025</strong>.</p>
<p><em>Vabljeni, da se pridružite in doživite umetnost v gibanju – v mestih, med nitmi in v zraku.</em></p>
<p>Fotografija: Maša Pirc </p>

V teku je BIEN 2025, bienale tekstilne umetnosti, ki med 31. majem in 14. avgustom 2025 znova oživlja mestne prostore Kranja in drugih sodelujočih mest z razstavami in projekti sodobne tekstilne umetnosti. Letošnji bienale razmišlja o dediščini, ohranjanju in trajnosti, skozi temo zrak – kot nevidni nosilec, skupni element in dragocen vir, ki nas povezuje &#8230; <a class="view-article" href="https://www.ntf.uni-lj.si/oto/event/bien-2025-bienale-tekstilne-umetnosti/">Read more</a>

<!-- This site is optimized with the Yoast SEO plugin v17.0 - https://yoast.com/wordpress/plugins/seo/ -->
<meta name="robots" content="index, follow, max-snippet:-1, max-image-preview:large, max-video-preview:-1" />
<link rel="canonical" href="https://www.ntf.uni-lj.si/oto/event/bien-2025-bienale-tekstilne-umetnosti/" />
<meta property="og:locale" content="en_US" />
<meta property="og:type" content="article" />
<meta property="og:title" content="BIEN 2025, bienale tekstilne umetnosti - OTO" />
<meta property="og:description" content="V teku je BIEN 2025, bienale tekstilne umetnosti, ki med 31. majem in 14. avgustom 2025 znova oživlja mestne prostore Kranja in drugih sodelujočih mest z razstavami in projekti sodobne tekstilne umetnosti. Letošnji bienale razmišlja o dediščini, ohranjanju in trajnosti, skozi temo zrak – kot nevidni nosilec, skupni element in dragocen vir, ki nas povezuje ... Read more" />
<meta property="og:url" content="https://www.ntf.uni-lj.si/oto/event/bien-2025-bienale-tekstilne-umetnosti/" />
<meta property="og:site_name" content="OTO" />
<meta property="article:modified_time" content="2025-06-10T12:00:38+00:00" />
<meta property="og:image" content="https://www.ntf.uni-lj.si/oto/wp-content/uploads/sites/6/2025/06/1256456.jpg" />
	<meta property="og:image:width" content="900" />
	<meta property="og:image:height" content="600" />
<meta name="twitter:label1" content="Est. reading time" />
	<meta name="twitter:data1" content="1 minute" />
<script type="application/ld+json" class="yoast-schema-graph">{"@context":"https://schema.org","@graph":[{"@type":"WebSite","@id":"https://www.ntf.uni-lj.si/oto/en/#website","url":"https://www.ntf.uni-lj.si/oto/en/","name":"OTO","description":"Katedra za oblikovanje tekstilij in obla\u010dil","potentialAction":[{"@type":"SearchAction","target":{"@type":"EntryPoint","urlTemplate":"https://www.ntf.uni-lj.si/oto/en/?s={search_term_string}"},"query-input":"required name=search_term_string"}],"inLanguage":"en-US"},{"@type":"ImageObject","@id":"https://www.ntf.uni-lj.si/oto/event/bien-2025-bienale-tekstilne-umetnosti/#primaryimage","inLanguage":"en-US","url":"https://www.ntf.uni-lj.si/oto/wp-content/uploads/sites/6/2025/06/1256456.jpg","contentUrl":"https://www.ntf.uni-lj.si/oto/wp-content/uploads/sites/6/2025/06/1256456.jpg","width":900,"height":600,"caption":"NTF razstave na BIEN 2025"},{"@type":"WebPage","@id":"https://www.ntf.uni-lj.si/oto/event/bien-2025-bienale-tekstilne-umetnosti/#webpage","url":"https://www.ntf.uni-lj.si/oto/event/bien-2025-bienale-tekstilne-umetnosti/","name":"BIEN 2025, bienale tekstilne umetnosti - OTO","isPartOf":{"@id":"https://www.ntf.uni-lj.si/oto/en/#website"},"primaryImageOfPage":{"@id":"https://www.ntf.uni-lj.si/oto/event/bien-2025-bienale-tekstilne-umetnosti/#primaryimage"},"datePublished":"2025-06-10T08:12:42+00:00","dateModified":"2025-06-10T12:00:38+00:00","breadcrumb":{"@id":"https://www.ntf.uni-lj.si/oto/event/bien-2025-bienale-tekstilne-umetnosti/#breadcrumb"},"inLanguage":"en-US","potentialAction":[{"@type":"ReadAction","target":["https://www.ntf.uni-lj.si/oto/event/bien-2025-bienale-tekstilne-umetnosti/"]}]},{"@type":"BreadcrumbList","@id":"https://www.ntf.uni-lj.si/oto/event/bien-2025-bienale-tekstilne-umetnosti/#breadcrumb","itemListElement":[{"@type":"ListItem","position":1,"name":"Home","item":"https://www.ntf.uni-lj.si/oto/en/"},{"@type":"ListItem","position":2,"name":"Events","item":"https://www.ntf.uni-lj.si/oto/en/event/"},{"@type":"ListItem","position":3,"name":"BIEN 2025, bienale tekstilne umetnosti"}]}]}</script>
<!-- / Yoast SEO plugin. -->

V teku je BIEN 2025, bienale tekstilne umetnosti, ki med 31. majem in 14. avgustom 2025 znova oživlja mestne prostore Kranja in drugih sodelujočih mest z razstavami in projekti sodobne tekstilne umetnosti. Letošnji bienale razmišlja o dediščini, ohranjanju in trajnosti, skozi temo zrak – kot nevidni nosilec, skupni element in dragocen vir, ki nas povezuje ... Read more

Katedra za oblikovanje tekstilij in oblačil
