{"id":25297,"date":"2026-02-12T09:28:28","date_gmt":"2026-02-12T08:28:28","guid":{"rendered":"https:\/\/www.ntf.uni-lj.si\/oto\/?post_type=event&#038;p=25297"},"modified":"2026-03-27T10:34:29","modified_gmt":"2026-03-27T09:34:29","slug":"ntf-temelji-v-ulicni-galeriji-mitnica","status":"publish","type":"event","link":"https:\/\/www.ntf.uni-lj.si\/oto\/event\/ntf-temelji-v-ulicni-galeriji-mitnica\/","title":{"rendered":"NTF Temelji v uli\u010dni Galeriji Mitnica"},"content":{"rendered":"<p>Razstava <strong>NTF Temelji<\/strong>, ki bo <strong>na ogled med 12. 2. in 7. 3. 2026<\/strong> v uli\u010dni Galeriji Mitnica na Sne\u017eni\u0161ki 5, predstavlja pestrost \u0161tudijskih smeri Naravoslovnotheni\u0161ke fakultete Univerze v Ljubljani, katerih skupni imenovalec so materiali. Obravnavani pod mikroskopom ali iz satelita, predstavljajo \u0161irok nabor raziskovanj v naravi, tehnologiji in umetnosti.<\/p>\n<p><strong>NTF Temelji<\/strong> obravnava vsako od smeri \u2013 Oblikovanje tekstilij in obla\u010dil,  Grafiko, Tekstilstvo, Geologijo, Geotehnologijo ter Materiali in metalurgija \u2013 skozi zna\u010dilne fotografije na velikih tekstilnih plakatih, ki predstavljajo izbran trenutek v procesu posameznega podro\u010dja. Pred posameznim plakatom je na piedestal postavljen \u00bbartefakt\u00ab, ki predstavlja enega od osnov podro\u010dja. Oblikovanje tekstilij in obla\u010dil zastopa majhna, ro\u010dno pletena torbica iz kolekcije Poster Girl, \u0161tudenta <em>Ga\u0161parja Marini\u010da<\/em>, ki v svojem na\u010drtovanju upo\u0161teva nadcikliranje; sledi Grafika z Deklico &#8211; 3D tiskano taktilno reprodukcijo kiparskega dela Portret deklice, avtorja <em>Ivana Zajca<\/em>, ki je prilagojena razli\u010dnim zaznavnim zmo\u017enostim uporabnikov. Eden od temeljev Tekstilstva je tkalski lete\u010di \u010dolni\u010dek za vstavljanje votka.<br \/>\nGeologijo zastopa kamen, imenovan Ple\u010dnikove \u0161koljke, ki ga sicer v svoji izraziti likovnosti lahko opazujemo v marsikaterem delu arhitekta Jo\u017eeta Ple\u010dnika, Geotehnologija izpostavlja vrtalno krono z izvrtanim jedrom kamnine, Materiali in metalurgija pa na ogled postavlja v blok paketiran proizvodni ostanek plo\u010devink, kot eno od faz v procesu recikliranja.<\/p>\n<p>Naravoslovnotehni\u0161ka fakulteta UL pod tremi strehami, s \u0161tirimi oddelki in \u0161estimi smermi raznolikih \u0161tudijev postavlja temelje za dobro sodelovanje med razli\u010dnimi vedami in posamezniki, kot glavno vrednoto fakultete. Razstava <strong>NTF Temelji<\/strong> prikazuje, da trdne osnove in znanje omogo\u010dajo razumevanje in spo\u0161tovanje drugih disciplin.<\/p>\n<p><strong>Kreativna zasnova razstave:<\/strong> doc. Petja Zorec, asist. Sara Valenci<br \/>\n<strong>Sodelujo\u010di:<\/strong> Barbara Golja, Tanja Medved, Mitja Petri\u010d, Tomislav Popit, Tina Premel\u010d, Tristan Rome, Sara Valenci, Adam Zaky, Petja Zorec, \u017diva Zupin, Jo\u017ee \u017darn<br \/>\n<strong>Pomo\u010d pri postavitvi:<\/strong> prof. Marija Jenko, asist. Alenka More<\/p>\n","protected":false},"excerpt":{"rendered":"Razstava NTF Temelji, ki bo na ogled med 12. 2. in 7. 3. 2026 v uli\u010dni Galeriji Mitnica na Sne\u017eni\u0161ki 5, predstavlja pestrost \u0161tudijskih smeri Naravoslovnotheni\u0161ke fakultete Univerze v Ljubljani, katerih skupni imenovalec so materiali. Obravnavani pod mikroskopom ali iz satelita, predstavljajo \u0161irok nabor raziskovanj v naravi, tehnologiji in umetnosti. NTF Temelji obravnava vsako od &#8230; <a class=\"view-article\" href=\"https:\/\/www.ntf.uni-lj.si\/oto\/event\/ntf-temelji-v-ulicni-galeriji-mitnica\/\">Read more<\/a>","protected":false},"author":389,"featured_media":25299,"template":"","acf":[],"yoast_head":"<!-- This site is optimized with the Yoast SEO plugin v17.0 - https:\/\/yoast.com\/wordpress\/plugins\/seo\/ -->\n<meta name=\"robots\" content=\"index, follow, max-snippet:-1, max-image-preview:large, max-video-preview:-1\" \/>\n<link rel=\"canonical\" href=\"https:\/\/www.ntf.uni-lj.si\/oto\/event\/ntf-temelji-v-ulicni-galeriji-mitnica\/\" \/>\n<meta property=\"og:locale\" content=\"en_US\" \/>\n<meta property=\"og:type\" content=\"article\" \/>\n<meta property=\"og:title\" content=\"NTF Temelji v uli\u010dni Galeriji Mitnica - OTO\" \/>\n<meta property=\"og:description\" content=\"Razstava NTF Temelji, ki bo na ogled med 12. 2. in 7. 3. 2026 v uli\u010dni Galeriji Mitnica na Sne\u017eni\u0161ki 5, predstavlja pestrost \u0161tudijskih smeri Naravoslovnotheni\u0161ke fakultete Univerze v Ljubljani, katerih skupni imenovalec so materiali. Obravnavani pod mikroskopom ali iz satelita, predstavljajo \u0161irok nabor raziskovanj v naravi, tehnologiji in umetnosti. NTF Temelji obravnava vsako od ... Read more\" \/>\n<meta property=\"og:url\" content=\"https:\/\/www.ntf.uni-lj.si\/oto\/event\/ntf-temelji-v-ulicni-galeriji-mitnica\/\" \/>\n<meta property=\"og:site_name\" content=\"OTO\" \/>\n<meta property=\"article:modified_time\" content=\"2026-03-27T09:34:29+00:00\" \/>\n<meta property=\"og:image\" content=\"https:\/\/www.ntf.uni-lj.si\/oto\/wp-content\/uploads\/sites\/6\/2026\/03\/NTF_Temelji-scaled.jpg\" \/>\n\t<meta property=\"og:image:width\" content=\"2560\" \/>\n\t<meta property=\"og:image:height\" content=\"890\" \/>\n<meta name=\"twitter:label1\" content=\"Est. reading time\" \/>\n\t<meta name=\"twitter:data1\" content=\"2 minutes\" \/>\n<script type=\"application\/ld+json\" class=\"yoast-schema-graph\">{\"@context\":\"https:\/\/schema.org\",\"@graph\":[{\"@type\":\"WebSite\",\"@id\":\"https:\/\/www.ntf.uni-lj.si\/oto\/en\/#website\",\"url\":\"https:\/\/www.ntf.uni-lj.si\/oto\/en\/\",\"name\":\"OTO\",\"description\":\"Katedra za oblikovanje tekstilij in obla\\u010dil\",\"potentialAction\":[{\"@type\":\"SearchAction\",\"target\":{\"@type\":\"EntryPoint\",\"urlTemplate\":\"https:\/\/www.ntf.uni-lj.si\/oto\/en\/?s={search_term_string}\"},\"query-input\":\"required name=search_term_string\"}],\"inLanguage\":\"en-US\"},{\"@type\":\"ImageObject\",\"@id\":\"https:\/\/www.ntf.uni-lj.si\/oto\/event\/ntf-temelji-v-ulicni-galeriji-mitnica\/#primaryimage\",\"inLanguage\":\"en-US\",\"url\":\"https:\/\/www.ntf.uni-lj.si\/oto\/wp-content\/uploads\/sites\/6\/2026\/03\/NTF_Temelji-scaled.jpg\",\"contentUrl\":\"https:\/\/www.ntf.uni-lj.si\/oto\/wp-content\/uploads\/sites\/6\/2026\/03\/NTF_Temelji-scaled.jpg\",\"width\":2560,\"height\":890},{\"@type\":\"WebPage\",\"@id\":\"https:\/\/www.ntf.uni-lj.si\/oto\/event\/ntf-temelji-v-ulicni-galeriji-mitnica\/#webpage\",\"url\":\"https:\/\/www.ntf.uni-lj.si\/oto\/event\/ntf-temelji-v-ulicni-galeriji-mitnica\/\",\"name\":\"NTF Temelji v uli\\u010dni Galeriji Mitnica - OTO\",\"isPartOf\":{\"@id\":\"https:\/\/www.ntf.uni-lj.si\/oto\/en\/#website\"},\"primaryImageOfPage\":{\"@id\":\"https:\/\/www.ntf.uni-lj.si\/oto\/event\/ntf-temelji-v-ulicni-galeriji-mitnica\/#primaryimage\"},\"datePublished\":\"2026-02-12T08:28:28+00:00\",\"dateModified\":\"2026-03-27T09:34:29+00:00\",\"breadcrumb\":{\"@id\":\"https:\/\/www.ntf.uni-lj.si\/oto\/event\/ntf-temelji-v-ulicni-galeriji-mitnica\/#breadcrumb\"},\"inLanguage\":\"en-US\",\"potentialAction\":[{\"@type\":\"ReadAction\",\"target\":[\"https:\/\/www.ntf.uni-lj.si\/oto\/event\/ntf-temelji-v-ulicni-galeriji-mitnica\/\"]}]},{\"@type\":\"BreadcrumbList\",\"@id\":\"https:\/\/www.ntf.uni-lj.si\/oto\/event\/ntf-temelji-v-ulicni-galeriji-mitnica\/#breadcrumb\",\"itemListElement\":[{\"@type\":\"ListItem\",\"position\":1,\"name\":\"Home\",\"item\":\"https:\/\/www.ntf.uni-lj.si\/oto\/en\/\"},{\"@type\":\"ListItem\",\"position\":2,\"name\":\"Events\",\"item\":\"https:\/\/www.ntf.uni-lj.si\/oto\/en\/event\/\"},{\"@type\":\"ListItem\",\"position\":3,\"name\":\"NTF Temelji v uli\\u010dni Galeriji Mitnica\"}]}]}<\/script>\n<!-- \/ Yoast SEO plugin. -->","yoast_head_json":{"robots":{"index":"index","follow":"follow","max-snippet":"max-snippet:-1","max-image-preview":"max-image-preview:large","max-video-preview":"max-video-preview:-1"},"canonical":"https:\/\/www.ntf.uni-lj.si\/oto\/event\/ntf-temelji-v-ulicni-galeriji-mitnica\/","og_locale":"en_US","og_type":"article","og_title":"NTF Temelji v uli\u010dni Galeriji Mitnica - OTO","og_description":"Razstava NTF Temelji, ki bo na ogled med 12. 2. in 7. 3. 2026 v uli\u010dni Galeriji Mitnica na Sne\u017eni\u0161ki 5, predstavlja pestrost \u0161tudijskih smeri Naravoslovnotheni\u0161ke fakultete Univerze v Ljubljani, katerih skupni imenovalec so materiali. Obravnavani pod mikroskopom ali iz satelita, predstavljajo \u0161irok nabor raziskovanj v naravi, tehnologiji in umetnosti. NTF Temelji obravnava vsako od ... Read more","og_url":"https:\/\/www.ntf.uni-lj.si\/oto\/event\/ntf-temelji-v-ulicni-galeriji-mitnica\/","og_site_name":"OTO","article_modified_time":"2026-03-27T09:34:29+00:00","og_image":[{"width":2560,"height":890,"url":"https:\/\/www.ntf.uni-lj.si\/oto\/wp-content\/uploads\/sites\/6\/2026\/03\/NTF_Temelji-scaled.jpg","path":"\/web\/html\/ntf\/public_html\/wp-content\/uploads\/sites\/6\/2026\/03\/NTF_Temelji-scaled.jpg","size":"full","id":25299,"alt":"","pixels":2278400,"type":"image\/jpeg"}],"twitter_misc":{"Est. reading time":"2 minutes"},"schema":{"@context":"https:\/\/schema.org","@graph":[{"@type":"WebSite","@id":"https:\/\/www.ntf.uni-lj.si\/oto\/en\/#website","url":"https:\/\/www.ntf.uni-lj.si\/oto\/en\/","name":"OTO","description":"Katedra za oblikovanje tekstilij in obla\u010dil","potentialAction":[{"@type":"SearchAction","target":{"@type":"EntryPoint","urlTemplate":"https:\/\/www.ntf.uni-lj.si\/oto\/en\/?s={search_term_string}"},"query-input":"required name=search_term_string"}],"inLanguage":"en-US"},{"@type":"ImageObject","@id":"https:\/\/www.ntf.uni-lj.si\/oto\/event\/ntf-temelji-v-ulicni-galeriji-mitnica\/#primaryimage","inLanguage":"en-US","url":"https:\/\/www.ntf.uni-lj.si\/oto\/wp-content\/uploads\/sites\/6\/2026\/03\/NTF_Temelji-scaled.jpg","contentUrl":"https:\/\/www.ntf.uni-lj.si\/oto\/wp-content\/uploads\/sites\/6\/2026\/03\/NTF_Temelji-scaled.jpg","width":2560,"height":890},{"@type":"WebPage","@id":"https:\/\/www.ntf.uni-lj.si\/oto\/event\/ntf-temelji-v-ulicni-galeriji-mitnica\/#webpage","url":"https:\/\/www.ntf.uni-lj.si\/oto\/event\/ntf-temelji-v-ulicni-galeriji-mitnica\/","name":"NTF Temelji v uli\u010dni Galeriji Mitnica - OTO","isPartOf":{"@id":"https:\/\/www.ntf.uni-lj.si\/oto\/en\/#website"},"primaryImageOfPage":{"@id":"https:\/\/www.ntf.uni-lj.si\/oto\/event\/ntf-temelji-v-ulicni-galeriji-mitnica\/#primaryimage"},"datePublished":"2026-02-12T08:28:28+00:00","dateModified":"2026-03-27T09:34:29+00:00","breadcrumb":{"@id":"https:\/\/www.ntf.uni-lj.si\/oto\/event\/ntf-temelji-v-ulicni-galeriji-mitnica\/#breadcrumb"},"inLanguage":"en-US","potentialAction":[{"@type":"ReadAction","target":["https:\/\/www.ntf.uni-lj.si\/oto\/event\/ntf-temelji-v-ulicni-galeriji-mitnica\/"]}]},{"@type":"BreadcrumbList","@id":"https:\/\/www.ntf.uni-lj.si\/oto\/event\/ntf-temelji-v-ulicni-galeriji-mitnica\/#breadcrumb","itemListElement":[{"@type":"ListItem","position":1,"name":"Home","item":"https:\/\/www.ntf.uni-lj.si\/oto\/en\/"},{"@type":"ListItem","position":2,"name":"Events","item":"https:\/\/www.ntf.uni-lj.si\/oto\/en\/event\/"},{"@type":"ListItem","position":3,"name":"NTF Temelji v uli\u010dni Galeriji Mitnica"}]}]}},"_links":{"self":[{"href":"https:\/\/www.ntf.uni-lj.si\/oto\/wp-json\/wp\/v2\/event\/25297"}],"collection":[{"href":"https:\/\/www.ntf.uni-lj.si\/oto\/wp-json\/wp\/v2\/event"}],"about":[{"href":"https:\/\/www.ntf.uni-lj.si\/oto\/wp-json\/wp\/v2\/types\/event"}],"author":[{"embeddable":true,"href":"https:\/\/www.ntf.uni-lj.si\/oto\/wp-json\/wp\/v2\/users\/389"}],"version-history":[{"count":2,"href":"https:\/\/www.ntf.uni-lj.si\/oto\/wp-json\/wp\/v2\/event\/25297\/revisions"}],"predecessor-version":[{"id":25323,"href":"https:\/\/www.ntf.uni-lj.si\/oto\/wp-json\/wp\/v2\/event\/25297\/revisions\/25323"}],"wp:featuredmedia":[{"embeddable":true,"href":"https:\/\/www.ntf.uni-lj.si\/oto\/wp-json\/wp\/v2\/media\/25299"}],"wp:attachment":[{"href":"https:\/\/www.ntf.uni-lj.si\/oto\/wp-json\/wp\/v2\/media?parent=25297"}],"curies":[{"name":"wp","href":"https:\/\/api.w.org\/{rel}","templated":true}]}}

NTF Temelji v ulični Galeriji Mitnica

<p>Razstava <strong>NTF Temelji</strong>, ki bo <strong>na ogled med 12. 2. in 7. 3. 2026</strong> v ulični Galeriji Mitnica na Snežniški 5, predstavlja pestrost študijskih smeri Naravoslovnotheniške fakultete Univerze v Ljubljani, katerih skupni imenovalec so materiali. Obravnavani pod mikroskopom ali iz satelita, predstavljajo širok nabor raziskovanj v naravi, tehnologiji in umetnosti.</p>
<p><strong>NTF Temelji</strong> obravnava vsako od smeri – Oblikovanje tekstilij in oblačil,  Grafiko, Tekstilstvo, Geologijo, Geotehnologijo ter Materiali in metalurgija – skozi značilne fotografije na velikih tekstilnih plakatih, ki predstavljajo izbran trenutek v procesu posameznega področja. Pred posameznim plakatom je na piedestal postavljen »artefakt«, ki predstavlja enega od osnov področja. Oblikovanje tekstilij in oblačil zastopa majhna, ročno pletena torbica iz kolekcije Poster Girl, študenta <em>Gašparja Mariniča</em>, ki v svojem načrtovanju upošteva nadcikliranje; sledi Grafika z Deklico &#8211; 3D tiskano taktilno reprodukcijo kiparskega dela Portret deklice, avtorja <em>Ivana Zajca</em>, ki je prilagojena različnim zaznavnim zmožnostim uporabnikov. Eden od temeljev Tekstilstva je tkalski leteči čolniček za vstavljanje votka.<br />
Geologijo zastopa kamen, imenovan Plečnikove školjke, ki ga sicer v svoji izraziti likovnosti lahko opazujemo v marsikaterem delu arhitekta Jožeta Plečnika, Geotehnologija izpostavlja vrtalno krono z izvrtanim jedrom kamnine, Materiali in metalurgija pa na ogled postavlja v blok paketiran proizvodni ostanek pločevink, kot eno od faz v procesu recikliranja.</p>
<p>Naravoslovnotehniška fakulteta UL pod tremi strehami, s štirimi oddelki in šestimi smermi raznolikih študijev postavlja temelje za dobro sodelovanje med različnimi vedami in posamezniki, kot glavno vrednoto fakultete. Razstava <strong>NTF Temelji</strong> prikazuje, da trdne osnove in znanje omogočajo razumevanje in spoštovanje drugih disciplin.</p>
<p><strong>Kreativna zasnova razstave:</strong> doc. Petja Zorec, asist. Sara Valenci<br />
<strong>Sodelujoči:</strong> Barbara Golja, Tanja Medved, Mitja Petrič, Tomislav Popit, Tina Premelč, Tristan Rome, Sara Valenci, Adam Zaky, Petja Zorec, Živa Zupin, Jože Žarn<br />
<strong>Pomoč pri postavitvi:</strong> prof. Marija Jenko, asist. Alenka More</p>

Razstava NTF Temelji, ki bo na ogled med 12. 2. in 7. 3. 2026 v ulični Galeriji Mitnica na Snežniški 5, predstavlja pestrost študijskih smeri Naravoslovnotheniške fakultete Univerze v Ljubljani, katerih skupni imenovalec so materiali. Obravnavani pod mikroskopom ali iz satelita, predstavljajo širok nabor raziskovanj v naravi, tehnologiji in umetnosti. NTF Temelji obravnava vsako od &#8230; <a class="view-article" href="https://www.ntf.uni-lj.si/oto/event/ntf-temelji-v-ulicni-galeriji-mitnica/">Read more</a>

<!-- This site is optimized with the Yoast SEO plugin v17.0 - https://yoast.com/wordpress/plugins/seo/ -->
<meta name="robots" content="index, follow, max-snippet:-1, max-image-preview:large, max-video-preview:-1" />
<link rel="canonical" href="https://www.ntf.uni-lj.si/oto/event/ntf-temelji-v-ulicni-galeriji-mitnica/" />
<meta property="og:locale" content="en_US" />
<meta property="og:type" content="article" />
<meta property="og:title" content="NTF Temelji v ulični Galeriji Mitnica - OTO" />
<meta property="og:description" content="Razstava NTF Temelji, ki bo na ogled med 12. 2. in 7. 3. 2026 v ulični Galeriji Mitnica na Snežniški 5, predstavlja pestrost študijskih smeri Naravoslovnotheniške fakultete Univerze v Ljubljani, katerih skupni imenovalec so materiali. Obravnavani pod mikroskopom ali iz satelita, predstavljajo širok nabor raziskovanj v naravi, tehnologiji in umetnosti. NTF Temelji obravnava vsako od ... Read more" />
<meta property="og:url" content="https://www.ntf.uni-lj.si/oto/event/ntf-temelji-v-ulicni-galeriji-mitnica/" />
<meta property="og:site_name" content="OTO" />
<meta property="article:modified_time" content="2026-03-27T09:34:29+00:00" />
<meta property="og:image" content="https://www.ntf.uni-lj.si/oto/wp-content/uploads/sites/6/2026/03/NTF_Temelji-scaled.jpg" />
	<meta property="og:image:width" content="2560" />
	<meta property="og:image:height" content="890" />
<meta name="twitter:label1" content="Est. reading time" />
	<meta name="twitter:data1" content="2 minutes" />
<script type="application/ld+json" class="yoast-schema-graph">{"@context":"https://schema.org","@graph":[{"@type":"WebSite","@id":"https://www.ntf.uni-lj.si/oto/en/#website","url":"https://www.ntf.uni-lj.si/oto/en/","name":"OTO","description":"Katedra za oblikovanje tekstilij in obla\u010dil","potentialAction":[{"@type":"SearchAction","target":{"@type":"EntryPoint","urlTemplate":"https://www.ntf.uni-lj.si/oto/en/?s={search_term_string}"},"query-input":"required name=search_term_string"}],"inLanguage":"en-US"},{"@type":"ImageObject","@id":"https://www.ntf.uni-lj.si/oto/event/ntf-temelji-v-ulicni-galeriji-mitnica/#primaryimage","inLanguage":"en-US","url":"https://www.ntf.uni-lj.si/oto/wp-content/uploads/sites/6/2026/03/NTF_Temelji-scaled.jpg","contentUrl":"https://www.ntf.uni-lj.si/oto/wp-content/uploads/sites/6/2026/03/NTF_Temelji-scaled.jpg","width":2560,"height":890},{"@type":"WebPage","@id":"https://www.ntf.uni-lj.si/oto/event/ntf-temelji-v-ulicni-galeriji-mitnica/#webpage","url":"https://www.ntf.uni-lj.si/oto/event/ntf-temelji-v-ulicni-galeriji-mitnica/","name":"NTF Temelji v uli\u010dni Galeriji Mitnica - OTO","isPartOf":{"@id":"https://www.ntf.uni-lj.si/oto/en/#website"},"primaryImageOfPage":{"@id":"https://www.ntf.uni-lj.si/oto/event/ntf-temelji-v-ulicni-galeriji-mitnica/#primaryimage"},"datePublished":"2026-02-12T08:28:28+00:00","dateModified":"2026-03-27T09:34:29+00:00","breadcrumb":{"@id":"https://www.ntf.uni-lj.si/oto/event/ntf-temelji-v-ulicni-galeriji-mitnica/#breadcrumb"},"inLanguage":"en-US","potentialAction":[{"@type":"ReadAction","target":["https://www.ntf.uni-lj.si/oto/event/ntf-temelji-v-ulicni-galeriji-mitnica/"]}]},{"@type":"BreadcrumbList","@id":"https://www.ntf.uni-lj.si/oto/event/ntf-temelji-v-ulicni-galeriji-mitnica/#breadcrumb","itemListElement":[{"@type":"ListItem","position":1,"name":"Home","item":"https://www.ntf.uni-lj.si/oto/en/"},{"@type":"ListItem","position":2,"name":"Events","item":"https://www.ntf.uni-lj.si/oto/en/event/"},{"@type":"ListItem","position":3,"name":"NTF Temelji v uli\u010dni Galeriji Mitnica"}]}]}</script>
<!-- / Yoast SEO plugin. -->

NTF Temelji v ulični Galeriji Mitnica - OTO

Razstava NTF Temelji, ki bo na ogled med 12. 2. in 7. 3. 2026 v ulični Galeriji Mitnica na Snežniški 5, predstavlja pestrost študijskih smeri Naravoslovnotheniške fakultete Univerze v Ljubljani, katerih skupni imenovalec so materiali. Obravnavani pod mikroskopom ali iz satelita, predstavljajo širok nabor raziskovanj v naravi, tehnologiji in umetnosti. NTF Temelji obravnava vsako od ... Read more

Katedra za oblikovanje tekstilij in oblačil
