{"id":25458,"date":"2026-04-24T13:36:58","date_gmt":"2026-04-24T11:36:58","guid":{"rendered":"https:\/\/www.ntf.uni-lj.si\/oto\/?post_type=event&#038;p=25458"},"modified":"2026-04-24T13:39:10","modified_gmt":"2026-04-24T11:39:10","slug":"novo-tkivo-ritem-prepleta","status":"publish","type":"event","link":"https:\/\/www.ntf.uni-lj.si\/oto\/event\/novo-tkivo-ritem-prepleta\/","title":{"rendered":"Novo tkivo: Ritem prepleta"},"content":{"rendered":"<p>Vabljeni na razstavo sodobnih tkalk Francije, Slovenije in Poljske. Otvoritev razstave bo v <strong>ponedeljek, 4. 5. 2026 ob 19:00 v Layerjevi hi\u0161i v Kranju<\/strong>.<\/p>\n<p>\u0160tiri mlade umetnice, ki prihajajo iz razli\u010dnih geografskih in izobra\u017eevalnih okolij, pristopajo k tkanju kot k odprtemu polju raziskovanja. Prostoru, kjer se tradicija ne ponavlja, temve\u010d se nenehno na novo opredeljuje. Izhajajo\u010d iz dedi\u0161\u010dine umetnic, kot so Anni Albers, Magdalena Abakanowicz, Jagoda Bui\u0107 in Olga de Amaral, njihova dela hkrati gledajo nazaj in naprej ter oblikujejo nove tekstilne jezike.<\/p>\n<p>Skozi intuitivno delo z materialom, eksperimentiranje z nekonvencionalnimi vlakni in \u0161irjenje tekstila iz povr\u0161ine v prostor razvijajo sodobne pristope, ki uravnove\u0161ajo znanje, spomin in svobodo. V tem procesu tkanje postane na\u010din razmi\u0161ljanja. Po\u010dasen, taktilen in globoko povezan s \u010dasom, v katerem nastaja.<\/p>\n<p>Razstava je del programa BIEN 2026, podprta s strani Ministrstva za kulturo Republike Slovenije in Culture Moves Europe.<\/p>\n<h4 style=\"margin-top: 40px\">Avtorice razstave<\/h4>\n<p><em>Olivia G\u00e9raud (FR), Kristi Komel (SI), Dominika Gacko in Julia Piekarska (PL)<\/em><\/p>\n<p><strong>Kurator razstave: <\/strong>Lovro Ivan\u010di\u0107<br \/>\n<strong>Partner: <\/strong>Zavod Carnica<br \/>\n<strong>Fotografija:<\/strong> Rest Studio archive<\/p>\n","protected":false},"excerpt":{"rendered":"Vabljeni na razstavo sodobnih tkalk Francije, Slovenije in Poljske. Otvoritev razstave bo v ponedeljek, 4. 5. 2026 ob 19:00 v Layerjevi hi\u0161i v Kranju. \u0160tiri mlade umetnice, ki prihajajo iz razli\u010dnih geografskih in izobra\u017eevalnih okolij, pristopajo k tkanju kot k odprtemu polju raziskovanja. Prostoru, kjer se tradicija ne ponavlja, temve\u010d se nenehno na novo opredeljuje. &#8230; <a class=\"view-article\" href=\"https:\/\/www.ntf.uni-lj.si\/oto\/event\/novo-tkivo-ritem-prepleta\/\">Read more<\/a>","protected":false},"author":389,"featured_media":25459,"template":"","acf":[],"yoast_head":"<!-- This site is optimized with the Yoast SEO plugin v17.0 - https:\/\/yoast.com\/wordpress\/plugins\/seo\/ -->\n<meta name=\"robots\" content=\"index, follow, max-snippet:-1, max-image-preview:large, max-video-preview:-1\" \/>\n<link rel=\"canonical\" href=\"https:\/\/www.ntf.uni-lj.si\/oto\/event\/novo-tkivo-ritem-prepleta\/\" \/>\n<meta property=\"og:locale\" content=\"en_US\" \/>\n<meta property=\"og:type\" content=\"article\" \/>\n<meta property=\"og:title\" content=\"Novo tkivo: Ritem prepleta - OTO\" \/>\n<meta property=\"og:description\" content=\"Vabljeni na razstavo sodobnih tkalk Francije, Slovenije in Poljske. Otvoritev razstave bo v ponedeljek, 4. 5. 2026 ob 19:00 v Layerjevi hi\u0161i v Kranju. \u0160tiri mlade umetnice, ki prihajajo iz razli\u010dnih geografskih in izobra\u017eevalnih okolij, pristopajo k tkanju kot k odprtemu polju raziskovanja. Prostoru, kjer se tradicija ne ponavlja, temve\u010d se nenehno na novo opredeljuje. ... Read more\" \/>\n<meta property=\"og:url\" content=\"https:\/\/www.ntf.uni-lj.si\/oto\/event\/novo-tkivo-ritem-prepleta\/\" \/>\n<meta property=\"og:site_name\" content=\"OTO\" \/>\n<meta property=\"article:modified_time\" content=\"2026-04-24T11:39:10+00:00\" \/>\n<meta property=\"og:image\" content=\"https:\/\/www.ntf.uni-lj.si\/oto\/wp-content\/uploads\/sites\/6\/2026\/04\/NOVO-TKIVO_plakat_tamtam-scaled.jpg\" \/>\n\t<meta property=\"og:image:width\" content=\"1749\" \/>\n\t<meta property=\"og:image:height\" content=\"2560\" \/>\n<meta name=\"twitter:label1\" content=\"Est. reading time\" \/>\n\t<meta name=\"twitter:data1\" content=\"1 minute\" \/>\n<script type=\"application\/ld+json\" class=\"yoast-schema-graph\">{\"@context\":\"https:\/\/schema.org\",\"@graph\":[{\"@type\":\"WebSite\",\"@id\":\"https:\/\/www.ntf.uni-lj.si\/oto\/en\/#website\",\"url\":\"https:\/\/www.ntf.uni-lj.si\/oto\/en\/\",\"name\":\"OTO\",\"description\":\"Katedra za oblikovanje tekstilij in obla\\u010dil\",\"potentialAction\":[{\"@type\":\"SearchAction\",\"target\":{\"@type\":\"EntryPoint\",\"urlTemplate\":\"https:\/\/www.ntf.uni-lj.si\/oto\/en\/?s={search_term_string}\"},\"query-input\":\"required name=search_term_string\"}],\"inLanguage\":\"en-US\"},{\"@type\":\"ImageObject\",\"@id\":\"https:\/\/www.ntf.uni-lj.si\/oto\/event\/novo-tkivo-ritem-prepleta\/#primaryimage\",\"inLanguage\":\"en-US\",\"url\":\"https:\/\/www.ntf.uni-lj.si\/oto\/wp-content\/uploads\/sites\/6\/2026\/04\/NOVO-TKIVO_plakat_tamtam-scaled.jpg\",\"contentUrl\":\"https:\/\/www.ntf.uni-lj.si\/oto\/wp-content\/uploads\/sites\/6\/2026\/04\/NOVO-TKIVO_plakat_tamtam-scaled.jpg\",\"width\":1749,\"height\":2560},{\"@type\":\"WebPage\",\"@id\":\"https:\/\/www.ntf.uni-lj.si\/oto\/event\/novo-tkivo-ritem-prepleta\/#webpage\",\"url\":\"https:\/\/www.ntf.uni-lj.si\/oto\/event\/novo-tkivo-ritem-prepleta\/\",\"name\":\"Novo tkivo: Ritem prepleta - OTO\",\"isPartOf\":{\"@id\":\"https:\/\/www.ntf.uni-lj.si\/oto\/en\/#website\"},\"primaryImageOfPage\":{\"@id\":\"https:\/\/www.ntf.uni-lj.si\/oto\/event\/novo-tkivo-ritem-prepleta\/#primaryimage\"},\"datePublished\":\"2026-04-24T11:36:58+00:00\",\"dateModified\":\"2026-04-24T11:39:10+00:00\",\"breadcrumb\":{\"@id\":\"https:\/\/www.ntf.uni-lj.si\/oto\/event\/novo-tkivo-ritem-prepleta\/#breadcrumb\"},\"inLanguage\":\"en-US\",\"potentialAction\":[{\"@type\":\"ReadAction\",\"target\":[\"https:\/\/www.ntf.uni-lj.si\/oto\/event\/novo-tkivo-ritem-prepleta\/\"]}]},{\"@type\":\"BreadcrumbList\",\"@id\":\"https:\/\/www.ntf.uni-lj.si\/oto\/event\/novo-tkivo-ritem-prepleta\/#breadcrumb\",\"itemListElement\":[{\"@type\":\"ListItem\",\"position\":1,\"name\":\"Home\",\"item\":\"https:\/\/www.ntf.uni-lj.si\/oto\/en\/\"},{\"@type\":\"ListItem\",\"position\":2,\"name\":\"Events\",\"item\":\"https:\/\/www.ntf.uni-lj.si\/oto\/en\/event\/\"},{\"@type\":\"ListItem\",\"position\":3,\"name\":\"Novo tkivo: Ritem prepleta\"}]}]}<\/script>\n<!-- \/ Yoast SEO plugin. -->","yoast_head_json":{"robots":{"index":"index","follow":"follow","max-snippet":"max-snippet:-1","max-image-preview":"max-image-preview:large","max-video-preview":"max-video-preview:-1"},"canonical":"https:\/\/www.ntf.uni-lj.si\/oto\/event\/novo-tkivo-ritem-prepleta\/","og_locale":"en_US","og_type":"article","og_title":"Novo tkivo: Ritem prepleta - OTO","og_description":"Vabljeni na razstavo sodobnih tkalk Francije, Slovenije in Poljske. Otvoritev razstave bo v ponedeljek, 4. 5. 2026 ob 19:00 v Layerjevi hi\u0161i v Kranju. \u0160tiri mlade umetnice, ki prihajajo iz razli\u010dnih geografskih in izobra\u017eevalnih okolij, pristopajo k tkanju kot k odprtemu polju raziskovanja. Prostoru, kjer se tradicija ne ponavlja, temve\u010d se nenehno na novo opredeljuje. ... Read more","og_url":"https:\/\/www.ntf.uni-lj.si\/oto\/event\/novo-tkivo-ritem-prepleta\/","og_site_name":"OTO","article_modified_time":"2026-04-24T11:39:10+00:00","og_image":[{"width":1749,"height":2560,"url":"https:\/\/www.ntf.uni-lj.si\/oto\/wp-content\/uploads\/sites\/6\/2026\/04\/NOVO-TKIVO_plakat_tamtam-scaled.jpg","path":"\/web\/html\/ntf\/public_html\/wp-content\/uploads\/sites\/6\/2026\/04\/NOVO-TKIVO_plakat_tamtam-scaled.jpg","size":"full","id":25459,"alt":"","pixels":4477440,"type":"image\/jpeg"}],"twitter_misc":{"Est. reading time":"1 minute"},"schema":{"@context":"https:\/\/schema.org","@graph":[{"@type":"WebSite","@id":"https:\/\/www.ntf.uni-lj.si\/oto\/en\/#website","url":"https:\/\/www.ntf.uni-lj.si\/oto\/en\/","name":"OTO","description":"Katedra za oblikovanje tekstilij in obla\u010dil","potentialAction":[{"@type":"SearchAction","target":{"@type":"EntryPoint","urlTemplate":"https:\/\/www.ntf.uni-lj.si\/oto\/en\/?s={search_term_string}"},"query-input":"required name=search_term_string"}],"inLanguage":"en-US"},{"@type":"ImageObject","@id":"https:\/\/www.ntf.uni-lj.si\/oto\/event\/novo-tkivo-ritem-prepleta\/#primaryimage","inLanguage":"en-US","url":"https:\/\/www.ntf.uni-lj.si\/oto\/wp-content\/uploads\/sites\/6\/2026\/04\/NOVO-TKIVO_plakat_tamtam-scaled.jpg","contentUrl":"https:\/\/www.ntf.uni-lj.si\/oto\/wp-content\/uploads\/sites\/6\/2026\/04\/NOVO-TKIVO_plakat_tamtam-scaled.jpg","width":1749,"height":2560},{"@type":"WebPage","@id":"https:\/\/www.ntf.uni-lj.si\/oto\/event\/novo-tkivo-ritem-prepleta\/#webpage","url":"https:\/\/www.ntf.uni-lj.si\/oto\/event\/novo-tkivo-ritem-prepleta\/","name":"Novo tkivo: Ritem prepleta - OTO","isPartOf":{"@id":"https:\/\/www.ntf.uni-lj.si\/oto\/en\/#website"},"primaryImageOfPage":{"@id":"https:\/\/www.ntf.uni-lj.si\/oto\/event\/novo-tkivo-ritem-prepleta\/#primaryimage"},"datePublished":"2026-04-24T11:36:58+00:00","dateModified":"2026-04-24T11:39:10+00:00","breadcrumb":{"@id":"https:\/\/www.ntf.uni-lj.si\/oto\/event\/novo-tkivo-ritem-prepleta\/#breadcrumb"},"inLanguage":"en-US","potentialAction":[{"@type":"ReadAction","target":["https:\/\/www.ntf.uni-lj.si\/oto\/event\/novo-tkivo-ritem-prepleta\/"]}]},{"@type":"BreadcrumbList","@id":"https:\/\/www.ntf.uni-lj.si\/oto\/event\/novo-tkivo-ritem-prepleta\/#breadcrumb","itemListElement":[{"@type":"ListItem","position":1,"name":"Home","item":"https:\/\/www.ntf.uni-lj.si\/oto\/en\/"},{"@type":"ListItem","position":2,"name":"Events","item":"https:\/\/www.ntf.uni-lj.si\/oto\/en\/event\/"},{"@type":"ListItem","position":3,"name":"Novo tkivo: Ritem prepleta"}]}]}},"_links":{"self":[{"href":"https:\/\/www.ntf.uni-lj.si\/oto\/wp-json\/wp\/v2\/event\/25458"}],"collection":[{"href":"https:\/\/www.ntf.uni-lj.si\/oto\/wp-json\/wp\/v2\/event"}],"about":[{"href":"https:\/\/www.ntf.uni-lj.si\/oto\/wp-json\/wp\/v2\/types\/event"}],"author":[{"embeddable":true,"href":"https:\/\/www.ntf.uni-lj.si\/oto\/wp-json\/wp\/v2\/users\/389"}],"version-history":[{"count":7,"href":"https:\/\/www.ntf.uni-lj.si\/oto\/wp-json\/wp\/v2\/event\/25458\/revisions"}],"predecessor-version":[{"id":25468,"href":"https:\/\/www.ntf.uni-lj.si\/oto\/wp-json\/wp\/v2\/event\/25458\/revisions\/25468"}],"wp:featuredmedia":[{"embeddable":true,"href":"https:\/\/www.ntf.uni-lj.si\/oto\/wp-json\/wp\/v2\/media\/25459"}],"wp:attachment":[{"href":"https:\/\/www.ntf.uni-lj.si\/oto\/wp-json\/wp\/v2\/media?parent=25458"}],"curies":[{"name":"wp","href":"https:\/\/api.w.org\/{rel}","templated":true}]}}

<p>Vabljeni na razstavo sodobnih tkalk Francije, Slovenije in Poljske. Otvoritev razstave bo v <strong>ponedeljek, 4. 5. 2026 ob 19:00 v Layerjevi hiši v Kranju</strong>.</p>
<p>Štiri mlade umetnice, ki prihajajo iz različnih geografskih in izobraževalnih okolij, pristopajo k tkanju kot k odprtemu polju raziskovanja. Prostoru, kjer se tradicija ne ponavlja, temveč se nenehno na novo opredeljuje. Izhajajoč iz dediščine umetnic, kot so Anni Albers, Magdalena Abakanowicz, Jagoda Buić in Olga de Amaral, njihova dela hkrati gledajo nazaj in naprej ter oblikujejo nove tekstilne jezike.</p>
<p>Skozi intuitivno delo z materialom, eksperimentiranje z nekonvencionalnimi vlakni in širjenje tekstila iz površine v prostor razvijajo sodobne pristope, ki uravnovešajo znanje, spomin in svobodo. V tem procesu tkanje postane način razmišljanja. Počasen, taktilen in globoko povezan s časom, v katerem nastaja.</p>
<p>Razstava je del programa BIEN 2026, podprta s strani Ministrstva za kulturo Republike Slovenije in Culture Moves Europe.</p>
<h4 style="margin-top: 40px">Avtorice razstave</h4>
<p><em>Olivia Géraud (FR), Kristi Komel (SI), Dominika Gacko in Julia Piekarska (PL)</em></p>
<p><strong>Kurator razstave: </strong>Lovro Ivančić<br />
<strong>Partner: </strong>Zavod Carnica<br />
<strong>Fotografija:</strong> Rest Studio archive</p>

Vabljeni na razstavo sodobnih tkalk Francije, Slovenije in Poljske. Otvoritev razstave bo v ponedeljek, 4. 5. 2026 ob 19:00 v Layerjevi hiši v Kranju. Štiri mlade umetnice, ki prihajajo iz različnih geografskih in izobraževalnih okolij, pristopajo k tkanju kot k odprtemu polju raziskovanja. Prostoru, kjer se tradicija ne ponavlja, temveč se nenehno na novo opredeljuje. &#8230; <a class="view-article" href="https://www.ntf.uni-lj.si/oto/event/novo-tkivo-ritem-prepleta/">Read more</a>

<!-- This site is optimized with the Yoast SEO plugin v17.0 - https://yoast.com/wordpress/plugins/seo/ -->
<meta name="robots" content="index, follow, max-snippet:-1, max-image-preview:large, max-video-preview:-1" />
<link rel="canonical" href="https://www.ntf.uni-lj.si/oto/event/novo-tkivo-ritem-prepleta/" />
<meta property="og:locale" content="en_US" />
<meta property="og:type" content="article" />
<meta property="og:title" content="Novo tkivo: Ritem prepleta - OTO" />
<meta property="og:description" content="Vabljeni na razstavo sodobnih tkalk Francije, Slovenije in Poljske. Otvoritev razstave bo v ponedeljek, 4. 5. 2026 ob 19:00 v Layerjevi hiši v Kranju. Štiri mlade umetnice, ki prihajajo iz različnih geografskih in izobraževalnih okolij, pristopajo k tkanju kot k odprtemu polju raziskovanja. Prostoru, kjer se tradicija ne ponavlja, temveč se nenehno na novo opredeljuje. ... Read more" />
<meta property="og:url" content="https://www.ntf.uni-lj.si/oto/event/novo-tkivo-ritem-prepleta/" />
<meta property="og:site_name" content="OTO" />
<meta property="article:modified_time" content="2026-04-24T11:39:10+00:00" />
<meta property="og:image" content="https://www.ntf.uni-lj.si/oto/wp-content/uploads/sites/6/2026/04/NOVO-TKIVO_plakat_tamtam-scaled.jpg" />
	<meta property="og:image:width" content="1749" />
	<meta property="og:image:height" content="2560" />
<meta name="twitter:label1" content="Est. reading time" />
	<meta name="twitter:data1" content="1 minute" />
<script type="application/ld+json" class="yoast-schema-graph">{"@context":"https://schema.org","@graph":[{"@type":"WebSite","@id":"https://www.ntf.uni-lj.si/oto/en/#website","url":"https://www.ntf.uni-lj.si/oto/en/","name":"OTO","description":"Katedra za oblikovanje tekstilij in obla\u010dil","potentialAction":[{"@type":"SearchAction","target":{"@type":"EntryPoint","urlTemplate":"https://www.ntf.uni-lj.si/oto/en/?s={search_term_string}"},"query-input":"required name=search_term_string"}],"inLanguage":"en-US"},{"@type":"ImageObject","@id":"https://www.ntf.uni-lj.si/oto/event/novo-tkivo-ritem-prepleta/#primaryimage","inLanguage":"en-US","url":"https://www.ntf.uni-lj.si/oto/wp-content/uploads/sites/6/2026/04/NOVO-TKIVO_plakat_tamtam-scaled.jpg","contentUrl":"https://www.ntf.uni-lj.si/oto/wp-content/uploads/sites/6/2026/04/NOVO-TKIVO_plakat_tamtam-scaled.jpg","width":1749,"height":2560},{"@type":"WebPage","@id":"https://www.ntf.uni-lj.si/oto/event/novo-tkivo-ritem-prepleta/#webpage","url":"https://www.ntf.uni-lj.si/oto/event/novo-tkivo-ritem-prepleta/","name":"Novo tkivo: Ritem prepleta - OTO","isPartOf":{"@id":"https://www.ntf.uni-lj.si/oto/en/#website"},"primaryImageOfPage":{"@id":"https://www.ntf.uni-lj.si/oto/event/novo-tkivo-ritem-prepleta/#primaryimage"},"datePublished":"2026-04-24T11:36:58+00:00","dateModified":"2026-04-24T11:39:10+00:00","breadcrumb":{"@id":"https://www.ntf.uni-lj.si/oto/event/novo-tkivo-ritem-prepleta/#breadcrumb"},"inLanguage":"en-US","potentialAction":[{"@type":"ReadAction","target":["https://www.ntf.uni-lj.si/oto/event/novo-tkivo-ritem-prepleta/"]}]},{"@type":"BreadcrumbList","@id":"https://www.ntf.uni-lj.si/oto/event/novo-tkivo-ritem-prepleta/#breadcrumb","itemListElement":[{"@type":"ListItem","position":1,"name":"Home","item":"https://www.ntf.uni-lj.si/oto/en/"},{"@type":"ListItem","position":2,"name":"Events","item":"https://www.ntf.uni-lj.si/oto/en/event/"},{"@type":"ListItem","position":3,"name":"Novo tkivo: Ritem prepleta"}]}]}</script>
<!-- / Yoast SEO plugin. -->

Vabljeni na razstavo sodobnih tkalk Francije, Slovenije in Poljske. Otvoritev razstave bo v ponedeljek, 4. 5. 2026 ob 19:00 v Layerjevi hiši v Kranju. Štiri mlade umetnice, ki prihajajo iz različnih geografskih in izobraževalnih okolij, pristopajo k tkanju kot k odprtemu polju raziskovanja. Prostoru, kjer se tradicija ne ponavlja, temveč se nenehno na novo opredeljuje. ... Read more

Katedra za oblikovanje tekstilij in oblačil
