{"id":188,"date":"2015-03-26T13:41:32","date_gmt":"2015-03-26T13:41:32","guid":{"rendered":"http:\/\/www.ntf.uni-lj.si\/oto\/?page_id=188"},"modified":"2015-05-06T09:39:47","modified_gmt":"2015-05-06T08:39:47","slug":"kontakt","status":"publish","type":"page","link":"https:\/\/www.ntf.uni-lj.si\/oto\/o-nas\/katedra-oto\/kontakt\/","title":{"rendered":"Kontakt"},"content":{"rendered":"<div class=\"col-sm-8 no-padding right-small-padding\"><strong>Katedra za oblikovanje tekstilij in obla\u010dil<\/strong><br \/>\n<strong> Oddelek za tekstilstvo, grafiko in oblikovanje<\/strong><br \/>\nSne\u017eni\u0161ka ulica 5<br \/>\n1000 Ljubljana<br \/>\nTelefon: 01 200 32 00<br \/>\nFaks: 01 200 32 70<br \/>\nSplet: <a href=\"http:\/\/www.ntf.uni-lj.si\/oto\/\">www.ntf.uni-lj.si\/oto\/<\/a><br \/>\nE-po\u0161ta: <a href=\"mailto:info@ntf.uni-lj.si\">info@ntf.uni-lj.si<\/a><\/p>\n<p><strong>Naravoslovnotehni\u0161ka fakulteta<\/strong><br \/>\nA\u0161ker\u010deva cesta 12,\u00a01000 LjubljanaDav\u010dna \u0161tevilka: SI24405388<br \/>\nMati\u010dna \u0161tevilka: 1627074<br \/>\n\u0160ifra dejavnosti: 80.303<br \/>\nPodra\u010dun pri UJP: 01100-6030708186<\/div>\n<div class=\"col-sm-12 no-padding\"><iframe src=\"https:\/\/www.google.com\/maps\/embed\/v1\/place?q=Sne%C5%BEni%C5%A1ka%20ulica%205&amp;key=AIzaSyD0Sf_heX7-sxq_knfBHyq78wo1N0VvdVE&amp;language=sl\" border=\"0\" width=\"100%\" height=\"350px\" name=\"timetableiframe\" id=\"timetableiframe\" style=\"width:100%; height:350px;border:none\"><\/iframe><\/div>\n","protected":false},"excerpt":{"rendered":"Katedra za oblikovanje tekstilij in obla\u010dil Oddelek za tekstilstvo, grafiko in oblikovanje Sne\u017eni\u0161ka ulica 5 1000 Ljubljana Telefon: 01 200 32 00 Faks: 01 200 32 70 Splet: www.ntf.uni-lj.si\/oto\/ E-po\u0161ta: info@ntf.uni-lj.si Naravoslovnotehni\u0161ka fakulteta A\u0161ker\u010deva cesta 12,\u00a01000 LjubljanaDav\u010dna \u0161tevilka: SI24405388 Mati\u010dna \u0161tevilka: 1627074 \u0160ifra dejavnosti: 80.303 Podra\u010dun pri UJP: 01100-6030708186","protected":false},"author":27,"featured_media":0,"parent":176,"menu_order":30,"comment_status":"closed","ping_status":"closed","template":"","meta":[],"acf":[],"yoast_head":"<!-- This site is optimized with the Yoast SEO plugin v17.0 - https:\/\/yoast.com\/wordpress\/plugins\/seo\/ -->\n<meta name=\"robots\" content=\"index, follow, max-snippet:-1, max-image-preview:large, max-video-preview:-1\" \/>\n<link rel=\"canonical\" href=\"https:\/\/www.ntf.uni-lj.si\/oto\/o-nas\/katedra-oto\/kontakt\/\" \/>\n<meta property=\"og:locale\" content=\"en_US\" \/>\n<meta property=\"og:type\" content=\"article\" \/>\n<meta property=\"og:title\" content=\"Kontakt - OTO\" \/>\n<meta property=\"og:description\" content=\"Katedra za oblikovanje tekstilij in obla\u010dil Oddelek za tekstilstvo, grafiko in oblikovanje Sne\u017eni\u0161ka ulica 5 1000 Ljubljana Telefon: 01 200 32 00 Faks: 01 200 32 70 Splet: www.ntf.uni-lj.si\/oto\/ E-po\u0161ta: info@ntf.uni-lj.si Naravoslovnotehni\u0161ka fakulteta A\u0161ker\u010deva cesta 12,\u00a01000 LjubljanaDav\u010dna \u0161tevilka: SI24405388 Mati\u010dna \u0161tevilka: 1627074 \u0160ifra dejavnosti: 80.303 Podra\u010dun pri UJP: 01100-6030708186\" \/>\n<meta property=\"og:url\" content=\"https:\/\/www.ntf.uni-lj.si\/oto\/o-nas\/katedra-oto\/kontakt\/\" \/>\n<meta property=\"og:site_name\" content=\"OTO\" \/>\n<meta property=\"article:modified_time\" content=\"2015-05-06T08:39:47+00:00\" \/>\n<script type=\"application\/ld+json\" class=\"yoast-schema-graph\">{\"@context\":\"https:\/\/schema.org\",\"@graph\":[{\"@type\":\"WebSite\",\"@id\":\"https:\/\/www.ntf.uni-lj.si\/oto\/en\/#website\",\"url\":\"https:\/\/www.ntf.uni-lj.si\/oto\/en\/\",\"name\":\"OTO\",\"description\":\"Katedra za oblikovanje tekstilij in obla\\u010dil\",\"potentialAction\":[{\"@type\":\"SearchAction\",\"target\":{\"@type\":\"EntryPoint\",\"urlTemplate\":\"https:\/\/www.ntf.uni-lj.si\/oto\/en\/?s={search_term_string}\"},\"query-input\":\"required name=search_term_string\"}],\"inLanguage\":\"en-US\"},{\"@type\":\"WebPage\",\"@id\":\"https:\/\/www.ntf.uni-lj.si\/oto\/o-nas\/katedra-oto\/kontakt\/#webpage\",\"url\":\"https:\/\/www.ntf.uni-lj.si\/oto\/o-nas\/katedra-oto\/kontakt\/\",\"name\":\"Kontakt - OTO\",\"isPartOf\":{\"@id\":\"https:\/\/www.ntf.uni-lj.si\/oto\/en\/#website\"},\"datePublished\":\"2015-03-26T13:41:32+00:00\",\"dateModified\":\"2015-05-06T08:39:47+00:00\",\"breadcrumb\":{\"@id\":\"https:\/\/www.ntf.uni-lj.si\/oto\/o-nas\/katedra-oto\/kontakt\/#breadcrumb\"},\"inLanguage\":\"en-US\",\"potentialAction\":[{\"@type\":\"ReadAction\",\"target\":[\"https:\/\/www.ntf.uni-lj.si\/oto\/o-nas\/katedra-oto\/kontakt\/\"]}]},{\"@type\":\"BreadcrumbList\",\"@id\":\"https:\/\/www.ntf.uni-lj.si\/oto\/o-nas\/katedra-oto\/kontakt\/#breadcrumb\",\"itemListElement\":[{\"@type\":\"ListItem\",\"position\":1,\"name\":\"Home\",\"item\":\"https:\/\/www.ntf.uni-lj.si\/oto\/en\/\"},{\"@type\":\"ListItem\",\"position\":2,\"name\":\"O nas\",\"item\":\"https:\/\/www.ntf.uni-lj.si\/oto\/o-nas\/\"},{\"@type\":\"ListItem\",\"position\":3,\"name\":\"Katedra OTO\",\"item\":\"https:\/\/www.ntf.uni-lj.si\/oto\/o-nas\/katedra-oto\/\"},{\"@type\":\"ListItem\",\"position\":4,\"name\":\"Kontakt\"}]}]}<\/script>\n<!-- \/ Yoast SEO plugin. -->","yoast_head_json":{"robots":{"index":"index","follow":"follow","max-snippet":"max-snippet:-1","max-image-preview":"max-image-preview:large","max-video-preview":"max-video-preview:-1"},"canonical":"https:\/\/www.ntf.uni-lj.si\/oto\/o-nas\/katedra-oto\/kontakt\/","og_locale":"en_US","og_type":"article","og_title":"Kontakt - OTO","og_description":"Katedra za oblikovanje tekstilij in obla\u010dil Oddelek za tekstilstvo, grafiko in oblikovanje Sne\u017eni\u0161ka ulica 5 1000 Ljubljana Telefon: 01 200 32 00 Faks: 01 200 32 70 Splet: www.ntf.uni-lj.si\/oto\/ E-po\u0161ta: info@ntf.uni-lj.si Naravoslovnotehni\u0161ka fakulteta A\u0161ker\u010deva cesta 12,\u00a01000 LjubljanaDav\u010dna \u0161tevilka: SI24405388 Mati\u010dna \u0161tevilka: 1627074 \u0160ifra dejavnosti: 80.303 Podra\u010dun pri UJP: 01100-6030708186","og_url":"https:\/\/www.ntf.uni-lj.si\/oto\/o-nas\/katedra-oto\/kontakt\/","og_site_name":"OTO","article_modified_time":"2015-05-06T08:39:47+00:00","schema":{"@context":"https:\/\/schema.org","@graph":[{"@type":"WebSite","@id":"https:\/\/www.ntf.uni-lj.si\/oto\/en\/#website","url":"https:\/\/www.ntf.uni-lj.si\/oto\/en\/","name":"OTO","description":"Katedra za oblikovanje tekstilij in obla\u010dil","potentialAction":[{"@type":"SearchAction","target":{"@type":"EntryPoint","urlTemplate":"https:\/\/www.ntf.uni-lj.si\/oto\/en\/?s={search_term_string}"},"query-input":"required name=search_term_string"}],"inLanguage":"en-US"},{"@type":"WebPage","@id":"https:\/\/www.ntf.uni-lj.si\/oto\/o-nas\/katedra-oto\/kontakt\/#webpage","url":"https:\/\/www.ntf.uni-lj.si\/oto\/o-nas\/katedra-oto\/kontakt\/","name":"Kontakt - OTO","isPartOf":{"@id":"https:\/\/www.ntf.uni-lj.si\/oto\/en\/#website"},"datePublished":"2015-03-26T13:41:32+00:00","dateModified":"2015-05-06T08:39:47+00:00","breadcrumb":{"@id":"https:\/\/www.ntf.uni-lj.si\/oto\/o-nas\/katedra-oto\/kontakt\/#breadcrumb"},"inLanguage":"en-US","potentialAction":[{"@type":"ReadAction","target":["https:\/\/www.ntf.uni-lj.si\/oto\/o-nas\/katedra-oto\/kontakt\/"]}]},{"@type":"BreadcrumbList","@id":"https:\/\/www.ntf.uni-lj.si\/oto\/o-nas\/katedra-oto\/kontakt\/#breadcrumb","itemListElement":[{"@type":"ListItem","position":1,"name":"Home","item":"https:\/\/www.ntf.uni-lj.si\/oto\/en\/"},{"@type":"ListItem","position":2,"name":"O nas","item":"https:\/\/www.ntf.uni-lj.si\/oto\/o-nas\/"},{"@type":"ListItem","position":3,"name":"Katedra OTO","item":"https:\/\/www.ntf.uni-lj.si\/oto\/o-nas\/katedra-oto\/"},{"@type":"ListItem","position":4,"name":"Kontakt"}]}]}},"_links":{"self":[{"href":"https:\/\/www.ntf.uni-lj.si\/oto\/wp-json\/wp\/v2\/pages\/188"}],"collection":[{"href":"https:\/\/www.ntf.uni-lj.si\/oto\/wp-json\/wp\/v2\/pages"}],"about":[{"href":"https:\/\/www.ntf.uni-lj.si\/oto\/wp-json\/wp\/v2\/types\/page"}],"author":[{"embeddable":true,"href":"https:\/\/www.ntf.uni-lj.si\/oto\/wp-json\/wp\/v2\/users\/27"}],"replies":[{"embeddable":true,"href":"https:\/\/www.ntf.uni-lj.si\/oto\/wp-json\/wp\/v2\/comments?post=188"}],"version-history":[{"count":7,"href":"https:\/\/www.ntf.uni-lj.si\/oto\/wp-json\/wp\/v2\/pages\/188\/revisions"}],"predecessor-version":[{"id":5175,"href":"https:\/\/www.ntf.uni-lj.si\/oto\/wp-json\/wp\/v2\/pages\/188\/revisions\/5175"}],"up":[{"embeddable":true,"href":"https:\/\/www.ntf.uni-lj.si\/oto\/wp-json\/wp\/v2\/pages\/176"}],"wp:attachment":[{"href":"https:\/\/www.ntf.uni-lj.si\/oto\/wp-json\/wp\/v2\/media?parent=188"}],"curies":[{"name":"wp","href":"https:\/\/api.w.org\/{rel}","templated":true}]}}