{"id":21089,"date":"2024-01-11T09:33:25","date_gmt":"2024-01-11T08:33:25","guid":{"rendered":"https:\/\/www.ntf.uni-lj.si\/oto\/?page_id=21089"},"modified":"2024-04-16T09:25:09","modified_gmt":"2024-04-16T07:25:09","slug":"predmetnik","status":"publish","type":"page","link":"https:\/\/www.ntf.uni-lj.si\/oto\/studij\/3-stopnja\/umetnost-dr\/predmetnik\/","title":{"rendered":"Predmetnik"},"content":{"rendered":"<ul>\n<li>Interdisciplinarni doktorski \u0161tudijski program Umetnost obsega 7200 ur oziroma 240 ECTS. Od tega je organiziranim oblikam namenjenih 1800 ur oz. 60 ECTS in umetni\u0161koraziskovalnemu delu 5400 ur oz. 180 ECTS. 1 ECTS je ovrednotena s 30 urami \u0161tudentovega dela.<\/li>\n<li>Organizirane oblike sestavljajo 25 %, raziskovalno delo pa 75 % obveznosti \u0161tudenta. Predavanja praviloma ne presegajo 20 % vseh organiziranih oblik pouka. Dele\u017e seminarjev, vaj in drugih oblik \u0161tudija zna\u0161a v povpre\u010dju ve\u010d kot 80 %.<\/li>\n<li>Seznam nosilcev, izvajalcev in mentorjev je dostopen na sstrani <a href=\"https:\/\/www.ntf.uni-lj.si\/oto\/studij\/3-stopnja\/umetnost-dr\/nosilci-izvajalci-mentorji\/\">Nosilci, izvajalci in mentorji.<\/a><\/li>\n<\/ul>\n<div style=\"height:10px; width:100%;\"><\/div>\n<h3>1. letnik<\/h3>\n<table class=\"table curriculum-table\">\n<tbody>\n<tr class=\"bar bar-gray1\">\n<td style=\"text-align: left\">Predmet<\/td>\n<td style=\"text-align: left;width: 110px\">ECTS<\/td>\n<\/tr>\n<tr class=\"course\">\n<td style=\"text-align: left\">Raziskovanje v umetnosti I<\/td>\n<td style=\"text-align: left\">5<\/td>\n<\/tr>\n<tr class=\"course\">\n<td style=\"text-align: left\">Teorije umetnosti<\/td>\n<td style=\"text-align: left\">5<\/td>\n<\/tr>\n<tr class=\"course\">\n<td style=\"text-align: left\"><a href=\"https:\/\/www.ntf.uni-lj.si\/oto\/course\/tekstilne-in-oblacilne-prakse\/\">Tekstilne in obla\u010dilne prakse (smer Oblikovanje tekstilij in obla\u010dil) <\/a>&#8211; temeljni predmet s podro\u010dja, na katero se je \u0161tudent vpisal<\/td>\n<td style=\"text-align: left\">5<\/td>\n<\/tr>\n<tr class=\"course\">\n<td style=\"text-align: left\">Umetni\u0161ki seminar I<\/td>\n<td style=\"text-align: left\">10<\/td>\n<\/tr>\n<tr class=\"course\">\n<td style=\"text-align: left\">Individualno umetni\u0161koraziskovalno delo<\/td>\n<td style=\"text-align: left\">35<\/td>\n<\/tr>\n<\/tbody>\n<\/table>\n<h3>2. letnik<\/h3>\n<table class=\"table curriculum-table\">\n<tbody>\n<tr class=\"bar bar-gray1\">\n<td style=\"text-align: left\">Predmet<\/td>\n<td style=\"text-align: left;width: 110px\">ECTS<\/td>\n<\/tr>\n<tr class=\"course\">\n<td style=\"text-align: left\"><a href=\"https:\/\/www.ntf.uni-lj.si\/oto\/course\/raziskovanje-v-umetnosti-ii\/\">Raziskovanje v umetnosti II<\/a><\/td>\n<td style=\"text-align: left\">5<\/td>\n<\/tr>\n<tr class=\"course\">\n<td style=\"text-align: left\">Zunanji izbirni predmet<\/td>\n<td style=\"text-align: left\">5<\/td>\n<\/tr>\n<tr class=\"course\">\n<td style=\"text-align: left\">Predstavitev dispozicije doktorskega dela<\/td>\n<td style=\"text-align: left\">5<\/td>\n<\/tr>\n<tr class=\"course\">\n<td style=\"text-align: left\">Individualno umetni\u0161koraziskovalno delo<\/td>\n<td style=\"text-align: left\">45<\/td>\n<\/tr>\n<\/tbody>\n<\/table>\n<h3>3. letnik<\/h3>\n<table class=\"table curriculum-table\">\n<tbody>\n<tr class=\"bar bar-gray1\">\n<td style=\"text-align: left\">Predmet<\/td>\n<td style=\"text-align: left;width: 110px\">ECTS<\/td>\n<\/tr>\n<tr class=\"course\">\n<td style=\"text-align: left\">Umetni\u0161ki seminar II<\/td>\n<td style=\"text-align: left\">10<\/td>\n<\/tr>\n<tr class=\"course\">\n<td style=\"text-align: left\">Individualno umetni\u0161koraziskovalno delo<\/td>\n<td style=\"text-align: left\">50<\/td>\n<\/tr>\n<\/tbody>\n<\/table>\n<h3>4. letnik<\/h3>\n<table class=\"table curriculum-table\">\n<tbody>\n<tr class=\"bar bar-gray1\">\n<td style=\"text-align: left\">Predmet<\/td>\n<td style=\"text-align: left;width: 110px\">ECTS<\/td>\n<\/tr>\n<tr class=\"course\">\n<td style=\"text-align: left\">Individualno umetni\u0161koraziskovalno delo<\/td>\n<td style=\"text-align: left\">50<\/td>\n<\/tr>\n<tr class=\"course\">\n<td style=\"text-align: left\">Predstavitev rezultatov umetni\u0161koraziskovalnega dela<\/td>\n<td style=\"text-align: left\">5<\/td>\n<\/tr>\n<tr class=\"course\">\n<td style=\"text-align: left\">Javni zagovor doktorskega dela<\/td>\n<td style=\"text-align: left\">5<\/td>\n<\/tr>\n<\/tbody>\n<\/table>\n<p><small><strong>Oznake v predmetniku pomenijo:<br \/>\n<\/strong>P \u2013 predavanja<br \/>\nS \u2013 seminar<br \/>\nV \u2013 vaje<br \/>\nD \u2013 druge oblike neposrednega pedago\u0161kega dela (predvsem projektno delo)<br \/>\nECTS \u2013 kreditne to\u010dke po evropskem sistemu prenosa kreditnih to\u010dk (1 kreditna to\u010dka pomeni 30 ur obremenitve \u0161tudenta)<br \/>\nSiva &#8211; Sivo zapisani predmeti se v tem \u0161tudijskem letu ne izvajajo<\/small><\/p>\n<div style=\"height:10px; width:100%;\"><\/div>\n","protected":false},"excerpt":{"rendered":"Interdisciplinarni doktorski \u0161tudijski program Umetnost obsega 7200 ur oziroma 240 ECTS. Od tega je organiziranim oblikam namenjenih 1800 ur oz. 60 ECTS in umetni\u0161koraziskovalnemu delu 5400 ur oz. 180 ECTS. 1 ECTS je ovrednotena s 30 urami \u0161tudentovega dela. Organizirane oblike sestavljajo 25 %, raziskovalno delo pa 75 % obveznosti \u0161tudenta. Predavanja praviloma ne presegajo &#8230; <a class=\"view-article\" href=\"https:\/\/www.ntf.uni-lj.si\/oto\/studij\/3-stopnja\/umetnost-dr\/predmetnik\/\">Read more<\/a>","protected":false},"author":221,"featured_media":0,"parent":21079,"menu_order":10,"comment_status":"closed","ping_status":"closed","template":"","meta":[],"acf":[],"yoast_head":"<!-- This site is optimized with the Yoast SEO plugin v17.0 - https:\/\/yoast.com\/wordpress\/plugins\/seo\/ -->\n<meta name=\"robots\" content=\"index, follow, max-snippet:-1, max-image-preview:large, max-video-preview:-1\" \/>\n<link rel=\"canonical\" href=\"https:\/\/www.ntf.uni-lj.si\/oto\/studij\/3-stopnja\/umetnost-dr\/predmetnik\/\" \/>\n<meta property=\"og:locale\" content=\"en_US\" \/>\n<meta property=\"og:type\" content=\"article\" \/>\n<meta property=\"og:title\" content=\"Predmetnik - OTO\" \/>\n<meta property=\"og:description\" content=\"Interdisciplinarni doktorski \u0161tudijski program Umetnost obsega 7200 ur oziroma 240 ECTS. Od tega je organiziranim oblikam namenjenih 1800 ur oz. 60 ECTS in umetni\u0161koraziskovalnemu delu 5400 ur oz. 180 ECTS. 1 ECTS je ovrednotena s 30 urami \u0161tudentovega dela. Organizirane oblike sestavljajo 25 %, raziskovalno delo pa 75 % obveznosti \u0161tudenta. Predavanja praviloma ne presegajo ... Read more\" \/>\n<meta property=\"og:url\" content=\"https:\/\/www.ntf.uni-lj.si\/oto\/studij\/3-stopnja\/umetnost-dr\/predmetnik\/\" \/>\n<meta property=\"og:site_name\" content=\"OTO\" \/>\n<meta property=\"article:modified_time\" content=\"2024-04-16T07:25:09+00:00\" \/>\n<meta name=\"twitter:label1\" content=\"Est. reading time\" \/>\n\t<meta name=\"twitter:data1\" content=\"2 minutes\" \/>\n<script type=\"application\/ld+json\" class=\"yoast-schema-graph\">{\"@context\":\"https:\/\/schema.org\",\"@graph\":[{\"@type\":\"WebSite\",\"@id\":\"https:\/\/www.ntf.uni-lj.si\/oto\/en\/#website\",\"url\":\"https:\/\/www.ntf.uni-lj.si\/oto\/en\/\",\"name\":\"OTO\",\"description\":\"Katedra za oblikovanje tekstilij in obla\\u010dil\",\"potentialAction\":[{\"@type\":\"SearchAction\",\"target\":{\"@type\":\"EntryPoint\",\"urlTemplate\":\"https:\/\/www.ntf.uni-lj.si\/oto\/en\/?s={search_term_string}\"},\"query-input\":\"required name=search_term_string\"}],\"inLanguage\":\"en-US\"},{\"@type\":\"WebPage\",\"@id\":\"https:\/\/www.ntf.uni-lj.si\/oto\/studij\/3-stopnja\/umetnost-dr\/predmetnik\/#webpage\",\"url\":\"https:\/\/www.ntf.uni-lj.si\/oto\/studij\/3-stopnja\/umetnost-dr\/predmetnik\/\",\"name\":\"Predmetnik - OTO\",\"isPartOf\":{\"@id\":\"https:\/\/www.ntf.uni-lj.si\/oto\/en\/#website\"},\"datePublished\":\"2024-01-11T08:33:25+00:00\",\"dateModified\":\"2024-04-16T07:25:09+00:00\",\"breadcrumb\":{\"@id\":\"https:\/\/www.ntf.uni-lj.si\/oto\/studij\/3-stopnja\/umetnost-dr\/predmetnik\/#breadcrumb\"},\"inLanguage\":\"en-US\",\"potentialAction\":[{\"@type\":\"ReadAction\",\"target\":[\"https:\/\/www.ntf.uni-lj.si\/oto\/studij\/3-stopnja\/umetnost-dr\/predmetnik\/\"]}]},{\"@type\":\"BreadcrumbList\",\"@id\":\"https:\/\/www.ntf.uni-lj.si\/oto\/studij\/3-stopnja\/umetnost-dr\/predmetnik\/#breadcrumb\",\"itemListElement\":[{\"@type\":\"ListItem\",\"position\":1,\"name\":\"Home\",\"item\":\"https:\/\/www.ntf.uni-lj.si\/oto\/en\/\"},{\"@type\":\"ListItem\",\"position\":2,\"name\":\"\\u0160tudij\",\"item\":\"https:\/\/www.ntf.uni-lj.si\/oto\/studij\/\"},{\"@type\":\"ListItem\",\"position\":3,\"name\":\"3. stopnja\",\"item\":\"https:\/\/www.ntf.uni-lj.si\/oto\/studij\/3-stopnja\/\"},{\"@type\":\"ListItem\",\"position\":4,\"name\":\"Umetnost (DR)\",\"item\":\"https:\/\/www.ntf.uni-lj.si\/oto\/studij\/3-stopnja\/umetnost-dr\/\"},{\"@type\":\"ListItem\",\"position\":5,\"name\":\"Predmetnik\"}]}]}<\/script>\n<!-- \/ Yoast SEO plugin. -->","yoast_head_json":{"robots":{"index":"index","follow":"follow","max-snippet":"max-snippet:-1","max-image-preview":"max-image-preview:large","max-video-preview":"max-video-preview:-1"},"canonical":"https:\/\/www.ntf.uni-lj.si\/oto\/studij\/3-stopnja\/umetnost-dr\/predmetnik\/","og_locale":"en_US","og_type":"article","og_title":"Predmetnik - OTO","og_description":"Interdisciplinarni doktorski \u0161tudijski program Umetnost obsega 7200 ur oziroma 240 ECTS. Od tega je organiziranim oblikam namenjenih 1800 ur oz. 60 ECTS in umetni\u0161koraziskovalnemu delu 5400 ur oz. 180 ECTS. 1 ECTS je ovrednotena s 30 urami \u0161tudentovega dela. Organizirane oblike sestavljajo 25 %, raziskovalno delo pa 75 % obveznosti \u0161tudenta. Predavanja praviloma ne presegajo ... Read more","og_url":"https:\/\/www.ntf.uni-lj.si\/oto\/studij\/3-stopnja\/umetnost-dr\/predmetnik\/","og_site_name":"OTO","article_modified_time":"2024-04-16T07:25:09+00:00","twitter_misc":{"Est. reading time":"2 minutes"},"schema":{"@context":"https:\/\/schema.org","@graph":[{"@type":"WebSite","@id":"https:\/\/www.ntf.uni-lj.si\/oto\/en\/#website","url":"https:\/\/www.ntf.uni-lj.si\/oto\/en\/","name":"OTO","description":"Katedra za oblikovanje tekstilij in obla\u010dil","potentialAction":[{"@type":"SearchAction","target":{"@type":"EntryPoint","urlTemplate":"https:\/\/www.ntf.uni-lj.si\/oto\/en\/?s={search_term_string}"},"query-input":"required name=search_term_string"}],"inLanguage":"en-US"},{"@type":"WebPage","@id":"https:\/\/www.ntf.uni-lj.si\/oto\/studij\/3-stopnja\/umetnost-dr\/predmetnik\/#webpage","url":"https:\/\/www.ntf.uni-lj.si\/oto\/studij\/3-stopnja\/umetnost-dr\/predmetnik\/","name":"Predmetnik - OTO","isPartOf":{"@id":"https:\/\/www.ntf.uni-lj.si\/oto\/en\/#website"},"datePublished":"2024-01-11T08:33:25+00:00","dateModified":"2024-04-16T07:25:09+00:00","breadcrumb":{"@id":"https:\/\/www.ntf.uni-lj.si\/oto\/studij\/3-stopnja\/umetnost-dr\/predmetnik\/#breadcrumb"},"inLanguage":"en-US","potentialAction":[{"@type":"ReadAction","target":["https:\/\/www.ntf.uni-lj.si\/oto\/studij\/3-stopnja\/umetnost-dr\/predmetnik\/"]}]},{"@type":"BreadcrumbList","@id":"https:\/\/www.ntf.uni-lj.si\/oto\/studij\/3-stopnja\/umetnost-dr\/predmetnik\/#breadcrumb","itemListElement":[{"@type":"ListItem","position":1,"name":"Home","item":"https:\/\/www.ntf.uni-lj.si\/oto\/en\/"},{"@type":"ListItem","position":2,"name":"\u0160tudij","item":"https:\/\/www.ntf.uni-lj.si\/oto\/studij\/"},{"@type":"ListItem","position":3,"name":"3. stopnja","item":"https:\/\/www.ntf.uni-lj.si\/oto\/studij\/3-stopnja\/"},{"@type":"ListItem","position":4,"name":"Umetnost (DR)","item":"https:\/\/www.ntf.uni-lj.si\/oto\/studij\/3-stopnja\/umetnost-dr\/"},{"@type":"ListItem","position":5,"name":"Predmetnik"}]}]}},"_links":{"self":[{"href":"https:\/\/www.ntf.uni-lj.si\/oto\/wp-json\/wp\/v2\/pages\/21089"}],"collection":[{"href":"https:\/\/www.ntf.uni-lj.si\/oto\/wp-json\/wp\/v2\/pages"}],"about":[{"href":"https:\/\/www.ntf.uni-lj.si\/oto\/wp-json\/wp\/v2\/types\/page"}],"author":[{"embeddable":true,"href":"https:\/\/www.ntf.uni-lj.si\/oto\/wp-json\/wp\/v2\/users\/221"}],"replies":[{"embeddable":true,"href":"https:\/\/www.ntf.uni-lj.si\/oto\/wp-json\/wp\/v2\/comments?post=21089"}],"version-history":[{"count":14,"href":"https:\/\/www.ntf.uni-lj.si\/oto\/wp-json\/wp\/v2\/pages\/21089\/revisions"}],"predecessor-version":[{"id":21892,"href":"https:\/\/www.ntf.uni-lj.si\/oto\/wp-json\/wp\/v2\/pages\/21089\/revisions\/21892"}],"up":[{"embeddable":true,"href":"https:\/\/www.ntf.uni-lj.si\/oto\/wp-json\/wp\/v2\/pages\/21079"}],"wp:attachment":[{"href":"https:\/\/www.ntf.uni-lj.si\/oto\/wp-json\/wp\/v2\/media?parent=21089"}],"curies":[{"name":"wp","href":"https:\/\/api.w.org\/{rel}","templated":true}]}}