{"id":236,"date":"2015-03-26T13:53:08","date_gmt":"2015-03-26T13:53:08","guid":{"rendered":"http:\/\/www.ntf.uni-lj.si\/oto\/?page_id=236"},"modified":"2021-01-05T10:42:57","modified_gmt":"2021-01-05T09:42:57","slug":"alumni","status":"publish","type":"page","link":"https:\/\/www.ntf.uni-lj.si\/oto\/o-nas\/alumni\/","title":{"rendered":"Alumni"},"content":{"rendered":"<p>Alumni klub Naravoslovnotehni\u0161ke fakultete Oddelka za tekstilstvo, grafiko in oblikovanje Univerze v Ljubljani zdru\u017euje <strong>diplomante vseh generacij<\/strong>, ki so kadarkoli diplomirali na tej fakulteti.<\/p>\n<p>Preko kluba lahko okrepite odnose in sodelovanje s svojimi diplomanti, se pridru\u017eite kolegom, poi\u0161\u010dete nekdanje so\u0161olce, raz\u0161irite krog poznanstev, predate svoje znanje naslednjim generacijam (pomo\u010d kot mentorji), prebrskate po objavljenih prostih delovnih mestih, razpisih in oblikovalskih ter umetni\u0161kih nate\u010dajih (jih na platformi tudi sami podelite med kolegi), poi\u0161\u010dete nove poslovne prilo\u017enosti, obi\u0161\u010dete razstave, modne revije in druge kulturne dogodke, ali preverite katero od ugodnosti, ki jih kot alumen Univerze v Ljubljani lahko koristite.<\/p>\n<p>Vabimo vas, da ostanete v stiku s fakulteto in katedro za oblikovanje tekstilij in obla\u010dil tudi po \u0161tudiju ter se nam pridru\u017eite v <strong><a href=\"https:\/\/alumniul.online\/\">Alumni klubu<\/a> NTF \u2013 Oblikovanje tekstilij in obla\u010dil<\/strong>.<\/p>\n","protected":false},"excerpt":{"rendered":"Alumni klub Naravoslovnotehni\u0161ke fakultete Oddelka za tekstilstvo, grafiko in oblikovanje Univerze v Ljubljani zdru\u017euje diplomante vseh generacij, ki so kadarkoli diplomirali na tej fakulteti. Preko kluba lahko okrepite odnose in sodelovanje s svojimi diplomanti, se pridru\u017eite kolegom, poi\u0161\u010dete nekdanje so\u0161olce, raz\u0161irite krog poznanstev, predate svoje znanje naslednjim generacijam (pomo\u010d kot mentorji), prebrskate po objavljenih prostih &#8230; <a class=\"view-article\" href=\"https:\/\/www.ntf.uni-lj.si\/oto\/o-nas\/alumni\/\">Read more<\/a>","protected":false},"author":27,"featured_media":0,"parent":170,"menu_order":70,"comment_status":"closed","ping_status":"closed","template":"","meta":[],"acf":[],"yoast_head":"<!-- This site is optimized with the Yoast SEO plugin v17.0 - https:\/\/yoast.com\/wordpress\/plugins\/seo\/ -->\n<meta name=\"robots\" content=\"index, follow, max-snippet:-1, max-image-preview:large, max-video-preview:-1\" \/>\n<link rel=\"canonical\" href=\"https:\/\/www.ntf.uni-lj.si\/oto\/o-nas\/alumni\/\" \/>\n<meta property=\"og:locale\" content=\"en_US\" \/>\n<meta property=\"og:type\" content=\"article\" \/>\n<meta property=\"og:title\" content=\"Alumni - OTO\" \/>\n<meta property=\"og:description\" content=\"Alumni klub Naravoslovnotehni\u0161ke fakultete Oddelka za tekstilstvo, grafiko in oblikovanje Univerze v Ljubljani zdru\u017euje diplomante vseh generacij, ki so kadarkoli diplomirali na tej fakulteti. Preko kluba lahko okrepite odnose in sodelovanje s svojimi diplomanti, se pridru\u017eite kolegom, poi\u0161\u010dete nekdanje so\u0161olce, raz\u0161irite krog poznanstev, predate svoje znanje naslednjim generacijam (pomo\u010d kot mentorji), prebrskate po objavljenih prostih ... Read more\" \/>\n<meta property=\"og:url\" content=\"https:\/\/www.ntf.uni-lj.si\/oto\/o-nas\/alumni\/\" \/>\n<meta property=\"og:site_name\" content=\"OTO\" \/>\n<meta property=\"article:modified_time\" content=\"2021-01-05T09:42:57+00:00\" \/>\n<meta name=\"twitter:label1\" content=\"Est. reading time\" \/>\n\t<meta name=\"twitter:data1\" content=\"1 minute\" \/>\n<script type=\"application\/ld+json\" class=\"yoast-schema-graph\">{\"@context\":\"https:\/\/schema.org\",\"@graph\":[{\"@type\":\"WebSite\",\"@id\":\"https:\/\/www.ntf.uni-lj.si\/oto\/en\/#website\",\"url\":\"https:\/\/www.ntf.uni-lj.si\/oto\/en\/\",\"name\":\"OTO\",\"description\":\"Katedra za oblikovanje tekstilij in obla\\u010dil\",\"potentialAction\":[{\"@type\":\"SearchAction\",\"target\":{\"@type\":\"EntryPoint\",\"urlTemplate\":\"https:\/\/www.ntf.uni-lj.si\/oto\/en\/?s={search_term_string}\"},\"query-input\":\"required name=search_term_string\"}],\"inLanguage\":\"en-US\"},{\"@type\":\"WebPage\",\"@id\":\"https:\/\/www.ntf.uni-lj.si\/oto\/o-nas\/alumni\/#webpage\",\"url\":\"https:\/\/www.ntf.uni-lj.si\/oto\/o-nas\/alumni\/\",\"name\":\"Alumni - OTO\",\"isPartOf\":{\"@id\":\"https:\/\/www.ntf.uni-lj.si\/oto\/en\/#website\"},\"datePublished\":\"2015-03-26T13:53:08+00:00\",\"dateModified\":\"2021-01-05T09:42:57+00:00\",\"breadcrumb\":{\"@id\":\"https:\/\/www.ntf.uni-lj.si\/oto\/o-nas\/alumni\/#breadcrumb\"},\"inLanguage\":\"en-US\",\"potentialAction\":[{\"@type\":\"ReadAction\",\"target\":[\"https:\/\/www.ntf.uni-lj.si\/oto\/o-nas\/alumni\/\"]}]},{\"@type\":\"BreadcrumbList\",\"@id\":\"https:\/\/www.ntf.uni-lj.si\/oto\/o-nas\/alumni\/#breadcrumb\",\"itemListElement\":[{\"@type\":\"ListItem\",\"position\":1,\"name\":\"Home\",\"item\":\"https:\/\/www.ntf.uni-lj.si\/oto\/en\/\"},{\"@type\":\"ListItem\",\"position\":2,\"name\":\"O nas\",\"item\":\"https:\/\/www.ntf.uni-lj.si\/oto\/o-nas\/\"},{\"@type\":\"ListItem\",\"position\":3,\"name\":\"Alumni\"}]}]}<\/script>\n<!-- \/ Yoast SEO plugin. -->","yoast_head_json":{"robots":{"index":"index","follow":"follow","max-snippet":"max-snippet:-1","max-image-preview":"max-image-preview:large","max-video-preview":"max-video-preview:-1"},"canonical":"https:\/\/www.ntf.uni-lj.si\/oto\/o-nas\/alumni\/","og_locale":"en_US","og_type":"article","og_title":"Alumni - OTO","og_description":"Alumni klub Naravoslovnotehni\u0161ke fakultete Oddelka za tekstilstvo, grafiko in oblikovanje Univerze v Ljubljani zdru\u017euje diplomante vseh generacij, ki so kadarkoli diplomirali na tej fakulteti. Preko kluba lahko okrepite odnose in sodelovanje s svojimi diplomanti, se pridru\u017eite kolegom, poi\u0161\u010dete nekdanje so\u0161olce, raz\u0161irite krog poznanstev, predate svoje znanje naslednjim generacijam (pomo\u010d kot mentorji), prebrskate po objavljenih prostih ... Read more","og_url":"https:\/\/www.ntf.uni-lj.si\/oto\/o-nas\/alumni\/","og_site_name":"OTO","article_modified_time":"2021-01-05T09:42:57+00:00","twitter_misc":{"Est. reading time":"1 minute"},"schema":{"@context":"https:\/\/schema.org","@graph":[{"@type":"WebSite","@id":"https:\/\/www.ntf.uni-lj.si\/oto\/en\/#website","url":"https:\/\/www.ntf.uni-lj.si\/oto\/en\/","name":"OTO","description":"Katedra za oblikovanje tekstilij in obla\u010dil","potentialAction":[{"@type":"SearchAction","target":{"@type":"EntryPoint","urlTemplate":"https:\/\/www.ntf.uni-lj.si\/oto\/en\/?s={search_term_string}"},"query-input":"required name=search_term_string"}],"inLanguage":"en-US"},{"@type":"WebPage","@id":"https:\/\/www.ntf.uni-lj.si\/oto\/o-nas\/alumni\/#webpage","url":"https:\/\/www.ntf.uni-lj.si\/oto\/o-nas\/alumni\/","name":"Alumni - OTO","isPartOf":{"@id":"https:\/\/www.ntf.uni-lj.si\/oto\/en\/#website"},"datePublished":"2015-03-26T13:53:08+00:00","dateModified":"2021-01-05T09:42:57+00:00","breadcrumb":{"@id":"https:\/\/www.ntf.uni-lj.si\/oto\/o-nas\/alumni\/#breadcrumb"},"inLanguage":"en-US","potentialAction":[{"@type":"ReadAction","target":["https:\/\/www.ntf.uni-lj.si\/oto\/o-nas\/alumni\/"]}]},{"@type":"BreadcrumbList","@id":"https:\/\/www.ntf.uni-lj.si\/oto\/o-nas\/alumni\/#breadcrumb","itemListElement":[{"@type":"ListItem","position":1,"name":"Home","item":"https:\/\/www.ntf.uni-lj.si\/oto\/en\/"},{"@type":"ListItem","position":2,"name":"O nas","item":"https:\/\/www.ntf.uni-lj.si\/oto\/o-nas\/"},{"@type":"ListItem","position":3,"name":"Alumni"}]}]}},"_links":{"self":[{"href":"https:\/\/www.ntf.uni-lj.si\/oto\/wp-json\/wp\/v2\/pages\/236"}],"collection":[{"href":"https:\/\/www.ntf.uni-lj.si\/oto\/wp-json\/wp\/v2\/pages"}],"about":[{"href":"https:\/\/www.ntf.uni-lj.si\/oto\/wp-json\/wp\/v2\/types\/page"}],"author":[{"embeddable":true,"href":"https:\/\/www.ntf.uni-lj.si\/oto\/wp-json\/wp\/v2\/users\/27"}],"replies":[{"embeddable":true,"href":"https:\/\/www.ntf.uni-lj.si\/oto\/wp-json\/wp\/v2\/comments?post=236"}],"version-history":[{"count":12,"href":"https:\/\/www.ntf.uni-lj.si\/oto\/wp-json\/wp\/v2\/pages\/236\/revisions"}],"predecessor-version":[{"id":16518,"href":"https:\/\/www.ntf.uni-lj.si\/oto\/wp-json\/wp\/v2\/pages\/236\/revisions\/16518"}],"up":[{"embeddable":true,"href":"https:\/\/www.ntf.uni-lj.si\/oto\/wp-json\/wp\/v2\/pages\/170"}],"wp:attachment":[{"href":"https:\/\/www.ntf.uni-lj.si\/oto\/wp-json\/wp\/v2\/media?parent=236"}],"curies":[{"name":"wp","href":"https:\/\/api.w.org\/{rel}","templated":true}]}}