{"id":296,"date":"2015-03-26T14:41:30","date_gmt":"2015-03-26T14:41:30","guid":{"rendered":"http:\/\/www.ntf.uni-lj.si\/oto\/?page_id=296"},"modified":"2015-04-02T08:28:34","modified_gmt":"2015-04-02T08:28:34","slug":"zunanja-izbirnost-in-mobilnost","status":"publish","type":"page","link":"https:\/\/www.ntf.uni-lj.si\/oto\/studij\/1-stopnja\/oblikovanje-tekstilij-in-oblacil-un\/ostale-informacije\/zunanja-izbirnost-in-mobilnost\/","title":{"rendered":"Zunanja izbirnost in mobilnost"},"content":{"rendered":"<p><strong>Zunanja izbirnost<\/strong><br \/>\n\u0160tudent lahko 50 % izbirnih enot programa (10 kreditnih to\u010dk) pridobi v drugih \u0161tudijskih programih Oddelka za tekstilstvo, grafiko in oblikovanje NTF oziroma programih drugih fakultet ali visokih \u0161ol.<\/p>\n<p><strong>Mobilnost<\/strong><br \/>\n\u0160tudent lahko 30 kreditnih to\u010dk programa (semester \u0161tudija, ne glede na obvezne ali izbirne enote) prenese iz katerega koli programa s podro\u010dja oblikovanja tekstilij, ki se izvaja na univerzah in visokih \u0161olah, vklju\u010denih v mre\u017eo CUMULUS.<\/p>\n","protected":false},"excerpt":{"rendered":"Zunanja izbirnost \u0160tudent lahko 50 % izbirnih enot programa (10 kreditnih to\u010dk) pridobi v drugih \u0161tudijskih programih Oddelka za tekstilstvo, grafiko in oblikovanje NTF oziroma programih drugih fakultet ali visokih \u0161ol. Mobilnost \u0160tudent lahko 30 kreditnih to\u010dk programa (semester \u0161tudija, ne glede na obvezne ali izbirne enote) prenese iz katerega koli programa s podro\u010dja oblikovanja &#8230; <a class=\"view-article\" href=\"https:\/\/www.ntf.uni-lj.si\/oto\/studij\/1-stopnja\/oblikovanje-tekstilij-in-oblacil-un\/ostale-informacije\/zunanja-izbirnost-in-mobilnost\/\">Read more<\/a>","protected":false},"author":27,"featured_media":0,"parent":272,"menu_order":40,"comment_status":"closed","ping_status":"closed","template":"","meta":[],"acf":[],"yoast_head":"<!-- This site is optimized with the Yoast SEO plugin v17.0 - https:\/\/yoast.com\/wordpress\/plugins\/seo\/ -->\n<meta name=\"robots\" content=\"index, follow, max-snippet:-1, max-image-preview:large, max-video-preview:-1\" \/>\n<link rel=\"canonical\" href=\"https:\/\/www.ntf.uni-lj.si\/oto\/studij\/1-stopnja\/oblikovanje-tekstilij-in-oblacil-un\/ostale-informacije\/zunanja-izbirnost-in-mobilnost\/\" \/>\n<meta property=\"og:locale\" content=\"en_US\" \/>\n<meta property=\"og:type\" content=\"article\" \/>\n<meta property=\"og:title\" content=\"Zunanja izbirnost in mobilnost - OTO\" \/>\n<meta property=\"og:description\" content=\"Zunanja izbirnost \u0160tudent lahko 50 % izbirnih enot programa (10 kreditnih to\u010dk) pridobi v drugih \u0161tudijskih programih Oddelka za tekstilstvo, grafiko in oblikovanje NTF oziroma programih drugih fakultet ali visokih \u0161ol. Mobilnost \u0160tudent lahko 30 kreditnih to\u010dk programa (semester \u0161tudija, ne glede na obvezne ali izbirne enote) prenese iz katerega koli programa s podro\u010dja oblikovanja ... Read more\" \/>\n<meta property=\"og:url\" content=\"https:\/\/www.ntf.uni-lj.si\/oto\/studij\/1-stopnja\/oblikovanje-tekstilij-in-oblacil-un\/ostale-informacije\/zunanja-izbirnost-in-mobilnost\/\" \/>\n<meta property=\"og:site_name\" content=\"OTO\" \/>\n<meta property=\"article:modified_time\" content=\"2015-04-02T08:28:34+00:00\" \/>\n<script type=\"application\/ld+json\" class=\"yoast-schema-graph\">{\"@context\":\"https:\/\/schema.org\",\"@graph\":[{\"@type\":\"WebSite\",\"@id\":\"https:\/\/www.ntf.uni-lj.si\/oto\/en\/#website\",\"url\":\"https:\/\/www.ntf.uni-lj.si\/oto\/en\/\",\"name\":\"OTO\",\"description\":\"Katedra za oblikovanje tekstilij in obla\\u010dil\",\"potentialAction\":[{\"@type\":\"SearchAction\",\"target\":{\"@type\":\"EntryPoint\",\"urlTemplate\":\"https:\/\/www.ntf.uni-lj.si\/oto\/en\/?s={search_term_string}\"},\"query-input\":\"required name=search_term_string\"}],\"inLanguage\":\"en-US\"},{\"@type\":\"WebPage\",\"@id\":\"https:\/\/www.ntf.uni-lj.si\/oto\/studij\/1-stopnja\/oblikovanje-tekstilij-in-oblacil-un\/ostale-informacije\/zunanja-izbirnost-in-mobilnost\/#webpage\",\"url\":\"https:\/\/www.ntf.uni-lj.si\/oto\/studij\/1-stopnja\/oblikovanje-tekstilij-in-oblacil-un\/ostale-informacije\/zunanja-izbirnost-in-mobilnost\/\",\"name\":\"Zunanja izbirnost in mobilnost - OTO\",\"isPartOf\":{\"@id\":\"https:\/\/www.ntf.uni-lj.si\/oto\/en\/#website\"},\"datePublished\":\"2015-03-26T14:41:30+00:00\",\"dateModified\":\"2015-04-02T08:28:34+00:00\",\"breadcrumb\":{\"@id\":\"https:\/\/www.ntf.uni-lj.si\/oto\/studij\/1-stopnja\/oblikovanje-tekstilij-in-oblacil-un\/ostale-informacije\/zunanja-izbirnost-in-mobilnost\/#breadcrumb\"},\"inLanguage\":\"en-US\",\"potentialAction\":[{\"@type\":\"ReadAction\",\"target\":[\"https:\/\/www.ntf.uni-lj.si\/oto\/studij\/1-stopnja\/oblikovanje-tekstilij-in-oblacil-un\/ostale-informacije\/zunanja-izbirnost-in-mobilnost\/\"]}]},{\"@type\":\"BreadcrumbList\",\"@id\":\"https:\/\/www.ntf.uni-lj.si\/oto\/studij\/1-stopnja\/oblikovanje-tekstilij-in-oblacil-un\/ostale-informacije\/zunanja-izbirnost-in-mobilnost\/#breadcrumb\",\"itemListElement\":[{\"@type\":\"ListItem\",\"position\":1,\"name\":\"Home\",\"item\":\"https:\/\/www.ntf.uni-lj.si\/oto\/en\/\"},{\"@type\":\"ListItem\",\"position\":2,\"name\":\"\\u0160tudij\",\"item\":\"https:\/\/www.ntf.uni-lj.si\/oto\/studij\/\"},{\"@type\":\"ListItem\",\"position\":3,\"name\":\"1. stopnja\",\"item\":\"https:\/\/www.ntf.uni-lj.si\/oto\/studij\/1-stopnja\/\"},{\"@type\":\"ListItem\",\"position\":4,\"name\":\"Oblikovanje tekstilij in obla\\u010dil (UN)\",\"item\":\"https:\/\/www.ntf.uni-lj.si\/oto\/studij\/1-stopnja\/oblikovanje-tekstilij-in-oblacil-un\/\"},{\"@type\":\"ListItem\",\"position\":5,\"name\":\"Ostale informacije\",\"item\":\"https:\/\/www.ntf.uni-lj.si\/oto\/studij\/1-stopnja\/oblikovanje-tekstilij-in-oblacil-un\/ostale-informacije\/\"},{\"@type\":\"ListItem\",\"position\":6,\"name\":\"Zunanja izbirnost in mobilnost\"}]}]}<\/script>\n<!-- \/ Yoast SEO plugin. -->","yoast_head_json":{"robots":{"index":"index","follow":"follow","max-snippet":"max-snippet:-1","max-image-preview":"max-image-preview:large","max-video-preview":"max-video-preview:-1"},"canonical":"https:\/\/www.ntf.uni-lj.si\/oto\/studij\/1-stopnja\/oblikovanje-tekstilij-in-oblacil-un\/ostale-informacije\/zunanja-izbirnost-in-mobilnost\/","og_locale":"en_US","og_type":"article","og_title":"Zunanja izbirnost in mobilnost - OTO","og_description":"Zunanja izbirnost \u0160tudent lahko 50 % izbirnih enot programa (10 kreditnih to\u010dk) pridobi v drugih \u0161tudijskih programih Oddelka za tekstilstvo, grafiko in oblikovanje NTF oziroma programih drugih fakultet ali visokih \u0161ol. Mobilnost \u0160tudent lahko 30 kreditnih to\u010dk programa (semester \u0161tudija, ne glede na obvezne ali izbirne enote) prenese iz katerega koli programa s podro\u010dja oblikovanja ... Read more","og_url":"https:\/\/www.ntf.uni-lj.si\/oto\/studij\/1-stopnja\/oblikovanje-tekstilij-in-oblacil-un\/ostale-informacije\/zunanja-izbirnost-in-mobilnost\/","og_site_name":"OTO","article_modified_time":"2015-04-02T08:28:34+00:00","schema":{"@context":"https:\/\/schema.org","@graph":[{"@type":"WebSite","@id":"https:\/\/www.ntf.uni-lj.si\/oto\/en\/#website","url":"https:\/\/www.ntf.uni-lj.si\/oto\/en\/","name":"OTO","description":"Katedra za oblikovanje tekstilij in obla\u010dil","potentialAction":[{"@type":"SearchAction","target":{"@type":"EntryPoint","urlTemplate":"https:\/\/www.ntf.uni-lj.si\/oto\/en\/?s={search_term_string}"},"query-input":"required name=search_term_string"}],"inLanguage":"en-US"},{"@type":"WebPage","@id":"https:\/\/www.ntf.uni-lj.si\/oto\/studij\/1-stopnja\/oblikovanje-tekstilij-in-oblacil-un\/ostale-informacije\/zunanja-izbirnost-in-mobilnost\/#webpage","url":"https:\/\/www.ntf.uni-lj.si\/oto\/studij\/1-stopnja\/oblikovanje-tekstilij-in-oblacil-un\/ostale-informacije\/zunanja-izbirnost-in-mobilnost\/","name":"Zunanja izbirnost in mobilnost - OTO","isPartOf":{"@id":"https:\/\/www.ntf.uni-lj.si\/oto\/en\/#website"},"datePublished":"2015-03-26T14:41:30+00:00","dateModified":"2015-04-02T08:28:34+00:00","breadcrumb":{"@id":"https:\/\/www.ntf.uni-lj.si\/oto\/studij\/1-stopnja\/oblikovanje-tekstilij-in-oblacil-un\/ostale-informacije\/zunanja-izbirnost-in-mobilnost\/#breadcrumb"},"inLanguage":"en-US","potentialAction":[{"@type":"ReadAction","target":["https:\/\/www.ntf.uni-lj.si\/oto\/studij\/1-stopnja\/oblikovanje-tekstilij-in-oblacil-un\/ostale-informacije\/zunanja-izbirnost-in-mobilnost\/"]}]},{"@type":"BreadcrumbList","@id":"https:\/\/www.ntf.uni-lj.si\/oto\/studij\/1-stopnja\/oblikovanje-tekstilij-in-oblacil-un\/ostale-informacije\/zunanja-izbirnost-in-mobilnost\/#breadcrumb","itemListElement":[{"@type":"ListItem","position":1,"name":"Home","item":"https:\/\/www.ntf.uni-lj.si\/oto\/en\/"},{"@type":"ListItem","position":2,"name":"\u0160tudij","item":"https:\/\/www.ntf.uni-lj.si\/oto\/studij\/"},{"@type":"ListItem","position":3,"name":"1. stopnja","item":"https:\/\/www.ntf.uni-lj.si\/oto\/studij\/1-stopnja\/"},{"@type":"ListItem","position":4,"name":"Oblikovanje tekstilij in obla\u010dil (UN)","item":"https:\/\/www.ntf.uni-lj.si\/oto\/studij\/1-stopnja\/oblikovanje-tekstilij-in-oblacil-un\/"},{"@type":"ListItem","position":5,"name":"Ostale informacije","item":"https:\/\/www.ntf.uni-lj.si\/oto\/studij\/1-stopnja\/oblikovanje-tekstilij-in-oblacil-un\/ostale-informacije\/"},{"@type":"ListItem","position":6,"name":"Zunanja izbirnost in mobilnost"}]}]}},"_links":{"self":[{"href":"https:\/\/www.ntf.uni-lj.si\/oto\/wp-json\/wp\/v2\/pages\/296"}],"collection":[{"href":"https:\/\/www.ntf.uni-lj.si\/oto\/wp-json\/wp\/v2\/pages"}],"about":[{"href":"https:\/\/www.ntf.uni-lj.si\/oto\/wp-json\/wp\/v2\/types\/page"}],"author":[{"embeddable":true,"href":"https:\/\/www.ntf.uni-lj.si\/oto\/wp-json\/wp\/v2\/users\/27"}],"replies":[{"embeddable":true,"href":"https:\/\/www.ntf.uni-lj.si\/oto\/wp-json\/wp\/v2\/comments?post=296"}],"version-history":[{"count":2,"href":"https:\/\/www.ntf.uni-lj.si\/oto\/wp-json\/wp\/v2\/pages\/296\/revisions"}],"predecessor-version":[{"id":594,"href":"https:\/\/www.ntf.uni-lj.si\/oto\/wp-json\/wp\/v2\/pages\/296\/revisions\/594"}],"up":[{"embeddable":true,"href":"https:\/\/www.ntf.uni-lj.si\/oto\/wp-json\/wp\/v2\/pages\/272"}],"wp:attachment":[{"href":"https:\/\/www.ntf.uni-lj.si\/oto\/wp-json\/wp\/v2\/media?parent=296"}],"curies":[{"name":"wp","href":"https:\/\/api.w.org\/{rel}","templated":true}]}}