{"id":339,"date":"2015-03-30T07:48:42","date_gmt":"2015-03-30T07:48:42","guid":{"rendered":"http:\/\/www.ntf.uni-lj.si\/oto\/?page_id=339"},"modified":"2015-04-02T08:38:24","modified_gmt":"2015-04-02T08:38:24","slug":"mednarodna-primerljivost","status":"publish","type":"page","link":"https:\/\/www.ntf.uni-lj.si\/oto\/studij\/1-stopnja\/oblikovanje-tekstilij-in-oblacil-un\/mednarodna-primerljivost\/","title":{"rendered":"Mednarodna primerljivost"},"content":{"rendered":"<p>Za oceno mednarodne primerljivosti so bili analizirani naslednji \u0161tudijski programi:<\/p>\n<ul>\n<li>Textile Design\/Fashion Design (Bachelor of Art, BA), University of Art and Design Helsinki UIAH, Finska (http:\/\/www.uiah.fi)<\/li>\n<li>Textile Design\/Fashion Design (Bachelor of Art, BA), Designskolen Kolding, Danska (http:\/\/www.designskolenkolding.dk)<\/li>\n<li>Textile Design\/Fashion Design (Bachelor of Art, BA), Danmarks Designskole, Kobenhavn, Danska http:\/\/www.dkds.d)<\/li>\n<li>(Woven, Knitted, Printed) Textile Design\/Fashion Design for Industry (Bachelor of Art, BA), ki ga izvaja School of Textiles and Design, Heriot-Watt University of Edinburgh, Velika Britanija (http:\/\/www.hw.ac.uk)<\/li>\n<\/ul>\n<p>Vsi navedeni dodiplomski \u0161tudijski programi so triletni in imajo lo\u010deno tekstilno in obla\u010dilno oblikovanje. Za vse je zna\u010dilna tudi projektna oblika pou\u010devanja.<\/p>\n<p>Prvi trije programi so pod okriljem velikih fakultet za oblikovanje (UIAH ponuja 24 razli\u010dnih programov), ki so programsko \u0161ir\u0161e zasnovane in pokrivajo razli\u010dna podro\u010dja industrijskega oblikovanja, notranjo arhitekturo, kostumografijo in scenografijo ter vizualne komunikacije. \u010cetrta fakulteta oblikovalsko-umetni\u0161ki program zdru\u017euje s \u0161tudijem tekstilne tehnologije. Tekstilno in obla\u010dilno oblikovanje na nobeni fakulteti nista zdru\u017eena.<\/p>\n<p>Posamezni primerljivi \u0161tudijski programi imajo podobno strukturo s poudarkom na izvirnem, sodobnem in uporabnem oblikovanju z vklju\u010devanjem ustreznega tekstilno-tehnolo\u0161kega znanja, tr\u017eenja in ekonomike ter z razvijanjem sodobnih predstavitvenih tehnik. Za vse programe je zna\u010dilno razvojno delo v specializiranih, sodobno opremljenih laboratorijih in delavnicah ter v povezavi z industrijo, ker samo tako lahko \u0161tudenti razvijajo svojo lastno profesionalnost, samozavedanje likovnosti in ob\u010dutek za industrijsko oblikovanje, za katerega je klju\u010dna vrhunska tehnologija. V uvodnem letu se glede na izhodi\u0161\u010de (oblikovalske tehnike, razvoj materialov, tekstilnih vzorcev in tridimenzionalnih oblik v razli\u010dnih prezentacijah) razvija zavedanje o mo\u017enih kreativnih posegih med delovnim procesom. Spodbuja se eksperimentalni pristop k likovnemu \u010di\u0161\u010denju idej. Delo poteka v majhnih skupinah, spodbuja inovativnost posameznika, oblikovalsko metodologijo, konceptualno likovno mi\u0161ljenje in ve\u010dplastnost dolo\u010dene tematike. Drugo leto so bolj poudarjeni profesionalni vidiki, ciljne skupine in njihove oznake, posebni, tematsko usmerjeni projekti z gostujo\u010dimi predavatelji. Tretje leto se \u0161tudenti usmerijo v bolj individualne programe (moda, promocija mode in modna publiciteta, tekstilno oblikovanje). Gre za usmerjene, a vendar aktivne in odprte specializacije, pakete predmetov, ki jih \u0161tudent sestavi po lastni presoji in z vizijo svojega prihodnjega poklica. Del \u0161tudija lahko \u0161tudenti opravijo v tujini. Svojo usmeritev dopolnjujejo interdisciplinarno z izbirnimi predmeti iz drugih programov. \u0160tudij sestavljajo predavanja, projekti (naro\u010dila, raziskovalne naloge, ohranjanje in razvijanje kulturne dedi\u0161\u010dine) in individualno oblikovalsko delo. Zaradi o\u017eje usmeritve (na primer samo tkane tekstilije) lahko primerljivi programi v istem \u010dasu ponudijo bolj poglobljeno znanje na dolo\u010denem tekstilnem podro\u010dju, ki pa ga morajo zaradi vse ve\u010dje konceptualne zapletenosti povezovati tudi z drugimi, za tekstilstvo netipi\u010dnimi okolji. To naredijo z gibljivim izbirnim delom programa, vabljenimi predavatelji v okviru projektov in mo\u017enostjo \u0161tudija na drugih fakultetah. Pogoj za napredovanje v vi\u0161ji letnik so opravljene obveznosti ni\u017ejega letnika. V vseh programih se \u0161tudij zaklju\u010di z diplomskim delom.<\/p>\n<p>Pogoji za vpis so predpisani z nacionalno zakonodajo s podro\u010dja visokega \u0161olstva. Pri vseh primerljivih programih je pogoj za vpis preizkus umetni\u0161ke nadarjenosti, pri katerem se upo\u0161tevajo portfelj, intervju in razli\u010dne prakti\u010dne naloge, izvedene dopisno in na mestu samem.<\/p>\n<p>Vsi primerljivi programi trajajo tri leta, enako kot predlagani program oblikovanja tekstilij in obla\u010dil. Pogoj za napredovanje v vi\u0161ji letnik so opravljene vse obveznosti ni\u017ejega letnika. \u0160tudij se zaklju\u010di z diplomskim delom. Pridobljeni naslov je splo\u0161no Bachelor of Art (BA).<\/p>\n<p>Primerljivi \u0161tudijski programi se na\u010deloma izvajajo kot redni \u0161tudij (full-time).<\/p>\n<p>Temeljna razlika med predlaganim zdru\u017eenim \u0161tudijskim programom oblikovanja tekstilij in obla\u010dil in tujimi programi izhaja iz specifike slovenskega prostora, ki zaradi zagotavljanja ustreznih zaposlitvenih mo\u017enosti zahteva ve\u010djo \u0161irino. Predlagani program je v bistvu sinteza primerljivih programov, hkrati pa je na Oddelku za tekstilstvo na voljo tudi mo\u017enost izbire nekaterih za oblikovanje koristnih izbirnih predmetov iz obeh dodatnih univerzitetnih programov, Na\u010drtovanje tekstilij in obla\u010dil ter Grafi\u010dne in interaktivne komunikacije.<\/p>\n","protected":false},"excerpt":{"rendered":"Za oceno mednarodne primerljivosti so bili analizirani naslednji \u0161tudijski programi: Textile Design\/Fashion Design (Bachelor of Art, BA), University of Art and Design Helsinki UIAH, Finska (http:\/\/www.uiah.fi) Textile Design\/Fashion Design (Bachelor of Art, BA), Designskolen Kolding, Danska (http:\/\/www.designskolenkolding.dk) Textile Design\/Fashion Design (Bachelor of Art, BA), Danmarks Designskole, Kobenhavn, Danska http:\/\/www.dkds.d) (Woven, Knitted, Printed) Textile Design\/Fashion Design &#8230; <a class=\"view-article\" href=\"https:\/\/www.ntf.uni-lj.si\/oto\/studij\/1-stopnja\/oblikovanje-tekstilij-in-oblacil-un\/mednarodna-primerljivost\/\">Read more<\/a>","protected":false},"author":27,"featured_media":0,"parent":254,"menu_order":70,"comment_status":"closed","ping_status":"closed","template":"","meta":[],"acf":[],"yoast_head":"<!-- This site is optimized with the Yoast SEO plugin v17.0 - https:\/\/yoast.com\/wordpress\/plugins\/seo\/ -->\n<meta name=\"robots\" content=\"index, follow, max-snippet:-1, max-image-preview:large, max-video-preview:-1\" \/>\n<link rel=\"canonical\" href=\"https:\/\/www.ntf.uni-lj.si\/oto\/studij\/1-stopnja\/oblikovanje-tekstilij-in-oblacil-un\/mednarodna-primerljivost\/\" \/>\n<meta property=\"og:locale\" content=\"en_US\" \/>\n<meta property=\"og:type\" content=\"article\" \/>\n<meta property=\"og:title\" content=\"Mednarodna primerljivost - OTO\" \/>\n<meta property=\"og:description\" content=\"Za oceno mednarodne primerljivosti so bili analizirani naslednji \u0161tudijski programi: Textile Design\/Fashion Design (Bachelor of Art, BA), University of Art and Design Helsinki UIAH, Finska (http:\/\/www.uiah.fi) Textile Design\/Fashion Design (Bachelor of Art, BA), Designskolen Kolding, Danska (http:\/\/www.designskolenkolding.dk) Textile Design\/Fashion Design (Bachelor of Art, BA), Danmarks Designskole, Kobenhavn, Danska http:\/\/www.dkds.d) (Woven, Knitted, Printed) Textile Design\/Fashion Design ... Read more\" \/>\n<meta property=\"og:url\" content=\"https:\/\/www.ntf.uni-lj.si\/oto\/studij\/1-stopnja\/oblikovanje-tekstilij-in-oblacil-un\/mednarodna-primerljivost\/\" \/>\n<meta property=\"og:site_name\" content=\"OTO\" \/>\n<meta property=\"article:modified_time\" content=\"2015-04-02T08:38:24+00:00\" \/>\n<meta name=\"twitter:label1\" content=\"Est. reading time\" \/>\n\t<meta name=\"twitter:data1\" content=\"3 minutes\" \/>\n<script type=\"application\/ld+json\" class=\"yoast-schema-graph\">{\"@context\":\"https:\/\/schema.org\",\"@graph\":[{\"@type\":\"WebSite\",\"@id\":\"https:\/\/www.ntf.uni-lj.si\/oto\/en\/#website\",\"url\":\"https:\/\/www.ntf.uni-lj.si\/oto\/en\/\",\"name\":\"OTO\",\"description\":\"Katedra za oblikovanje tekstilij in obla\\u010dil\",\"potentialAction\":[{\"@type\":\"SearchAction\",\"target\":{\"@type\":\"EntryPoint\",\"urlTemplate\":\"https:\/\/www.ntf.uni-lj.si\/oto\/en\/?s={search_term_string}\"},\"query-input\":\"required name=search_term_string\"}],\"inLanguage\":\"en-US\"},{\"@type\":\"WebPage\",\"@id\":\"https:\/\/www.ntf.uni-lj.si\/oto\/studij\/1-stopnja\/oblikovanje-tekstilij-in-oblacil-un\/mednarodna-primerljivost\/#webpage\",\"url\":\"https:\/\/www.ntf.uni-lj.si\/oto\/studij\/1-stopnja\/oblikovanje-tekstilij-in-oblacil-un\/mednarodna-primerljivost\/\",\"name\":\"Mednarodna primerljivost - OTO\",\"isPartOf\":{\"@id\":\"https:\/\/www.ntf.uni-lj.si\/oto\/en\/#website\"},\"datePublished\":\"2015-03-30T07:48:42+00:00\",\"dateModified\":\"2015-04-02T08:38:24+00:00\",\"breadcrumb\":{\"@id\":\"https:\/\/www.ntf.uni-lj.si\/oto\/studij\/1-stopnja\/oblikovanje-tekstilij-in-oblacil-un\/mednarodna-primerljivost\/#breadcrumb\"},\"inLanguage\":\"en-US\",\"potentialAction\":[{\"@type\":\"ReadAction\",\"target\":[\"https:\/\/www.ntf.uni-lj.si\/oto\/studij\/1-stopnja\/oblikovanje-tekstilij-in-oblacil-un\/mednarodna-primerljivost\/\"]}]},{\"@type\":\"BreadcrumbList\",\"@id\":\"https:\/\/www.ntf.uni-lj.si\/oto\/studij\/1-stopnja\/oblikovanje-tekstilij-in-oblacil-un\/mednarodna-primerljivost\/#breadcrumb\",\"itemListElement\":[{\"@type\":\"ListItem\",\"position\":1,\"name\":\"Home\",\"item\":\"https:\/\/www.ntf.uni-lj.si\/oto\/en\/\"},{\"@type\":\"ListItem\",\"position\":2,\"name\":\"\\u0160tudij\",\"item\":\"https:\/\/www.ntf.uni-lj.si\/oto\/studij\/\"},{\"@type\":\"ListItem\",\"position\":3,\"name\":\"1. stopnja\",\"item\":\"https:\/\/www.ntf.uni-lj.si\/oto\/studij\/1-stopnja\/\"},{\"@type\":\"ListItem\",\"position\":4,\"name\":\"Oblikovanje tekstilij in obla\\u010dil (UN)\",\"item\":\"https:\/\/www.ntf.uni-lj.si\/oto\/studij\/1-stopnja\/oblikovanje-tekstilij-in-oblacil-un\/\"},{\"@type\":\"ListItem\",\"position\":5,\"name\":\"Mednarodna primerljivost\"}]}]}<\/script>\n<!-- \/ Yoast SEO plugin. -->","yoast_head_json":{"robots":{"index":"index","follow":"follow","max-snippet":"max-snippet:-1","max-image-preview":"max-image-preview:large","max-video-preview":"max-video-preview:-1"},"canonical":"https:\/\/www.ntf.uni-lj.si\/oto\/studij\/1-stopnja\/oblikovanje-tekstilij-in-oblacil-un\/mednarodna-primerljivost\/","og_locale":"en_US","og_type":"article","og_title":"Mednarodna primerljivost - OTO","og_description":"Za oceno mednarodne primerljivosti so bili analizirani naslednji \u0161tudijski programi: Textile Design\/Fashion Design (Bachelor of Art, BA), University of Art and Design Helsinki UIAH, Finska (http:\/\/www.uiah.fi) Textile Design\/Fashion Design (Bachelor of Art, BA), Designskolen Kolding, Danska (http:\/\/www.designskolenkolding.dk) Textile Design\/Fashion Design (Bachelor of Art, BA), Danmarks Designskole, Kobenhavn, Danska http:\/\/www.dkds.d) (Woven, Knitted, Printed) Textile Design\/Fashion Design ... Read more","og_url":"https:\/\/www.ntf.uni-lj.si\/oto\/studij\/1-stopnja\/oblikovanje-tekstilij-in-oblacil-un\/mednarodna-primerljivost\/","og_site_name":"OTO","article_modified_time":"2015-04-02T08:38:24+00:00","twitter_misc":{"Est. reading time":"3 minutes"},"schema":{"@context":"https:\/\/schema.org","@graph":[{"@type":"WebSite","@id":"https:\/\/www.ntf.uni-lj.si\/oto\/en\/#website","url":"https:\/\/www.ntf.uni-lj.si\/oto\/en\/","name":"OTO","description":"Katedra za oblikovanje tekstilij in obla\u010dil","potentialAction":[{"@type":"SearchAction","target":{"@type":"EntryPoint","urlTemplate":"https:\/\/www.ntf.uni-lj.si\/oto\/en\/?s={search_term_string}"},"query-input":"required name=search_term_string"}],"inLanguage":"en-US"},{"@type":"WebPage","@id":"https:\/\/www.ntf.uni-lj.si\/oto\/studij\/1-stopnja\/oblikovanje-tekstilij-in-oblacil-un\/mednarodna-primerljivost\/#webpage","url":"https:\/\/www.ntf.uni-lj.si\/oto\/studij\/1-stopnja\/oblikovanje-tekstilij-in-oblacil-un\/mednarodna-primerljivost\/","name":"Mednarodna primerljivost - OTO","isPartOf":{"@id":"https:\/\/www.ntf.uni-lj.si\/oto\/en\/#website"},"datePublished":"2015-03-30T07:48:42+00:00","dateModified":"2015-04-02T08:38:24+00:00","breadcrumb":{"@id":"https:\/\/www.ntf.uni-lj.si\/oto\/studij\/1-stopnja\/oblikovanje-tekstilij-in-oblacil-un\/mednarodna-primerljivost\/#breadcrumb"},"inLanguage":"en-US","potentialAction":[{"@type":"ReadAction","target":["https:\/\/www.ntf.uni-lj.si\/oto\/studij\/1-stopnja\/oblikovanje-tekstilij-in-oblacil-un\/mednarodna-primerljivost\/"]}]},{"@type":"BreadcrumbList","@id":"https:\/\/www.ntf.uni-lj.si\/oto\/studij\/1-stopnja\/oblikovanje-tekstilij-in-oblacil-un\/mednarodna-primerljivost\/#breadcrumb","itemListElement":[{"@type":"ListItem","position":1,"name":"Home","item":"https:\/\/www.ntf.uni-lj.si\/oto\/en\/"},{"@type":"ListItem","position":2,"name":"\u0160tudij","item":"https:\/\/www.ntf.uni-lj.si\/oto\/studij\/"},{"@type":"ListItem","position":3,"name":"1. stopnja","item":"https:\/\/www.ntf.uni-lj.si\/oto\/studij\/1-stopnja\/"},{"@type":"ListItem","position":4,"name":"Oblikovanje tekstilij in obla\u010dil (UN)","item":"https:\/\/www.ntf.uni-lj.si\/oto\/studij\/1-stopnja\/oblikovanje-tekstilij-in-oblacil-un\/"},{"@type":"ListItem","position":5,"name":"Mednarodna primerljivost"}]}]}},"_links":{"self":[{"href":"https:\/\/www.ntf.uni-lj.si\/oto\/wp-json\/wp\/v2\/pages\/339"}],"collection":[{"href":"https:\/\/www.ntf.uni-lj.si\/oto\/wp-json\/wp\/v2\/pages"}],"about":[{"href":"https:\/\/www.ntf.uni-lj.si\/oto\/wp-json\/wp\/v2\/types\/page"}],"author":[{"embeddable":true,"href":"https:\/\/www.ntf.uni-lj.si\/oto\/wp-json\/wp\/v2\/users\/27"}],"replies":[{"embeddable":true,"href":"https:\/\/www.ntf.uni-lj.si\/oto\/wp-json\/wp\/v2\/comments?post=339"}],"version-history":[{"count":3,"href":"https:\/\/www.ntf.uni-lj.si\/oto\/wp-json\/wp\/v2\/pages\/339\/revisions"}],"predecessor-version":[{"id":599,"href":"https:\/\/www.ntf.uni-lj.si\/oto\/wp-json\/wp\/v2\/pages\/339\/revisions\/599"}],"up":[{"embeddable":true,"href":"https:\/\/www.ntf.uni-lj.si\/oto\/wp-json\/wp\/v2\/pages\/254"}],"wp:attachment":[{"href":"https:\/\/www.ntf.uni-lj.si\/oto\/wp-json\/wp\/v2\/media?parent=339"}],"curies":[{"name":"wp","href":"https:\/\/api.w.org\/{rel}","templated":true}]}}