{"id":369,"date":"2015-03-30T07:59:27","date_gmt":"2015-03-30T07:59:27","guid":{"rendered":"http:\/\/www.ntf.uni-lj.si\/oto\/?page_id=369"},"modified":"2023-05-24T21:27:08","modified_gmt":"2023-05-24T19:27:08","slug":"splosne-informacije","status":"publish","type":"page","link":"https:\/\/www.ntf.uni-lj.si\/oto\/studij\/2-stopnja\/oblikovanje-tekstilij-in-oblacil-mag\/splosne-informacije\/","title":{"rendered":"Splo\u0161ne informacije"},"content":{"rendered":"<h2>OBLIKOVANJE TEKSTILIJ IN OBLA\u010cIL<\/h2>\n<p><strong>Stopnja in vrsta \u0161tudijskega programa:<\/strong> Podiplomski \u2013 magistrski<br \/>\n<strong>Trajanje:<\/strong> 2 leti (4 semestre), skupaj 120 kreditnih to\u010dk po sistemu ECTS<br \/>\n<strong>\u0160tudijsko podro\u010dje po Iscedovi klasifikaciji:<\/strong> Umetnost (21)<br \/>\n<strong>Razvrstitev \u0161tudijskega programa po KLASIUS-SRV:<\/strong> Magistrsko izobra\u017eevanje (druga bolonjska stopnja)\/magistrska izobrazba (druga bolonjska stopnja) (17003)<br \/>\n<strong>Razvrstitev \u0161tudijskega programa po KLASIUS-P:<\/strong> Oblikovanje tekstilij in obla\u010dil (modno oblikovanje) (2143)<br \/>\n<strong>Razvrstitev \u0161tudijskega programa po KLASIUS-P-16:<\/strong> Modno oblikovanje, oblikovanje prostora in industrijsko oblikovanje (0212)<br \/>\n<strong>Znanstvene raziskovalne discipline po Frascatijevi klasifikaciji:<\/strong> Tehni\u0161ke vede (2)<br \/>\n<strong>Datum akreditacije:<\/strong> 6. 7. 2006<br \/>\n<strong>Izvajajo:<\/strong> Naravoslovnotehni\u0161ka fakulteta<br \/>\n<strong>Lokacije izvajanja:<\/strong> UL NTF\u00a0 &#8211; A\u0161ker\u010deva cesta 12, 1000 Ljubljana, Slovenija<\/p>\n<h2>Temeljni cilji in kompetence<\/h2>\n<p>Oblikovanje tekstilij in obla\u010dil je panoga, ki sicer izhaja iz tradicionalnih rokodelskih ve\u0161\u010din, vendar je v zadnjem stoletju razvila povsem lasten sistem izra\u017eanja, ki je povezan z umetni\u0161kimi in drugimi oblikovalskimi praksami in teorijami. Ustvarjalni proces tekstilnega oblikovalca se praviloma za\u010dne z zamislijo, ki jo je najprej treba vizualizirati z likovnimi sredstvi in kasneje ali pa hkrati zanjo poiskati ustrezne tehni\u010dne postopke. Proces konceptualizacije in materializacije ideje zahteva veliko znanja in izku\u0161enj s podro\u010dja umetni\u0161kih disciplin, dru\u017eboslovja in poznavanja izvedbenih tehnologij.<\/p>\n<p>Na podlagi izku\u0161enj iz dodiplomskega in podiplomskega izobra\u017eevanja na podro\u010dju oblikovanja tekstilij in obla\u010dil v zadnjih 25 letih ter sodelovanja s tujimi visoko\u0161olskimi ustanovami, predvsem tistimi, ki so vklju\u010dene v mre\u017eo CUMULUS, je bil pripravljen nov koncept \u0161tudija, ki temelji na \u0161tirih vzporednih vertikalah \u0161tudija: temeljni vertikali, ki vklju\u010duje vzporeden \u0161tudij oblikovanja tekstilij in obla\u010dil, likovno izrazni vertikali, tehnolo\u0161ki vertikali, ki pomaga pri izvedbi oblikovalskih zamisli, in podporni vertikali, ki vklju\u010duje potrebno znanje in razvoj ve\u0161\u010din na podro\u010dju ra\u010dunalni\u0161kega oblikovanja, znanje s podro\u010dja zgodovine oblikovanja tekstilij in obla\u010dil, tr\u017eenja in managementa. Magistrski \u0161tudijski program poglablja in nadgrajuje vse \u0161tiri vertikale, katerih temelj je bil postavljen na univerzitetni stopnji. Predvideno je intenzivnej\u0161e mednarodno povezovanje, pove\u010dujejo se intenzivnost \u0161tudija, strokovna odgovornost, zahtevana inovativnost in likovna kreativnost.<\/p>\n<div style=\"height:10px; width:100%;\"><\/div>\n<p><em>Kompetence predstavljajo izkazan sklop znanja, ve\u0161\u010din, sposobnosti in tudi osebnostnih lastnosti, vrednot, motivacije, samopodobe, \u010dustev, vzorcev razmi\u0161ljanja ipd. Pomenijo, da imate znanje in razumevanje, zmo\u017enosti in ve\u0161\u010dine za izvedbo, obenem ste motivirani, da nekaj dejansko naredite. Kompetence se ka\u017eejo v uspe\u0161no opravljenem delu glede na postavljene zahteve oziroma celo omogo\u010dajo nadpovpre\u010dno delovanje. Opaziti jih je mogo\u010de \u0161ele pri va\u0161em ravnanju v razli\u010dnih delovnih in tudi \u017eivljenjskih situacijah. (Vir in ve\u010d o tem, kaj kompetence so, najdete na\u00a0<a href=\"https:\/\/esvetovanje.ess.gov.si\/KajZnam\/KajSoKompetence\/\" target=\"_blank\" rel=\"noopener noreferrer\" data-auth=\"NotApplicable\" data-loopstyle=\"link\" data-safelink=\"true\" data-linkindex=\"0\">povezavi<\/a>.)<\/em><\/p>\n<div style=\"height:10px; width:100%;\"><\/div>\n<h2>Kompeten\u010dni profil<\/h2>\n","protected":false},"excerpt":{"rendered":"OBLIKOVANJE TEKSTILIJ IN OBLA\u010cIL Stopnja in vrsta \u0161tudijskega programa: Podiplomski \u2013 magistrski Trajanje: 2 leti (4 semestre), skupaj 120 kreditnih to\u010dk po sistemu ECTS \u0160tudijsko podro\u010dje po Iscedovi klasifikaciji: Umetnost (21) Razvrstitev \u0161tudijskega programa po KLASIUS-SRV: Magistrsko izobra\u017eevanje (druga bolonjska stopnja)\/magistrska izobrazba (druga bolonjska stopnja) (17003) Razvrstitev \u0161tudijskega programa po KLASIUS-P: Oblikovanje tekstilij in obla\u010dil &#8230; <a class=\"view-article\" href=\"https:\/\/www.ntf.uni-lj.si\/oto\/studij\/2-stopnja\/oblikovanje-tekstilij-in-oblacil-mag\/splosne-informacije\/\">Read more<\/a>","protected":false},"author":27,"featured_media":0,"parent":363,"menu_order":10,"comment_status":"closed","ping_status":"closed","template":"","meta":[],"acf":[],"yoast_head":"<!-- This site is optimized with the Yoast SEO plugin v17.0 - https:\/\/yoast.com\/wordpress\/plugins\/seo\/ -->\n<meta name=\"robots\" content=\"index, follow, max-snippet:-1, max-image-preview:large, max-video-preview:-1\" \/>\n<link rel=\"canonical\" href=\"https:\/\/www.ntf.uni-lj.si\/oto\/studij\/2-stopnja\/oblikovanje-tekstilij-in-oblacil-mag\/splosne-informacije\/\" \/>\n<meta property=\"og:locale\" content=\"en_US\" \/>\n<meta property=\"og:type\" content=\"article\" \/>\n<meta property=\"og:title\" content=\"Splo\u0161ne informacije - OTO\" \/>\n<meta property=\"og:description\" content=\"OBLIKOVANJE TEKSTILIJ IN OBLA\u010cIL Stopnja in vrsta \u0161tudijskega programa: Podiplomski \u2013 magistrski Trajanje: 2 leti (4 semestre), skupaj 120 kreditnih to\u010dk po sistemu ECTS \u0160tudijsko podro\u010dje po Iscedovi klasifikaciji: Umetnost (21) Razvrstitev \u0161tudijskega programa po KLASIUS-SRV: Magistrsko izobra\u017eevanje (druga bolonjska stopnja)\/magistrska izobrazba (druga bolonjska stopnja) (17003) Razvrstitev \u0161tudijskega programa po KLASIUS-P: Oblikovanje tekstilij in obla\u010dil ... Read more\" \/>\n<meta property=\"og:url\" content=\"https:\/\/www.ntf.uni-lj.si\/oto\/studij\/2-stopnja\/oblikovanje-tekstilij-in-oblacil-mag\/splosne-informacije\/\" \/>\n<meta property=\"og:site_name\" content=\"OTO\" \/>\n<meta property=\"article:modified_time\" content=\"2023-05-24T19:27:08+00:00\" \/>\n<meta name=\"twitter:label1\" content=\"Est. reading time\" \/>\n\t<meta name=\"twitter:data1\" content=\"2 minutes\" \/>\n<script type=\"application\/ld+json\" class=\"yoast-schema-graph\">{\"@context\":\"https:\/\/schema.org\",\"@graph\":[{\"@type\":\"WebSite\",\"@id\":\"https:\/\/www.ntf.uni-lj.si\/oto\/en\/#website\",\"url\":\"https:\/\/www.ntf.uni-lj.si\/oto\/en\/\",\"name\":\"OTO\",\"description\":\"Katedra za oblikovanje tekstilij in obla\\u010dil\",\"potentialAction\":[{\"@type\":\"SearchAction\",\"target\":{\"@type\":\"EntryPoint\",\"urlTemplate\":\"https:\/\/www.ntf.uni-lj.si\/oto\/en\/?s={search_term_string}\"},\"query-input\":\"required name=search_term_string\"}],\"inLanguage\":\"en-US\"},{\"@type\":\"WebPage\",\"@id\":\"https:\/\/www.ntf.uni-lj.si\/oto\/studij\/2-stopnja\/oblikovanje-tekstilij-in-oblacil-mag\/splosne-informacije\/#webpage\",\"url\":\"https:\/\/www.ntf.uni-lj.si\/oto\/studij\/2-stopnja\/oblikovanje-tekstilij-in-oblacil-mag\/splosne-informacije\/\",\"name\":\"Splo\\u0161ne informacije - OTO\",\"isPartOf\":{\"@id\":\"https:\/\/www.ntf.uni-lj.si\/oto\/en\/#website\"},\"datePublished\":\"2015-03-30T07:59:27+00:00\",\"dateModified\":\"2023-05-24T19:27:08+00:00\",\"breadcrumb\":{\"@id\":\"https:\/\/www.ntf.uni-lj.si\/oto\/studij\/2-stopnja\/oblikovanje-tekstilij-in-oblacil-mag\/splosne-informacije\/#breadcrumb\"},\"inLanguage\":\"en-US\",\"potentialAction\":[{\"@type\":\"ReadAction\",\"target\":[\"https:\/\/www.ntf.uni-lj.si\/oto\/studij\/2-stopnja\/oblikovanje-tekstilij-in-oblacil-mag\/splosne-informacije\/\"]}]},{\"@type\":\"BreadcrumbList\",\"@id\":\"https:\/\/www.ntf.uni-lj.si\/oto\/studij\/2-stopnja\/oblikovanje-tekstilij-in-oblacil-mag\/splosne-informacije\/#breadcrumb\",\"itemListElement\":[{\"@type\":\"ListItem\",\"position\":1,\"name\":\"Home\",\"item\":\"https:\/\/www.ntf.uni-lj.si\/oto\/en\/\"},{\"@type\":\"ListItem\",\"position\":2,\"name\":\"\\u0160tudij\",\"item\":\"https:\/\/www.ntf.uni-lj.si\/oto\/studij\/\"},{\"@type\":\"ListItem\",\"position\":3,\"name\":\"2. stopnja\",\"item\":\"https:\/\/www.ntf.uni-lj.si\/oto\/studij\/2-stopnja\/\"},{\"@type\":\"ListItem\",\"position\":4,\"name\":\"Oblikovanje tekstilij in obla\\u010dil (MAG)\",\"item\":\"https:\/\/www.ntf.uni-lj.si\/oto\/studij\/2-stopnja\/oblikovanje-tekstilij-in-oblacil-mag\/\"},{\"@type\":\"ListItem\",\"position\":5,\"name\":\"Splo\\u0161ne informacije\"}]}]}<\/script>\n<!-- \/ Yoast SEO plugin. -->","yoast_head_json":{"robots":{"index":"index","follow":"follow","max-snippet":"max-snippet:-1","max-image-preview":"max-image-preview:large","max-video-preview":"max-video-preview:-1"},"canonical":"https:\/\/www.ntf.uni-lj.si\/oto\/studij\/2-stopnja\/oblikovanje-tekstilij-in-oblacil-mag\/splosne-informacije\/","og_locale":"en_US","og_type":"article","og_title":"Splo\u0161ne informacije - OTO","og_description":"OBLIKOVANJE TEKSTILIJ IN OBLA\u010cIL Stopnja in vrsta \u0161tudijskega programa: Podiplomski \u2013 magistrski Trajanje: 2 leti (4 semestre), skupaj 120 kreditnih to\u010dk po sistemu ECTS \u0160tudijsko podro\u010dje po Iscedovi klasifikaciji: Umetnost (21) Razvrstitev \u0161tudijskega programa po KLASIUS-SRV: Magistrsko izobra\u017eevanje (druga bolonjska stopnja)\/magistrska izobrazba (druga bolonjska stopnja) (17003) Razvrstitev \u0161tudijskega programa po KLASIUS-P: Oblikovanje tekstilij in obla\u010dil ... Read more","og_url":"https:\/\/www.ntf.uni-lj.si\/oto\/studij\/2-stopnja\/oblikovanje-tekstilij-in-oblacil-mag\/splosne-informacije\/","og_site_name":"OTO","article_modified_time":"2023-05-24T19:27:08+00:00","twitter_misc":{"Est. reading time":"2 minutes"},"schema":{"@context":"https:\/\/schema.org","@graph":[{"@type":"WebSite","@id":"https:\/\/www.ntf.uni-lj.si\/oto\/en\/#website","url":"https:\/\/www.ntf.uni-lj.si\/oto\/en\/","name":"OTO","description":"Katedra za oblikovanje tekstilij in obla\u010dil","potentialAction":[{"@type":"SearchAction","target":{"@type":"EntryPoint","urlTemplate":"https:\/\/www.ntf.uni-lj.si\/oto\/en\/?s={search_term_string}"},"query-input":"required name=search_term_string"}],"inLanguage":"en-US"},{"@type":"WebPage","@id":"https:\/\/www.ntf.uni-lj.si\/oto\/studij\/2-stopnja\/oblikovanje-tekstilij-in-oblacil-mag\/splosne-informacije\/#webpage","url":"https:\/\/www.ntf.uni-lj.si\/oto\/studij\/2-stopnja\/oblikovanje-tekstilij-in-oblacil-mag\/splosne-informacije\/","name":"Splo\u0161ne informacije - OTO","isPartOf":{"@id":"https:\/\/www.ntf.uni-lj.si\/oto\/en\/#website"},"datePublished":"2015-03-30T07:59:27+00:00","dateModified":"2023-05-24T19:27:08+00:00","breadcrumb":{"@id":"https:\/\/www.ntf.uni-lj.si\/oto\/studij\/2-stopnja\/oblikovanje-tekstilij-in-oblacil-mag\/splosne-informacije\/#breadcrumb"},"inLanguage":"en-US","potentialAction":[{"@type":"ReadAction","target":["https:\/\/www.ntf.uni-lj.si\/oto\/studij\/2-stopnja\/oblikovanje-tekstilij-in-oblacil-mag\/splosne-informacije\/"]}]},{"@type":"BreadcrumbList","@id":"https:\/\/www.ntf.uni-lj.si\/oto\/studij\/2-stopnja\/oblikovanje-tekstilij-in-oblacil-mag\/splosne-informacije\/#breadcrumb","itemListElement":[{"@type":"ListItem","position":1,"name":"Home","item":"https:\/\/www.ntf.uni-lj.si\/oto\/en\/"},{"@type":"ListItem","position":2,"name":"\u0160tudij","item":"https:\/\/www.ntf.uni-lj.si\/oto\/studij\/"},{"@type":"ListItem","position":3,"name":"2. stopnja","item":"https:\/\/www.ntf.uni-lj.si\/oto\/studij\/2-stopnja\/"},{"@type":"ListItem","position":4,"name":"Oblikovanje tekstilij in obla\u010dil (MAG)","item":"https:\/\/www.ntf.uni-lj.si\/oto\/studij\/2-stopnja\/oblikovanje-tekstilij-in-oblacil-mag\/"},{"@type":"ListItem","position":5,"name":"Splo\u0161ne informacije"}]}]}},"_links":{"self":[{"href":"https:\/\/www.ntf.uni-lj.si\/oto\/wp-json\/wp\/v2\/pages\/369"}],"collection":[{"href":"https:\/\/www.ntf.uni-lj.si\/oto\/wp-json\/wp\/v2\/pages"}],"about":[{"href":"https:\/\/www.ntf.uni-lj.si\/oto\/wp-json\/wp\/v2\/types\/page"}],"author":[{"embeddable":true,"href":"https:\/\/www.ntf.uni-lj.si\/oto\/wp-json\/wp\/v2\/users\/27"}],"replies":[{"embeddable":true,"href":"https:\/\/www.ntf.uni-lj.si\/oto\/wp-json\/wp\/v2\/comments?post=369"}],"version-history":[{"count":17,"href":"https:\/\/www.ntf.uni-lj.si\/oto\/wp-json\/wp\/v2\/pages\/369\/revisions"}],"predecessor-version":[{"id":20216,"href":"https:\/\/www.ntf.uni-lj.si\/oto\/wp-json\/wp\/v2\/pages\/369\/revisions\/20216"}],"up":[{"embeddable":true,"href":"https:\/\/www.ntf.uni-lj.si\/oto\/wp-json\/wp\/v2\/pages\/363"}],"wp:attachment":[{"href":"https:\/\/www.ntf.uni-lj.si\/oto\/wp-json\/wp\/v2\/media?parent=369"}],"curies":[{"name":"wp","href":"https:\/\/api.w.org\/{rel}","templated":true}]}}