{"id":375,"date":"2015-03-30T08:05:20","date_gmt":"2015-03-30T08:05:20","guid":{"rendered":"http:\/\/www.ntf.uni-lj.si\/oto\/?page_id=375"},"modified":"2026-01-15T15:03:17","modified_gmt":"2026-01-15T14:03:17","slug":"pogoji-za-vpis","status":"publish","type":"page","link":"https:\/\/www.ntf.uni-lj.si\/oto\/studij\/2-stopnja\/oblikovanje-tekstilij-in-oblacil-mag\/pogoji-za-vpis\/","title":{"rendered":"Pogoji za vpis"},"content":{"rendered":"<h2>Pogoji za vpis in merila za izbiro ob omejitvi vpisa<\/h2>\n<p><strong>Trajanje \u0161tudija:<\/strong> 2 leti<\/p>\n<h3>Vpisni pogoji:<\/h3>\n<p style=\"font-weight: 400\">V magistrski \u0161tudijski program Oblikovanje tekstilij in obla\u010dil se lahko vpi\u0161e, kdor je opravil preizkus posebne nadarjenosti, ki obsega sprejemni razgovor s predstavitvijo kandidatovega dela (zbirna mapa &#8211; portfolijo) s podro\u010dja oblikovanja tekstilij in obla\u010dil in kon\u010dal:<\/p>\n<p>a) \u0161tudijski program najmanj prve stopnje, ovrednoten z najmanj 180 kreditnimi to\u010dkami, s strokovnih podro\u010dij oblikovanje tekstilij in obla\u010dil, oblikovanje ter arhitektura ali enakovreden \u0161tudijski program, pridobljen po dosedanjih predpisih v RS ali tujini;<\/p>\n<p>b) \u0161tudijski program najmanj prve stopnje, ovrednoten z najmanj 180 kreditnimi to\u010dkami, z drugih strokovnih podro\u010dij ali enakovreden \u0161tudijski program, pridobljen po dosedanjih predpisih v RS ali tujini, \u010de je pred vpisom opravil \u0161tudijske obveznosti, bistvene za nadaljevanje \u0161tudija. Te obveznosti dolo\u010di Senat Naravoslovnotehni\u010dne fakultete in obsegajo od 10 do najve\u010d 60 kreditnih to\u010dk.<\/p>\n<h3>Merila za izbiro v primeru omejitve vpisa:<\/h3>\n<p style=\"font-weight: 400\"><strong>V primeru omejitve vpisa <\/strong><\/p>\n<p style=\"font-weight: 400\">bodo kandidati iz to\u010dk a.) in b.) izbrani glede na \u0161tevilo to\u010dk dose\u017eenih na \u0161tudijskem programu prve stopnje oziroma visoko\u0161olskem ali univerzitetnem \u0161tudijskem programu pred uvedbo bolonjske deklaracije.<\/p>\n<p style=\"font-weight: 400\">To\u010dke se izra\u010dunajo tako, da se povpre\u010dna ocena \u0161tudija zaokro\u017eena na eno decimalko pomno\u017ei z 10 (maksimalno 100 to\u010dk).<\/p>\n<p><strong>PREDSTAVITVENA MAPA:<\/strong><\/p>\n<div>\n<p><span lang=\"SL\">Kandidat predlo\u017ei predstavitveno mapo (portfolio) s svojimi avtorskimi deli s podro\u010dja modnega oblikovanja in oblikovanja tekstilij. Mapa naj vsebuje tudi \u017eivljenjepis in bibliografski pregled javnih predstavitev in objav.<\/span><\/p>\n<\/div>\n<h3>Prehodi med \u0161tudijskimi programi<\/h3>\n<p>Prehodi med programi so mogo\u010di znotraj programov druge stopnje Naravoslovnotehni\u0161ke fakultete, Oddelka za tekstilstvo, grafiko in oblikovanje in drugih fakultet skladno z Zakonom o visokem \u0161olstvu in Merili za prehode med \u0161tudijskimi programi in drugimi predpisi.<\/p>\n<p>Pri prehodih med programi se upo\u0161tevajo naslednja merila:<\/p>\n<p>&#8211; izpolnjevanje pogojev za vpis v novi \u0161tudijski program,<\/p>\n<p>&#8211; obseg razpolo\u017eljivih mest,<\/p>\n<p>&#8211; letniki ali semestri v prej\u0161njem \u0161tudijskem programu, v katerih je \u0161tudent opravil vse \u0161tudijske obveznosti, in ki se lahko priznajo v celoti,<\/p>\n<p>&#8211; minimalno \u0161tevilo semestrov, ki jih mora \u0161tudent opraviti, \u010de \u017eeli diplomirati v novem programu.<\/p>\n<p><strong>Mogo\u010d je prehod:<\/strong><\/p>\n<p>a) iz \u0161tudijskih programov 2. stopnje na podro\u010dju: oblikovanje tekstilij in obla\u010dil ali modnega oblikovanja,<\/p>\n<p>b) iz \u0161tudijskih programov 2. stopnje z drugih umetni\u0161kih podro\u010dij,<\/p>\n<p>c) iz univerzitetnih \u0161tudijskih programov pred uvedbo bolonjske deklaracije na podro\u010dju: oblikovanje tekstilij in obla\u010dil ali modnega oblikovanja,<\/p>\n<p>d) iz univerzitetnih \u0161tudijskih programov pred uvedbo bolonjske deklaracije z drugih umetni\u0161kih podro\u010dij.<\/p>\n<p>Kandidati morajo izpolnjevati pogoje za vpis v program v katerega prehajajo. \u0160tudijska komisija NTF dolo\u010di za vsakega kandidata posebej obveznosti, ki jih mora opraviti pred vpisom ob prehodu v nov program in opredeli v kateri letnik lahko kandidat prehaja.<\/p>\n<p><strong>Vpisna mesta in prijava za nadaljevanje \u0161tudija po merilih za prehode<\/strong><\/p>\n<p>Po merilih za prehode se lahko vpi\u0161ejo kandidati, \u010de so na razpolago \u0161tudijska mesta. \u0160tevilo vpisnih mest je omejeno s \u0161tevilom vpisnih mest v prvi letnik.<\/p>\n<p>V kolikor se za prehod prijavi ve\u010d kandidatov kot je razpolo\u017eljivih mest, bodo kandidati izbrani glede na u\u010dni uspeh v predhodnem izobra\u017eevanju.<\/p>\n<p>Razpis za vpis\u00a0\u00a0je objavljen <strong><a href=\"https:\/\/www.uni-lj.si\/studij\/prijavno-sprejemni-postopki\/magistrski\">tukaj<\/a><\/strong>.<\/p>\n<p>Prijavo za vpis\u00a0oddate preko spletne strani eV\u0160: <strong><a href=\"http:\/\/portal.evs.gov.si\/prijava\/\">http:\/\/portal.evs.gov.si\/prijava\/<\/a><\/strong><\/p>\n<p><strong>Rok oddaje prijave za vpis je do 1. septembra 2026.<\/strong><\/p>\n<p>V kolikor bo razpisan drugi prijavni rok, boste o tem obve\u0161\u010deni na internetni strani fakultete.<\/p>\n<p><strong>Kraj izvajanja programa:<\/strong> Ljubljana<\/p>\n<p><strong>Na\u010din \u0161tudija:<\/strong> redni, izredni<\/p>\n<p><strong>\u0160tevilo vpisnih mest: 25<\/strong><\/p>\n<p>Ve\u010d na povezavi: https:\/\/www.ntf.uni-lj.si\/ntf\/vpis\/<\/p>\n","protected":false},"excerpt":{"rendered":"Pogoji za vpis in merila za izbiro ob omejitvi vpisa Trajanje \u0161tudija: 2 leti Vpisni pogoji: V magistrski \u0161tudijski program Oblikovanje tekstilij in obla\u010dil se lahko vpi\u0161e, kdor je opravil preizkus posebne nadarjenosti, ki obsega sprejemni razgovor s predstavitvijo kandidatovega dela (zbirna mapa &#8211; portfolijo) s podro\u010dja oblikovanja tekstilij in obla\u010dil in kon\u010dal: a) \u0161tudijski &#8230; <a class=\"view-article\" href=\"https:\/\/www.ntf.uni-lj.si\/oto\/studij\/2-stopnja\/oblikovanje-tekstilij-in-oblacil-mag\/pogoji-za-vpis\/\">Read more<\/a>","protected":false},"author":27,"featured_media":0,"parent":363,"menu_order":20,"comment_status":"closed","ping_status":"closed","template":"","meta":[],"acf":[],"yoast_head":"<!-- This site is optimized with the Yoast SEO plugin v17.0 - https:\/\/yoast.com\/wordpress\/plugins\/seo\/ -->\n<meta name=\"robots\" content=\"index, follow, max-snippet:-1, max-image-preview:large, max-video-preview:-1\" \/>\n<link rel=\"canonical\" href=\"https:\/\/www.ntf.uni-lj.si\/oto\/studij\/2-stopnja\/oblikovanje-tekstilij-in-oblacil-mag\/pogoji-za-vpis\/\" \/>\n<meta property=\"og:locale\" content=\"en_US\" \/>\n<meta property=\"og:type\" content=\"article\" \/>\n<meta property=\"og:title\" content=\"Pogoji za vpis - OTO\" \/>\n<meta property=\"og:description\" content=\"Pogoji za vpis in merila za izbiro ob omejitvi vpisa Trajanje \u0161tudija: 2 leti Vpisni pogoji: V magistrski \u0161tudijski program Oblikovanje tekstilij in obla\u010dil se lahko vpi\u0161e, kdor je opravil preizkus posebne nadarjenosti, ki obsega sprejemni razgovor s predstavitvijo kandidatovega dela (zbirna mapa &#8211; portfolijo) s podro\u010dja oblikovanja tekstilij in obla\u010dil in kon\u010dal: a) \u0161tudijski ... Read more\" \/>\n<meta property=\"og:url\" content=\"https:\/\/www.ntf.uni-lj.si\/oto\/studij\/2-stopnja\/oblikovanje-tekstilij-in-oblacil-mag\/pogoji-za-vpis\/\" \/>\n<meta property=\"og:site_name\" content=\"OTO\" \/>\n<meta property=\"article:modified_time\" content=\"2026-01-15T14:03:17+00:00\" \/>\n<meta name=\"twitter:label1\" content=\"Est. reading time\" \/>\n\t<meta name=\"twitter:data1\" content=\"3 minutes\" \/>\n<script type=\"application\/ld+json\" class=\"yoast-schema-graph\">{\"@context\":\"https:\/\/schema.org\",\"@graph\":[{\"@type\":\"WebSite\",\"@id\":\"https:\/\/www.ntf.uni-lj.si\/oto\/en\/#website\",\"url\":\"https:\/\/www.ntf.uni-lj.si\/oto\/en\/\",\"name\":\"OTO\",\"description\":\"Katedra za oblikovanje tekstilij in obla\\u010dil\",\"potentialAction\":[{\"@type\":\"SearchAction\",\"target\":{\"@type\":\"EntryPoint\",\"urlTemplate\":\"https:\/\/www.ntf.uni-lj.si\/oto\/en\/?s={search_term_string}\"},\"query-input\":\"required name=search_term_string\"}],\"inLanguage\":\"en-US\"},{\"@type\":\"WebPage\",\"@id\":\"https:\/\/www.ntf.uni-lj.si\/oto\/studij\/2-stopnja\/oblikovanje-tekstilij-in-oblacil-mag\/pogoji-za-vpis\/#webpage\",\"url\":\"https:\/\/www.ntf.uni-lj.si\/oto\/studij\/2-stopnja\/oblikovanje-tekstilij-in-oblacil-mag\/pogoji-za-vpis\/\",\"name\":\"Pogoji za vpis - OTO\",\"isPartOf\":{\"@id\":\"https:\/\/www.ntf.uni-lj.si\/oto\/en\/#website\"},\"datePublished\":\"2015-03-30T08:05:20+00:00\",\"dateModified\":\"2026-01-15T14:03:17+00:00\",\"breadcrumb\":{\"@id\":\"https:\/\/www.ntf.uni-lj.si\/oto\/studij\/2-stopnja\/oblikovanje-tekstilij-in-oblacil-mag\/pogoji-za-vpis\/#breadcrumb\"},\"inLanguage\":\"en-US\",\"potentialAction\":[{\"@type\":\"ReadAction\",\"target\":[\"https:\/\/www.ntf.uni-lj.si\/oto\/studij\/2-stopnja\/oblikovanje-tekstilij-in-oblacil-mag\/pogoji-za-vpis\/\"]}]},{\"@type\":\"BreadcrumbList\",\"@id\":\"https:\/\/www.ntf.uni-lj.si\/oto\/studij\/2-stopnja\/oblikovanje-tekstilij-in-oblacil-mag\/pogoji-za-vpis\/#breadcrumb\",\"itemListElement\":[{\"@type\":\"ListItem\",\"position\":1,\"name\":\"Home\",\"item\":\"https:\/\/www.ntf.uni-lj.si\/oto\/en\/\"},{\"@type\":\"ListItem\",\"position\":2,\"name\":\"\\u0160tudij\",\"item\":\"https:\/\/www.ntf.uni-lj.si\/oto\/studij\/\"},{\"@type\":\"ListItem\",\"position\":3,\"name\":\"2. stopnja\",\"item\":\"https:\/\/www.ntf.uni-lj.si\/oto\/studij\/2-stopnja\/\"},{\"@type\":\"ListItem\",\"position\":4,\"name\":\"Oblikovanje tekstilij in obla\\u010dil (MAG)\",\"item\":\"https:\/\/www.ntf.uni-lj.si\/oto\/studij\/2-stopnja\/oblikovanje-tekstilij-in-oblacil-mag\/\"},{\"@type\":\"ListItem\",\"position\":5,\"name\":\"Pogoji za vpis\"}]}]}<\/script>\n<!-- \/ Yoast SEO plugin. -->","yoast_head_json":{"robots":{"index":"index","follow":"follow","max-snippet":"max-snippet:-1","max-image-preview":"max-image-preview:large","max-video-preview":"max-video-preview:-1"},"canonical":"https:\/\/www.ntf.uni-lj.si\/oto\/studij\/2-stopnja\/oblikovanje-tekstilij-in-oblacil-mag\/pogoji-za-vpis\/","og_locale":"en_US","og_type":"article","og_title":"Pogoji za vpis - OTO","og_description":"Pogoji za vpis in merila za izbiro ob omejitvi vpisa Trajanje \u0161tudija: 2 leti Vpisni pogoji: V magistrski \u0161tudijski program Oblikovanje tekstilij in obla\u010dil se lahko vpi\u0161e, kdor je opravil preizkus posebne nadarjenosti, ki obsega sprejemni razgovor s predstavitvijo kandidatovega dela (zbirna mapa &#8211; portfolijo) s podro\u010dja oblikovanja tekstilij in obla\u010dil in kon\u010dal: a) \u0161tudijski ... Read more","og_url":"https:\/\/www.ntf.uni-lj.si\/oto\/studij\/2-stopnja\/oblikovanje-tekstilij-in-oblacil-mag\/pogoji-za-vpis\/","og_site_name":"OTO","article_modified_time":"2026-01-15T14:03:17+00:00","twitter_misc":{"Est. reading time":"3 minutes"},"schema":{"@context":"https:\/\/schema.org","@graph":[{"@type":"WebSite","@id":"https:\/\/www.ntf.uni-lj.si\/oto\/en\/#website","url":"https:\/\/www.ntf.uni-lj.si\/oto\/en\/","name":"OTO","description":"Katedra za oblikovanje tekstilij in obla\u010dil","potentialAction":[{"@type":"SearchAction","target":{"@type":"EntryPoint","urlTemplate":"https:\/\/www.ntf.uni-lj.si\/oto\/en\/?s={search_term_string}"},"query-input":"required name=search_term_string"}],"inLanguage":"en-US"},{"@type":"WebPage","@id":"https:\/\/www.ntf.uni-lj.si\/oto\/studij\/2-stopnja\/oblikovanje-tekstilij-in-oblacil-mag\/pogoji-za-vpis\/#webpage","url":"https:\/\/www.ntf.uni-lj.si\/oto\/studij\/2-stopnja\/oblikovanje-tekstilij-in-oblacil-mag\/pogoji-za-vpis\/","name":"Pogoji za vpis - OTO","isPartOf":{"@id":"https:\/\/www.ntf.uni-lj.si\/oto\/en\/#website"},"datePublished":"2015-03-30T08:05:20+00:00","dateModified":"2026-01-15T14:03:17+00:00","breadcrumb":{"@id":"https:\/\/www.ntf.uni-lj.si\/oto\/studij\/2-stopnja\/oblikovanje-tekstilij-in-oblacil-mag\/pogoji-za-vpis\/#breadcrumb"},"inLanguage":"en-US","potentialAction":[{"@type":"ReadAction","target":["https:\/\/www.ntf.uni-lj.si\/oto\/studij\/2-stopnja\/oblikovanje-tekstilij-in-oblacil-mag\/pogoji-za-vpis\/"]}]},{"@type":"BreadcrumbList","@id":"https:\/\/www.ntf.uni-lj.si\/oto\/studij\/2-stopnja\/oblikovanje-tekstilij-in-oblacil-mag\/pogoji-za-vpis\/#breadcrumb","itemListElement":[{"@type":"ListItem","position":1,"name":"Home","item":"https:\/\/www.ntf.uni-lj.si\/oto\/en\/"},{"@type":"ListItem","position":2,"name":"\u0160tudij","item":"https:\/\/www.ntf.uni-lj.si\/oto\/studij\/"},{"@type":"ListItem","position":3,"name":"2. stopnja","item":"https:\/\/www.ntf.uni-lj.si\/oto\/studij\/2-stopnja\/"},{"@type":"ListItem","position":4,"name":"Oblikovanje tekstilij in obla\u010dil (MAG)","item":"https:\/\/www.ntf.uni-lj.si\/oto\/studij\/2-stopnja\/oblikovanje-tekstilij-in-oblacil-mag\/"},{"@type":"ListItem","position":5,"name":"Pogoji za vpis"}]}]}},"_links":{"self":[{"href":"https:\/\/www.ntf.uni-lj.si\/oto\/wp-json\/wp\/v2\/pages\/375"}],"collection":[{"href":"https:\/\/www.ntf.uni-lj.si\/oto\/wp-json\/wp\/v2\/pages"}],"about":[{"href":"https:\/\/www.ntf.uni-lj.si\/oto\/wp-json\/wp\/v2\/types\/page"}],"author":[{"embeddable":true,"href":"https:\/\/www.ntf.uni-lj.si\/oto\/wp-json\/wp\/v2\/users\/27"}],"replies":[{"embeddable":true,"href":"https:\/\/www.ntf.uni-lj.si\/oto\/wp-json\/wp\/v2\/comments?post=375"}],"version-history":[{"count":24,"href":"https:\/\/www.ntf.uni-lj.si\/oto\/wp-json\/wp\/v2\/pages\/375\/revisions"}],"predecessor-version":[{"id":24996,"href":"https:\/\/www.ntf.uni-lj.si\/oto\/wp-json\/wp\/v2\/pages\/375\/revisions\/24996"}],"up":[{"embeddable":true,"href":"https:\/\/www.ntf.uni-lj.si\/oto\/wp-json\/wp\/v2\/pages\/363"}],"wp:attachment":[{"href":"https:\/\/www.ntf.uni-lj.si\/oto\/wp-json\/wp\/v2\/media?parent=375"}],"curies":[{"name":"wp","href":"https:\/\/api.w.org\/{rel}","templated":true}]}}