{"id":496,"date":"2020-01-17T20:33:32","date_gmt":"2020-01-17T19:33:32","guid":{"rendered":"http:\/\/www.ntf.uni-lj.si\/ssntf\/?page_id=496"},"modified":"2024-12-18T10:21:29","modified_gmt":"2024-12-18T09:21:29","slug":"upravni-odbor","status":"publish","type":"page","link":"https:\/\/www.ntf.uni-lj.si\/ssntf\/kdosmo\/upravni-odbor\/","title":{"rendered":"Upravni odbor"},"content":{"rendered":"<ul>\n<li>Jure Jelenc<\/li>\n<li>Svit Pa\u010dnik (nadomestni \u010dlan)<\/li>\n<\/ul>\n<p>Upravni odbor je organ upravljanja, ki odlo\u010da zlasti o zadevah gospodarske narave in skrbi za nemoteno materialno poslovanje fakultete.<\/p>\n","protected":false},"excerpt":{"rendered":"Jure Jelenc Svit Pa\u010dnik (nadomestni \u010dlan) Upravni odbor je organ upravljanja, ki odlo\u010da zlasti o zadevah gospodarske narave in skrbi za nemoteno materialno poslovanje fakultete.","protected":false},"author":305,"featured_media":0,"parent":79,"menu_order":4,"comment_status":"closed","ping_status":"closed","template":"","meta":[],"acf":[],"yoast_head":"<!-- This site is optimized with the Yoast SEO plugin v17.0 - https:\/\/yoast.com\/wordpress\/plugins\/seo\/ -->\n<meta name=\"robots\" content=\"index, follow, max-snippet:-1, max-image-preview:large, max-video-preview:-1\" \/>\n<link rel=\"canonical\" href=\"https:\/\/www.ntf.uni-lj.si\/ssntf\/kdosmo\/upravni-odbor\/\" \/>\n<meta property=\"og:locale\" content=\"en_US\" \/>\n<meta property=\"og:type\" content=\"article\" \/>\n<meta property=\"og:title\" content=\"Upravni odbor - \u0160SNTF\" \/>\n<meta property=\"og:description\" content=\"Jure Jelenc Svit Pa\u010dnik (nadomestni \u010dlan) Upravni odbor je organ upravljanja, ki odlo\u010da zlasti o zadevah gospodarske narave in skrbi za nemoteno materialno poslovanje fakultete.\" \/>\n<meta property=\"og:url\" content=\"https:\/\/www.ntf.uni-lj.si\/ssntf\/kdosmo\/upravni-odbor\/\" \/>\n<meta property=\"og:site_name\" content=\"\u0160SNTF\" \/>\n<meta property=\"article:modified_time\" content=\"2024-12-18T09:21:29+00:00\" \/>\n<meta name=\"twitter:label1\" content=\"Est. reading time\" \/>\n\t<meta name=\"twitter:data1\" content=\"1 minute\" \/>\n<script type=\"application\/ld+json\" class=\"yoast-schema-graph\">{\"@context\":\"https:\/\/schema.org\",\"@graph\":[{\"@type\":\"WebSite\",\"@id\":\"https:\/\/www.ntf.uni-lj.si\/ssntf\/#website\",\"url\":\"https:\/\/www.ntf.uni-lj.si\/ssntf\/\",\"name\":\"\\u0160SNTF\",\"description\":\"\\u0160tudentski svet NTF\",\"potentialAction\":[{\"@type\":\"SearchAction\",\"target\":{\"@type\":\"EntryPoint\",\"urlTemplate\":\"https:\/\/www.ntf.uni-lj.si\/ssntf\/?s={search_term_string}\"},\"query-input\":\"required name=search_term_string\"}],\"inLanguage\":\"en-US\"},{\"@type\":\"WebPage\",\"@id\":\"https:\/\/www.ntf.uni-lj.si\/ssntf\/kdosmo\/upravni-odbor\/#webpage\",\"url\":\"https:\/\/www.ntf.uni-lj.si\/ssntf\/kdosmo\/upravni-odbor\/\",\"name\":\"Upravni odbor - \\u0160SNTF\",\"isPartOf\":{\"@id\":\"https:\/\/www.ntf.uni-lj.si\/ssntf\/#website\"},\"datePublished\":\"2020-01-17T19:33:32+00:00\",\"dateModified\":\"2024-12-18T09:21:29+00:00\",\"breadcrumb\":{\"@id\":\"https:\/\/www.ntf.uni-lj.si\/ssntf\/kdosmo\/upravni-odbor\/#breadcrumb\"},\"inLanguage\":\"en-US\",\"potentialAction\":[{\"@type\":\"ReadAction\",\"target\":[\"https:\/\/www.ntf.uni-lj.si\/ssntf\/kdosmo\/upravni-odbor\/\"]}]},{\"@type\":\"BreadcrumbList\",\"@id\":\"https:\/\/www.ntf.uni-lj.si\/ssntf\/kdosmo\/upravni-odbor\/#breadcrumb\",\"itemListElement\":[{\"@type\":\"ListItem\",\"position\":1,\"name\":\"Domov\",\"item\":\"https:\/\/www.ntf.uni-lj.si\/ssntf\/\"},{\"@type\":\"ListItem\",\"position\":2,\"name\":\"Kdo smo \\u0160S NTF\",\"item\":\"https:\/\/www.ntf.uni-lj.si\/ssntf\/kdosmo\/\"},{\"@type\":\"ListItem\",\"position\":3,\"name\":\"Upravni odbor\"}]}]}<\/script>\n<!-- \/ Yoast SEO plugin. -->","yoast_head_json":{"robots":{"index":"index","follow":"follow","max-snippet":"max-snippet:-1","max-image-preview":"max-image-preview:large","max-video-preview":"max-video-preview:-1"},"canonical":"https:\/\/www.ntf.uni-lj.si\/ssntf\/kdosmo\/upravni-odbor\/","og_locale":"en_US","og_type":"article","og_title":"Upravni odbor - \u0160SNTF","og_description":"Jure Jelenc Svit Pa\u010dnik (nadomestni \u010dlan) Upravni odbor je organ upravljanja, ki odlo\u010da zlasti o zadevah gospodarske narave in skrbi za nemoteno materialno poslovanje fakultete.","og_url":"https:\/\/www.ntf.uni-lj.si\/ssntf\/kdosmo\/upravni-odbor\/","og_site_name":"\u0160SNTF","article_modified_time":"2024-12-18T09:21:29+00:00","twitter_misc":{"Est. reading time":"1 minute"},"schema":{"@context":"https:\/\/schema.org","@graph":[{"@type":"WebSite","@id":"https:\/\/www.ntf.uni-lj.si\/ssntf\/#website","url":"https:\/\/www.ntf.uni-lj.si\/ssntf\/","name":"\u0160SNTF","description":"\u0160tudentski svet NTF","potentialAction":[{"@type":"SearchAction","target":{"@type":"EntryPoint","urlTemplate":"https:\/\/www.ntf.uni-lj.si\/ssntf\/?s={search_term_string}"},"query-input":"required name=search_term_string"}],"inLanguage":"en-US"},{"@type":"WebPage","@id":"https:\/\/www.ntf.uni-lj.si\/ssntf\/kdosmo\/upravni-odbor\/#webpage","url":"https:\/\/www.ntf.uni-lj.si\/ssntf\/kdosmo\/upravni-odbor\/","name":"Upravni odbor - \u0160SNTF","isPartOf":{"@id":"https:\/\/www.ntf.uni-lj.si\/ssntf\/#website"},"datePublished":"2020-01-17T19:33:32+00:00","dateModified":"2024-12-18T09:21:29+00:00","breadcrumb":{"@id":"https:\/\/www.ntf.uni-lj.si\/ssntf\/kdosmo\/upravni-odbor\/#breadcrumb"},"inLanguage":"en-US","potentialAction":[{"@type":"ReadAction","target":["https:\/\/www.ntf.uni-lj.si\/ssntf\/kdosmo\/upravni-odbor\/"]}]},{"@type":"BreadcrumbList","@id":"https:\/\/www.ntf.uni-lj.si\/ssntf\/kdosmo\/upravni-odbor\/#breadcrumb","itemListElement":[{"@type":"ListItem","position":1,"name":"Domov","item":"https:\/\/www.ntf.uni-lj.si\/ssntf\/"},{"@type":"ListItem","position":2,"name":"Kdo smo \u0160S NTF","item":"https:\/\/www.ntf.uni-lj.si\/ssntf\/kdosmo\/"},{"@type":"ListItem","position":3,"name":"Upravni odbor"}]}]}},"_links":{"self":[{"href":"https:\/\/www.ntf.uni-lj.si\/ssntf\/wp-json\/wp\/v2\/pages\/496"}],"collection":[{"href":"https:\/\/www.ntf.uni-lj.si\/ssntf\/wp-json\/wp\/v2\/pages"}],"about":[{"href":"https:\/\/www.ntf.uni-lj.si\/ssntf\/wp-json\/wp\/v2\/types\/page"}],"author":[{"embeddable":true,"href":"https:\/\/www.ntf.uni-lj.si\/ssntf\/wp-json\/wp\/v2\/users\/305"}],"replies":[{"embeddable":true,"href":"https:\/\/www.ntf.uni-lj.si\/ssntf\/wp-json\/wp\/v2\/comments?post=496"}],"version-history":[{"count":8,"href":"https:\/\/www.ntf.uni-lj.si\/ssntf\/wp-json\/wp\/v2\/pages\/496\/revisions"}],"predecessor-version":[{"id":732,"href":"https:\/\/www.ntf.uni-lj.si\/ssntf\/wp-json\/wp\/v2\/pages\/496\/revisions\/732"}],"up":[{"embeddable":true,"href":"https:\/\/www.ntf.uni-lj.si\/ssntf\/wp-json\/wp\/v2\/pages\/79"}],"wp:attachment":[{"href":"https:\/\/www.ntf.uni-lj.si\/ssntf\/wp-json\/wp\/v2\/media?parent=496"}],"curies":[{"name":"wp","href":"https:\/\/api.w.org\/{rel}","templated":true}]}}