{"id":79,"date":"2015-04-02T13:30:34","date_gmt":"2015-04-02T13:30:34","guid":{"rendered":"http:\/\/www.ntf.uni-lj.si\/ssntf\/?page_id=79"},"modified":"2021-03-21T12:32:12","modified_gmt":"2021-03-21T11:32:12","slug":"kdosmo","status":"publish","type":"page","link":"https:\/\/www.ntf.uni-lj.si\/ssntf\/kdosmo\/","title":{"rendered":"Kdo smo \u0160S NTF"},"content":{"rendered":"<p><strong>\u0160<\/strong>tudente informiramo o spremembah in novostih na fakulteti<\/p>\n<p><strong>S<\/strong>odelujemo v komisijah NTF<\/p>\n<p><strong>N<\/strong>a podlagi va\u0161ih anket podajamo mnenja o profesorjih<\/p>\n<p><strong>T<\/strong>e\u017eimo k medsebojnemu sodelovanju vseh \u0161tudentov in zaposlenih<\/p>\n<p><strong>F<\/strong>inanciramo projekte in organiziramo dogodke<\/p>\n<p>\u0160tudentski svet Naravoslovnotehni\u0161ke fakultete (\u0160S NTF) je organ fakultete, ki ga sestavljajo zgolj \u0161tudentje. Je edini uradni zastopnik \u0161tudentov na fakulteti, sodeluje pa tudi v okviru univerze na sejah \u0161tudentskega sveta univerze v Ljubljani (\u0160S UL). \u010clani sveta sodelujejo v vseh komisijah oz. odborih UL NTF, podajajo mnenja o pedago\u0161kih delavcih glede na rezultate \u0161tudentskih anket in tako sodelujejo v procesu izvolitve v naziv. Trudimo se, da je v svetu vsaj 1 predstavnik iz vsakega programa, ne glede na to, pa vsi \u010dlani podpirajo splo\u0161en interes vseh \u0161tudentov.<\/p>\n<p>\u0160tudentski svet je v svojem delovanju neodvisen, delovanje v njem je prostovoljno in kot tako seveda ni pla\u010dano. Poteka v obliki rednih sej, po potrebi pa tudi izrednih in koresponden\u010dnih. Na sejah razpravljamo o aktualnih temah in o njih podajamo mnenja ter sprejemamo sklepe. \u010clan sveta se vsako leto na novo izvolijo.<\/p>\n<p>Enkrat mese\u010dno se dobimo na redni seji. Na\u0161e delovanje je javno, zato se lahko seje ob predhodni najavi udele\u017eite vsi, ki vas zanimata delo in pomen \u0160SNTF. Datumi sej so objavljeni\u00a0<a href=\"https:\/\/www.ntf.uni-lj.si\/ssntf\/seje\/\"><strong>tukaj<\/strong><\/a>, najavite pa se prek\u00a0maila<strong>\u00a0<em>studentskisvet.ntf@gmail.com.<\/em><\/strong><\/p>\n<p>Volitve v \u0160SNTF potekajo novembra. Razpis se konec oktobra objavi na spletni strani fakultete in oglasni deski.<\/p>\n<p>&nbsp;<\/p>\n","protected":false},"excerpt":{"rendered":"\u0160tudente informiramo o spremembah in novostih na fakulteti Sodelujemo v komisijah NTF Na podlagi va\u0161ih anket podajamo mnenja o profesorjih Te\u017eimo k medsebojnemu sodelovanju vseh \u0161tudentov in zaposlenih Financiramo projekte in organiziramo dogodke \u0160tudentski svet Naravoslovnotehni\u0161ke fakultete (\u0160S NTF) je organ fakultete, ki ga sestavljajo zgolj \u0161tudentje. Je edini uradni zastopnik \u0161tudentov na fakulteti, sodeluje &#8230; <a class=\"view-article\" href=\"https:\/\/www.ntf.uni-lj.si\/ssntf\/kdosmo\/\">Read more<\/a>","protected":false},"author":15,"featured_media":0,"parent":0,"menu_order":10,"comment_status":"closed","ping_status":"closed","template":"","meta":[],"acf":[],"yoast_head":"<!-- This site is optimized with the Yoast SEO plugin v17.0 - https:\/\/yoast.com\/wordpress\/plugins\/seo\/ -->\n<meta name=\"robots\" content=\"index, follow, max-snippet:-1, max-image-preview:large, max-video-preview:-1\" \/>\n<link rel=\"canonical\" href=\"https:\/\/www.ntf.uni-lj.si\/ssntf\/kdosmo\/\" \/>\n<meta property=\"og:locale\" content=\"en_US\" \/>\n<meta property=\"og:type\" content=\"article\" \/>\n<meta property=\"og:title\" content=\"Kdo smo \u0160S NTF - \u0160SNTF\" \/>\n<meta property=\"og:description\" content=\"\u0160tudente informiramo o spremembah in novostih na fakulteti Sodelujemo v komisijah NTF Na podlagi va\u0161ih anket podajamo mnenja o profesorjih Te\u017eimo k medsebojnemu sodelovanju vseh \u0161tudentov in zaposlenih Financiramo projekte in organiziramo dogodke \u0160tudentski svet Naravoslovnotehni\u0161ke fakultete (\u0160S NTF) je organ fakultete, ki ga sestavljajo zgolj \u0161tudentje. Je edini uradni zastopnik \u0161tudentov na fakulteti, sodeluje ... Read more\" \/>\n<meta property=\"og:url\" content=\"https:\/\/www.ntf.uni-lj.si\/ssntf\/kdosmo\/\" \/>\n<meta property=\"og:site_name\" content=\"\u0160SNTF\" \/>\n<meta property=\"article:modified_time\" content=\"2021-03-21T11:32:12+00:00\" \/>\n<meta name=\"twitter:label1\" content=\"Est. reading time\" \/>\n\t<meta name=\"twitter:data1\" content=\"1 minute\" \/>\n<script type=\"application\/ld+json\" class=\"yoast-schema-graph\">{\"@context\":\"https:\/\/schema.org\",\"@graph\":[{\"@type\":\"WebSite\",\"@id\":\"https:\/\/www.ntf.uni-lj.si\/ssntf\/#website\",\"url\":\"https:\/\/www.ntf.uni-lj.si\/ssntf\/\",\"name\":\"\\u0160SNTF\",\"description\":\"\\u0160tudentski svet NTF\",\"potentialAction\":[{\"@type\":\"SearchAction\",\"target\":{\"@type\":\"EntryPoint\",\"urlTemplate\":\"https:\/\/www.ntf.uni-lj.si\/ssntf\/?s={search_term_string}\"},\"query-input\":\"required name=search_term_string\"}],\"inLanguage\":\"en-US\"},{\"@type\":\"WebPage\",\"@id\":\"https:\/\/www.ntf.uni-lj.si\/ssntf\/kdosmo\/#webpage\",\"url\":\"https:\/\/www.ntf.uni-lj.si\/ssntf\/kdosmo\/\",\"name\":\"Kdo smo \\u0160S NTF - \\u0160SNTF\",\"isPartOf\":{\"@id\":\"https:\/\/www.ntf.uni-lj.si\/ssntf\/#website\"},\"datePublished\":\"2015-04-02T13:30:34+00:00\",\"dateModified\":\"2021-03-21T11:32:12+00:00\",\"breadcrumb\":{\"@id\":\"https:\/\/www.ntf.uni-lj.si\/ssntf\/kdosmo\/#breadcrumb\"},\"inLanguage\":\"en-US\",\"potentialAction\":[{\"@type\":\"ReadAction\",\"target\":[\"https:\/\/www.ntf.uni-lj.si\/ssntf\/kdosmo\/\"]}]},{\"@type\":\"BreadcrumbList\",\"@id\":\"https:\/\/www.ntf.uni-lj.si\/ssntf\/kdosmo\/#breadcrumb\",\"itemListElement\":[{\"@type\":\"ListItem\",\"position\":1,\"name\":\"Domov\",\"item\":\"https:\/\/www.ntf.uni-lj.si\/ssntf\/\"},{\"@type\":\"ListItem\",\"position\":2,\"name\":\"Kdo smo \\u0160S NTF\"}]}]}<\/script>\n<!-- \/ Yoast SEO plugin. -->","yoast_head_json":{"robots":{"index":"index","follow":"follow","max-snippet":"max-snippet:-1","max-image-preview":"max-image-preview:large","max-video-preview":"max-video-preview:-1"},"canonical":"https:\/\/www.ntf.uni-lj.si\/ssntf\/kdosmo\/","og_locale":"en_US","og_type":"article","og_title":"Kdo smo \u0160S NTF - \u0160SNTF","og_description":"\u0160tudente informiramo o spremembah in novostih na fakulteti Sodelujemo v komisijah NTF Na podlagi va\u0161ih anket podajamo mnenja o profesorjih Te\u017eimo k medsebojnemu sodelovanju vseh \u0161tudentov in zaposlenih Financiramo projekte in organiziramo dogodke \u0160tudentski svet Naravoslovnotehni\u0161ke fakultete (\u0160S NTF) je organ fakultete, ki ga sestavljajo zgolj \u0161tudentje. Je edini uradni zastopnik \u0161tudentov na fakulteti, sodeluje ... Read more","og_url":"https:\/\/www.ntf.uni-lj.si\/ssntf\/kdosmo\/","og_site_name":"\u0160SNTF","article_modified_time":"2021-03-21T11:32:12+00:00","twitter_misc":{"Est. reading time":"1 minute"},"schema":{"@context":"https:\/\/schema.org","@graph":[{"@type":"WebSite","@id":"https:\/\/www.ntf.uni-lj.si\/ssntf\/#website","url":"https:\/\/www.ntf.uni-lj.si\/ssntf\/","name":"\u0160SNTF","description":"\u0160tudentski svet NTF","potentialAction":[{"@type":"SearchAction","target":{"@type":"EntryPoint","urlTemplate":"https:\/\/www.ntf.uni-lj.si\/ssntf\/?s={search_term_string}"},"query-input":"required name=search_term_string"}],"inLanguage":"en-US"},{"@type":"WebPage","@id":"https:\/\/www.ntf.uni-lj.si\/ssntf\/kdosmo\/#webpage","url":"https:\/\/www.ntf.uni-lj.si\/ssntf\/kdosmo\/","name":"Kdo smo \u0160S NTF - \u0160SNTF","isPartOf":{"@id":"https:\/\/www.ntf.uni-lj.si\/ssntf\/#website"},"datePublished":"2015-04-02T13:30:34+00:00","dateModified":"2021-03-21T11:32:12+00:00","breadcrumb":{"@id":"https:\/\/www.ntf.uni-lj.si\/ssntf\/kdosmo\/#breadcrumb"},"inLanguage":"en-US","potentialAction":[{"@type":"ReadAction","target":["https:\/\/www.ntf.uni-lj.si\/ssntf\/kdosmo\/"]}]},{"@type":"BreadcrumbList","@id":"https:\/\/www.ntf.uni-lj.si\/ssntf\/kdosmo\/#breadcrumb","itemListElement":[{"@type":"ListItem","position":1,"name":"Domov","item":"https:\/\/www.ntf.uni-lj.si\/ssntf\/"},{"@type":"ListItem","position":2,"name":"Kdo smo \u0160S NTF"}]}]}},"_links":{"self":[{"href":"https:\/\/www.ntf.uni-lj.si\/ssntf\/wp-json\/wp\/v2\/pages\/79"}],"collection":[{"href":"https:\/\/www.ntf.uni-lj.si\/ssntf\/wp-json\/wp\/v2\/pages"}],"about":[{"href":"https:\/\/www.ntf.uni-lj.si\/ssntf\/wp-json\/wp\/v2\/types\/page"}],"author":[{"embeddable":true,"href":"https:\/\/www.ntf.uni-lj.si\/ssntf\/wp-json\/wp\/v2\/users\/15"}],"replies":[{"embeddable":true,"href":"https:\/\/www.ntf.uni-lj.si\/ssntf\/wp-json\/wp\/v2\/comments?post=79"}],"version-history":[{"count":16,"href":"https:\/\/www.ntf.uni-lj.si\/ssntf\/wp-json\/wp\/v2\/pages\/79\/revisions"}],"predecessor-version":[{"id":608,"href":"https:\/\/www.ntf.uni-lj.si\/ssntf\/wp-json\/wp\/v2\/pages\/79\/revisions\/608"}],"wp:attachment":[{"href":"https:\/\/www.ntf.uni-lj.si\/ssntf\/wp-json\/wp\/v2\/media?parent=79"}],"curies":[{"name":"wp","href":"https:\/\/api.w.org\/{rel}","templated":true}]}}