{"id":11299,"date":"2018-08-28T10:25:25","date_gmt":"2018-08-28T08:25:25","guid":{"rendered":"http:\/\/www.ntf.uni-lj.si\/toi\/?post_type=event&#038;p=11299"},"modified":"2018-08-28T14:02:17","modified_gmt":"2018-08-28T12:02:17","slug":"modro-bele-tekstilije","status":"publish","type":"event","link":"https:\/\/www.ntf.uni-lj.si\/toi\/event\/modro-bele-tekstilije\/","title":{"rendered":"Delavnica MODRO &#8211; BELE TEKSTILIJE"},"content":{"rendered":"<p>Vabimo vas na delavnico <strong>&#8220;Modro &#8211; bele tekstilije&#8221;<\/strong>, na kateri boste spoznali tehniki cianotipija in modrotisk.<br \/>\nDelavnica bo v <strong><strong>Tr\u017ei\u0161kem muzeju<\/strong> <strong>2. septembra 2018<\/strong>, na <strong>\u0160u\u0161tarsko nedeljo<\/strong>, <strong>ob 10.00 in 15.00.<\/strong><\/strong><br \/>\n<img loading=\"lazy\" decoding=\"async\" width=\"905\" height=\"1280\" src=\"https:\/\/www.ntf.uni-lj.si\/toi\/wp-content\/uploads\/sites\/7\/2018\/08\/vabilo_-delavnica-modrotiska_\u0160u\u0161tarska-nedelja.jpeg\" alt=\"\" class=\"aligncenter size-full wp-image-11305\" srcset=\"https:\/\/www.ntf.uni-lj.si\/toi\/wp-content\/uploads\/sites\/7\/2018\/08\/vabilo_-delavnica-modrotiska_\u0160u\u0161tarska-nedelja.jpeg 905w, https:\/\/www.ntf.uni-lj.si\/toi\/wp-content\/uploads\/sites\/7\/2018\/08\/vabilo_-delavnica-modrotiska_\u0160u\u0161tarska-nedelja-212x300.jpeg 212w, https:\/\/www.ntf.uni-lj.si\/toi\/wp-content\/uploads\/sites\/7\/2018\/08\/vabilo_-delavnica-modrotiska_\u0160u\u0161tarska-nedelja-768x1086.jpeg 768w, https:\/\/www.ntf.uni-lj.si\/toi\/wp-content\/uploads\/sites\/7\/2018\/08\/vabilo_-delavnica-modrotiska_\u0160u\u0161tarska-nedelja-724x1024.jpeg 724w\" sizes=\"auto, (max-width: 905px) 100vw, 905px\" \/><\/p>\n","protected":false},"excerpt":{"rendered":"Vabimo vas na delavnico &#8220;Modro &#8211; bele tekstilije&#8221;, na kateri boste spoznali tehniki cianotipija in modrotisk. Delavnica bo v Tr\u017ei\u0161kem muzeju 2. septembra 2018, na \u0160u\u0161tarsko nedeljo, ob 10.00 in 15.00.","protected":false},"author":51,"featured_media":11300,"template":"","class_list":["post-11299","event","type-event","status-publish","has-post-thumbnail","hentry"],"acf":[],"_links":{"self":[{"href":"https:\/\/www.ntf.uni-lj.si\/toi\/wp-json\/wp\/v2\/event\/11299","targetHints":{"allow":["GET"]}}],"collection":[{"href":"https:\/\/www.ntf.uni-lj.si\/toi\/wp-json\/wp\/v2\/event"}],"about":[{"href":"https:\/\/www.ntf.uni-lj.si\/toi\/wp-json\/wp\/v2\/types\/event"}],"author":[{"embeddable":true,"href":"https:\/\/www.ntf.uni-lj.si\/toi\/wp-json\/wp\/v2\/users\/51"}],"version-history":[{"count":7,"href":"https:\/\/www.ntf.uni-lj.si\/toi\/wp-json\/wp\/v2\/event\/11299\/revisions"}],"predecessor-version":[{"id":11318,"href":"https:\/\/www.ntf.uni-lj.si\/toi\/wp-json\/wp\/v2\/event\/11299\/revisions\/11318"}],"wp:featuredmedia":[{"embeddable":true,"href":"https:\/\/www.ntf.uni-lj.si\/toi\/wp-json\/wp\/v2\/media\/11300"}],"wp:attachment":[{"href":"https:\/\/www.ntf.uni-lj.si\/toi\/wp-json\/wp\/v2\/media?parent=11299"}],"curies":[{"name":"wp","href":"https:\/\/api.w.org\/{rel}","templated":true}]}}

<p>Vabimo vas na delavnico <strong>&#8220;Modro &#8211; bele tekstilije&#8221;</strong>, na kateri boste spoznali tehniki cianotipija in modrotisk.<br />
Delavnica bo v <strong><strong>Tržiškem muzeju</strong> <strong>2. septembra 2018</strong>, na <strong>Šuštarsko nedeljo</strong>, <strong>ob 10.00 in 15.00.</strong></strong><br />
<img loading="lazy" decoding="async" width="905" height="1280" src="https://www.ntf.uni-lj.si/toi/wp-content/uploads/sites/7/2018/08/vabilo_-delavnica-modrotiska_Šuštarska-nedelja.jpeg" alt="" class="aligncenter size-full wp-image-11305" srcset="https://www.ntf.uni-lj.si/toi/wp-content/uploads/sites/7/2018/08/vabilo_-delavnica-modrotiska_Šuštarska-nedelja.jpeg 905w, https://www.ntf.uni-lj.si/toi/wp-content/uploads/sites/7/2018/08/vabilo_-delavnica-modrotiska_Šuštarska-nedelja-212x300.jpeg 212w, https://www.ntf.uni-lj.si/toi/wp-content/uploads/sites/7/2018/08/vabilo_-delavnica-modrotiska_Šuštarska-nedelja-768x1086.jpeg 768w, https://www.ntf.uni-lj.si/toi/wp-content/uploads/sites/7/2018/08/vabilo_-delavnica-modrotiska_Šuštarska-nedelja-724x1024.jpeg 724w" sizes="auto, (max-width: 905px) 100vw, 905px" /></p>

Vabimo vas na delavnico &#8220;Modro &#8211; bele tekstilije&#8221;, na kateri boste spoznali tehniki cianotipija in modrotisk. Delavnica bo v Tržiškem muzeju 2. septembra 2018, na Šuštarsko nedeljo, ob 10.00 in 15.00.
