{"id":11818,"date":"2019-01-30T13:42:42","date_gmt":"2019-01-30T12:42:42","guid":{"rendered":"http:\/\/www.ntf.uni-lj.si\/toi\/?post_type=event&#038;p=11818"},"modified":"2019-02-05T13:26:45","modified_gmt":"2019-02-05T12:26:45","slug":"11818","status":"publish","type":"event","link":"https:\/\/www.ntf.uni-lj.si\/toi\/event\/11818\/","title":{"rendered":"Nove tehnologije pri ohranjanju kulturne dedi\u0161\u010dine"},"content":{"rendered":"<p>Ob slovenskem kulturnem dnevu vas vabimo v Muzej za arhitekturo in oblikovanje na razstavo <strong>Gondola Oskarja Kogoja<\/strong>, ki bo potekalo pod vodstvom \u017dive Zupin in Tja\u0161e Rozman z Oddelka za tekstilstvo, grafiko in oblikovanje in pri kateri so sodelovali \u0161tudenti in zaposleni z omenjenega oddelka. Dogodek bo potekal v petek, 8.2.2019 ob 10. uri. <\/p>\n<p><a href=\"http:\/\/www.mao.si\/Dogodek\/Ziva-Zupin-in-Tjasa-Rozman-Gondola-Oskarja-Kogoja.aspx?fbclid=IwAR3qRGzxZFqXoXwPWQ-W9i_v72YzeWa5N6zhQ10_Q37CNL97fU2xXYFmJkQ\">Ve\u010d<\/a> o dogodku.<\/p>\n<p><img loading=\"lazy\" decoding=\"async\" width=\"453\" height=\"354\" src=\"https:\/\/www.ntf.uni-lj.si\/toi\/wp-content\/uploads\/sites\/7\/2019\/01\/Screenshot_2019-02-01-Nove-tehnologije-pri-ohranjanju-kulturne-dedi\u0161\u010dine-TOI.png\" alt=\"\" class=\"aligncenter size-full wp-image-11854\" srcset=\"https:\/\/www.ntf.uni-lj.si\/toi\/wp-content\/uploads\/sites\/7\/2019\/01\/Screenshot_2019-02-01-Nove-tehnologije-pri-ohranjanju-kulturne-dedi\u0161\u010dine-TOI.png 453w, https:\/\/www.ntf.uni-lj.si\/toi\/wp-content\/uploads\/sites\/7\/2019\/01\/Screenshot_2019-02-01-Nove-tehnologije-pri-ohranjanju-kulturne-dedi\u0161\u010dine-TOI-300x234.png 300w\" sizes=\"auto, (max-width: 453px) 100vw, 453px\" \/><\/p>\n","protected":false},"excerpt":{"rendered":"Ob slovenskem kulturnem dnevu vas vabimo v Muzej za arhitekturo in oblikovanje na razstavo Gondola Oskarja Kogoja, ki bo potekalo pod vodstvom \u017dive Zupin in Tja\u0161e Rozman z Oddelka za tekstilstvo, grafiko in oblikovanje in pri kateri so sodelovali \u0161tudenti in zaposleni z omenjenega oddelka. Dogodek bo potekal v petek, 8.2.2019 ob 10. uri. Ve\u010d &#8230; <a class=\"view-article\" href=\"https:\/\/www.ntf.uni-lj.si\/toi\/event\/11818\/\">Read more<\/a>","protected":false},"author":51,"featured_media":11889,"template":"","class_list":["post-11818","event","type-event","status-publish","has-post-thumbnail","hentry"],"acf":[],"_links":{"self":[{"href":"https:\/\/www.ntf.uni-lj.si\/toi\/wp-json\/wp\/v2\/event\/11818","targetHints":{"allow":["GET"]}}],"collection":[{"href":"https:\/\/www.ntf.uni-lj.si\/toi\/wp-json\/wp\/v2\/event"}],"about":[{"href":"https:\/\/www.ntf.uni-lj.si\/toi\/wp-json\/wp\/v2\/types\/event"}],"author":[{"embeddable":true,"href":"https:\/\/www.ntf.uni-lj.si\/toi\/wp-json\/wp\/v2\/users\/51"}],"version-history":[{"count":8,"href":"https:\/\/www.ntf.uni-lj.si\/toi\/wp-json\/wp\/v2\/event\/11818\/revisions"}],"predecessor-version":[{"id":11891,"href":"https:\/\/www.ntf.uni-lj.si\/toi\/wp-json\/wp\/v2\/event\/11818\/revisions\/11891"}],"wp:featuredmedia":[{"embeddable":true,"href":"https:\/\/www.ntf.uni-lj.si\/toi\/wp-json\/wp\/v2\/media\/11889"}],"wp:attachment":[{"href":"https:\/\/www.ntf.uni-lj.si\/toi\/wp-json\/wp\/v2\/media?parent=11818"}],"curies":[{"name":"wp","href":"https:\/\/api.w.org\/{rel}","templated":true}]}}

Nove tehnologije pri ohranjanju kulturne dediščine

<p>Ob slovenskem kulturnem dnevu vas vabimo v Muzej za arhitekturo in oblikovanje na razstavo <strong>Gondola Oskarja Kogoja</strong>, ki bo potekalo pod vodstvom Žive Zupin in Tjaše Rozman z Oddelka za tekstilstvo, grafiko in oblikovanje in pri kateri so sodelovali študenti in zaposleni z omenjenega oddelka. Dogodek bo potekal v petek, 8.2.2019 ob 10. uri. </p>
<p><a href="http://www.mao.si/Dogodek/Ziva-Zupin-in-Tjasa-Rozman-Gondola-Oskarja-Kogoja.aspx?fbclid=IwAR3qRGzxZFqXoXwPWQ-W9i_v72YzeWa5N6zhQ10_Q37CNL97fU2xXYFmJkQ">Več</a> o dogodku.</p>
<p><img loading="lazy" decoding="async" width="453" height="354" src="https://www.ntf.uni-lj.si/toi/wp-content/uploads/sites/7/2019/01/Screenshot_2019-02-01-Nove-tehnologije-pri-ohranjanju-kulturne-dediščine-TOI.png" alt="" class="aligncenter size-full wp-image-11854" srcset="https://www.ntf.uni-lj.si/toi/wp-content/uploads/sites/7/2019/01/Screenshot_2019-02-01-Nove-tehnologije-pri-ohranjanju-kulturne-dediščine-TOI.png 453w, https://www.ntf.uni-lj.si/toi/wp-content/uploads/sites/7/2019/01/Screenshot_2019-02-01-Nove-tehnologije-pri-ohranjanju-kulturne-dediščine-TOI-300x234.png 300w" sizes="auto, (max-width: 453px) 100vw, 453px" /></p>

Ob slovenskem kulturnem dnevu vas vabimo v Muzej za arhitekturo in oblikovanje na razstavo Gondola Oskarja Kogoja, ki bo potekalo pod vodstvom Žive Zupin in Tjaše Rozman z Oddelka za tekstilstvo, grafiko in oblikovanje in pri kateri so sodelovali študenti in zaposleni z omenjenega oddelka. Dogodek bo potekal v petek, 8.2.2019 ob 10. uri. Več &#8230; <a class="view-article" href="https://www.ntf.uni-lj.si/toi/event/11818/">Read more</a>
