{"id":13299,"date":"2019-10-24T19:44:50","date_gmt":"2019-10-24T17:44:50","guid":{"rendered":"http:\/\/www.ntf.uni-lj.si\/toi\/?post_type=event&#038;p=13299"},"modified":"2019-10-24T20:15:38","modified_gmt":"2019-10-24T18:15:38","slug":"13299","status":"publish","type":"event","link":"https:\/\/www.ntf.uni-lj.si\/toi\/event\/13299\/","title":{"rendered":"IZZIVI V TUJINI"},"content":{"rendered":"<div style=\"text-align: left\" align=\"center\"><span class=\"highlight\"><b>20. in 21. novembra se bo odvijal glavni dogodek Kariernega centra Univerze v Ljubljani in sicer v sklopu <\/b><a class=\"highlight\" href=\"https:\/\/kc.uni-lj.si\/novice\/mobilni-november-2019.html\" target=\"_blank\" rel=\"noopener noreferrer\"><b>&#8220;MObilnega noVEMBRA&#8221;<\/b><\/a><b>. Poimenovali so ga kar Izzivi v tujini, saj boste na njem \u0161tudenti lahko izvedeli prav vse, kar vas zanima o \u0161tudijski izmenjavi in praksi v<\/b><b> <\/b><b>tujini.<\/b><\/span><\/div>\n<div style=\"text-align: left\" align=\"center\"><span class=\"highlight\"> <\/span><\/div>\n<div style=\"text-align: left\" align=\"left\">Prvi dan se boste spoznali s klju\u010dnimi informacijami glede mo\u017enosti mednarodne \u0161tudentske mobilnosti nasploh, drugi dan pa bodo predstavljene mo\u017enosti za posamezne dr\u017eave, in sicer za Francijo, Italijo in Mad\u017earsko ter uporabne informacije glede izpitov Goethe-Zertifikat.<\/div>\n<div style=\"text-align: left\" align=\"left\">Celotni program in prijavnica sta dostopni <a href=\"https:\/\/kc.uni-lj.si\/dogodki\/izzivi-v-tujini-2019.html\">TU.<\/a><\/div>\n<div style=\"text-align: left\" align=\"left\"><\/div>\n<p><img loading=\"lazy\" decoding=\"async\" width=\"370\" height=\"220\" src=\"https:\/\/www.ntf.uni-lj.si\/toi\/wp-content\/uploads\/sites\/7\/2019\/10\/mobilni_november_web.png\" alt=\"\" class=\"aligncenter size-full wp-image-13308\" srcset=\"https:\/\/www.ntf.uni-lj.si\/toi\/wp-content\/uploads\/sites\/7\/2019\/10\/mobilni_november_web.png 370w, https:\/\/www.ntf.uni-lj.si\/toi\/wp-content\/uploads\/sites\/7\/2019\/10\/mobilni_november_web-300x178.png 300w\" sizes=\"auto, (max-width: 370px) 100vw, 370px\" \/><\/p>\n<div style=\"text-align: left\" align=\"left\"><em>Nalo\u017ebo sofinancirata Republika Slovenija in Evropska unija iz Evropskega socialnega sklada.<\/em><\/div>\n","protected":false},"excerpt":{"rendered":"20. in 21. novembra se bo odvijal glavni dogodek Kariernega centra Univerze v Ljubljani in sicer v sklopu &#8220;MObilnega noVEMBRA&#8221;. Poimenovali so ga kar Izzivi v tujini, saj boste na njem \u0161tudenti lahko izvedeli prav vse, kar vas zanima o \u0161tudijski izmenjavi in praksi v tujini. Prvi dan se boste spoznali s klju\u010dnimi informacijami glede &#8230; <a class=\"view-article\" href=\"https:\/\/www.ntf.uni-lj.si\/toi\/event\/13299\/\">Read more<\/a>","protected":false},"author":26,"featured_media":13311,"template":"","class_list":["post-13299","event","type-event","status-publish","has-post-thumbnail","hentry"],"acf":[],"_links":{"self":[{"href":"https:\/\/www.ntf.uni-lj.si\/toi\/wp-json\/wp\/v2\/event\/13299","targetHints":{"allow":["GET"]}}],"collection":[{"href":"https:\/\/www.ntf.uni-lj.si\/toi\/wp-json\/wp\/v2\/event"}],"about":[{"href":"https:\/\/www.ntf.uni-lj.si\/toi\/wp-json\/wp\/v2\/types\/event"}],"author":[{"embeddable":true,"href":"https:\/\/www.ntf.uni-lj.si\/toi\/wp-json\/wp\/v2\/users\/26"}],"version-history":[{"count":8,"href":"https:\/\/www.ntf.uni-lj.si\/toi\/wp-json\/wp\/v2\/event\/13299\/revisions"}],"predecessor-version":[{"id":13313,"href":"https:\/\/www.ntf.uni-lj.si\/toi\/wp-json\/wp\/v2\/event\/13299\/revisions\/13313"}],"wp:featuredmedia":[{"embeddable":true,"href":"https:\/\/www.ntf.uni-lj.si\/toi\/wp-json\/wp\/v2\/media\/13311"}],"wp:attachment":[{"href":"https:\/\/www.ntf.uni-lj.si\/toi\/wp-json\/wp\/v2\/media?parent=13299"}],"curies":[{"name":"wp","href":"https:\/\/api.w.org\/{rel}","templated":true}]}}

<div style="text-align: left" align="center"><span class="highlight"><b>20. in 21. novembra se bo odvijal glavni dogodek Kariernega centra Univerze v Ljubljani in sicer v sklopu </b><a class="highlight" href="https://kc.uni-lj.si/novice/mobilni-november-2019.html" target="_blank" rel="noopener noreferrer"><b>&#8220;MObilnega noVEMBRA&#8221;</b></a><b>. Poimenovali so ga kar Izzivi v tujini, saj boste na njem študenti lahko izvedeli prav vse, kar vas zanima o študijski izmenjavi in praksi v</b><b> </b><b>tujini.</b></span></div>
<div style="text-align: left" align="center"><span class="highlight"> </span></div>
<div style="text-align: left" align="left">Prvi dan se boste spoznali s ključnimi informacijami glede možnosti mednarodne študentske mobilnosti nasploh, drugi dan pa bodo predstavljene možnosti za posamezne države, in sicer za Francijo, Italijo in Madžarsko ter uporabne informacije glede izpitov Goethe-Zertifikat.</div>
<div style="text-align: left" align="left">Celotni program in prijavnica sta dostopni <a href="https://kc.uni-lj.si/dogodki/izzivi-v-tujini-2019.html">TU.</a></div>
<div style="text-align: left" align="left"></div>
<p><img loading="lazy" decoding="async" width="370" height="220" src="https://www.ntf.uni-lj.si/toi/wp-content/uploads/sites/7/2019/10/mobilni_november_web.png" alt="" class="aligncenter size-full wp-image-13308" srcset="https://www.ntf.uni-lj.si/toi/wp-content/uploads/sites/7/2019/10/mobilni_november_web.png 370w, https://www.ntf.uni-lj.si/toi/wp-content/uploads/sites/7/2019/10/mobilni_november_web-300x178.png 300w" sizes="auto, (max-width: 370px) 100vw, 370px" /></p>
<div style="text-align: left" align="left"><em>Naložbo sofinancirata Republika Slovenija in Evropska unija iz Evropskega socialnega sklada.</em></div>

20. in 21. novembra se bo odvijal glavni dogodek Kariernega centra Univerze v Ljubljani in sicer v sklopu &#8220;MObilnega noVEMBRA&#8221;. Poimenovali so ga kar Izzivi v tujini, saj boste na njem študenti lahko izvedeli prav vse, kar vas zanima o študijski izmenjavi in praksi v tujini. Prvi dan se boste spoznali s ključnimi informacijami glede &#8230; <a class="view-article" href="https://www.ntf.uni-lj.si/toi/event/13299/">Read more</a>
