{"id":13681,"date":"2020-01-20T07:52:43","date_gmt":"2020-01-20T06:52:43","guid":{"rendered":"http:\/\/www.ntf.uni-lj.si\/toi\/?post_type=event&#038;p=13681"},"modified":"2020-01-29T09:04:31","modified_gmt":"2020-01-29T08:04:31","slug":"informativni-dan-2020","status":"publish","type":"event","link":"https:\/\/www.ntf.uni-lj.si\/toi\/event\/informativni-dan-2020\/","title":{"rendered":"Informativna dneva Katedre za tekstilno in oba\u010dilno in\u017eenirstvo"},"content":{"rendered":"<p>Vabljeni na informativna dneva na Naravoslovnotehni\u0161ki fakulteti, ki bosta potekala v petek,<strong> 14. 2. 2020, ob 10. in 15. uri <\/strong>ter<strong> v soboto, 15. 2. 2020, ob 10. uri<\/strong>.<\/p>\n<p>Predstavitve \u0161tudijskih programov <strong>Katedre za tekstilno in obla\u010dilno in\u017eenirstvo<\/strong> (<a href=\"https:\/\/www.ntf.uni-lj.si\/toi\/\">TOI<\/a>) bodo potekale na Oddelku za tekstilstvo, grafiko in oblikovanje,\u00a0<a href=\"https:\/\/www.google.com\/maps\/place\/Sne%C5%BEni%C5%A1ka+ulica+5,+1000+Ljubljana\/@46.0464021,14.4952152,17z\/data=!3m1!4b1!4m5!3m4!1s0x47652d67b7b79a65:0xbefc9b8391304b75!8m2!3d46.0464021!4d14.4974092\">Sne\u017eni\u0161ka 5, Ljubljana<\/a>, in sicer:<\/p>\n<ul>\n<li><a href=\"https:\/\/www.ntf.uni-lj.si\/toi\/studij\/1-stopnja-2\/tekstilno-in-oblacilno-inzenirstvo-vs-novo\/\">Tekstilno in obla\u010dilno in\u017eenirstvo VS<\/a> &#8211; KTOI (P-201, 2. nadstropje),<\/li>\n<li><a href=\"https:\/\/www.ntf.uni-lj.si\/toi\/studij\/1-stopnja-2\/nacrtovanje-tekstilij-in-oblacil-un\/\">Na\u010drtovanje tekstilij in obla\u010dil UN<\/a> &#8211; KTOI (P-201, 2. nadstropje),<\/li>\n<\/ul>\n<p>Promocijsko gradivo o \u0161tudiju tekstilstva si lahko ogledate <a href=\"https:\/\/www.ntf.uni-lj.si\/toi\/o-nas\/promocijsko-gradivo-o-studiju-tekstilstva\/\">tukaj.<\/a><\/p>\n<p>Ve\u010d o predstavitvah ostalih programov Naravoslovnotehni\u0161ke fakultete najdete na <a href=\"https:\/\/www.ntf.uni-lj.si\/ntf\/event\/informativna-dneva-2020\/\">povezavi<\/a>.<\/p>\n","protected":false},"excerpt":{"rendered":"Vabljeni na informativna dneva na Naravoslovnotehni\u0161ki fakulteti, ki bosta potekala v petek, 14. 2. 2020, ob 10. in 15. uri ter v soboto, 15. 2. 2020, ob 10. uri. Predstavitve \u0161tudijskih programov Katedre za tekstilno in obla\u010dilno in\u017eenirstvo (TOI) bodo potekale na Oddelku za tekstilstvo, grafiko in oblikovanje,\u00a0Sne\u017eni\u0161ka 5, Ljubljana, in sicer: Tekstilno in obla\u010dilno &#8230; <a class=\"view-article\" href=\"https:\/\/www.ntf.uni-lj.si\/toi\/event\/informativni-dan-2020\/\">Read more<\/a>","protected":false},"author":26,"featured_media":11765,"template":"","class_list":["post-13681","event","type-event","status-publish","has-post-thumbnail","hentry"],"acf":[],"_links":{"self":[{"href":"https:\/\/www.ntf.uni-lj.si\/toi\/wp-json\/wp\/v2\/event\/13681","targetHints":{"allow":["GET"]}}],"collection":[{"href":"https:\/\/www.ntf.uni-lj.si\/toi\/wp-json\/wp\/v2\/event"}],"about":[{"href":"https:\/\/www.ntf.uni-lj.si\/toi\/wp-json\/wp\/v2\/types\/event"}],"author":[{"embeddable":true,"href":"https:\/\/www.ntf.uni-lj.si\/toi\/wp-json\/wp\/v2\/users\/26"}],"version-history":[{"count":10,"href":"https:\/\/www.ntf.uni-lj.si\/toi\/wp-json\/wp\/v2\/event\/13681\/revisions"}],"predecessor-version":[{"id":13722,"href":"https:\/\/www.ntf.uni-lj.si\/toi\/wp-json\/wp\/v2\/event\/13681\/revisions\/13722"}],"wp:attachment":[{"href":"https:\/\/www.ntf.uni-lj.si\/toi\/wp-json\/wp\/v2\/media?parent=13681"}],"curies":[{"name":"wp","href":"https:\/\/api.w.org\/{rel}","templated":true}]}}

Informativna dneva Katedre za tekstilno in obačilno inženirstvo

<p>Vabljeni na informativna dneva na Naravoslovnotehniški fakulteti, ki bosta potekala v petek,<strong> 14. 2. 2020, ob 10. in 15. uri </strong>ter<strong> v soboto, 15. 2. 2020, ob 10. uri</strong>.</p>
<p>Predstavitve študijskih programov <strong>Katedre za tekstilno in oblačilno inženirstvo</strong> (<a href="https://www.ntf.uni-lj.si/toi/">TOI</a>) bodo potekale na Oddelku za tekstilstvo, grafiko in oblikovanje, <a href="https://www.google.com/maps/place/Sne%C5%BEni%C5%A1ka+ulica+5,+1000+Ljubljana/@46.0464021,14.4952152,17z/data=!3m1!4b1!4m5!3m4!1s0x47652d67b7b79a65:0xbefc9b8391304b75!8m2!3d46.0464021!4d14.4974092">Snežniška 5, Ljubljana</a>, in sicer:</p>
<ul>
<li><a href="https://www.ntf.uni-lj.si/toi/studij/1-stopnja-2/tekstilno-in-oblacilno-inzenirstvo-vs-novo/">Tekstilno in oblačilno inženirstvo VS</a> &#8211; KTOI (P-201, 2. nadstropje),</li>
<li><a href="https://www.ntf.uni-lj.si/toi/studij/1-stopnja-2/nacrtovanje-tekstilij-in-oblacil-un/">Načrtovanje tekstilij in oblačil UN</a> &#8211; KTOI (P-201, 2. nadstropje),</li>
</ul>
<p>Promocijsko gradivo o študiju tekstilstva si lahko ogledate <a href="https://www.ntf.uni-lj.si/toi/o-nas/promocijsko-gradivo-o-studiju-tekstilstva/">tukaj.</a></p>
<p>Več o predstavitvah ostalih programov Naravoslovnotehniške fakultete najdete na <a href="https://www.ntf.uni-lj.si/ntf/event/informativna-dneva-2020/">povezavi</a>.</p>

Vabljeni na informativna dneva na Naravoslovnotehniški fakulteti, ki bosta potekala v petek, 14. 2. 2020, ob 10. in 15. uri ter v soboto, 15. 2. 2020, ob 10. uri. Predstavitve študijskih programov Katedre za tekstilno in oblačilno inženirstvo (TOI) bodo potekale na Oddelku za tekstilstvo, grafiko in oblikovanje, Snežniška 5, Ljubljana, in sicer: Tekstilno in oblačilno &#8230; <a class="view-article" href="https://www.ntf.uni-lj.si/toi/event/informativni-dan-2020/">Read more</a>
