{"id":18083,"date":"2022-10-27T19:55:59","date_gmt":"2022-10-27T17:55:59","guid":{"rendered":"https:\/\/www.ntf.uni-lj.si\/toi\/?post_type=event&#038;p=18083"},"modified":"2022-11-22T09:06:26","modified_gmt":"2022-11-22T08:06:26","slug":"dnevi-tekstilstva-v-tehniskem-muzeju-slovenije","status":"publish","type":"event","link":"https:\/\/www.ntf.uni-lj.si\/toi\/event\/dnevi-tekstilstva-v-tehniskem-muzeju-slovenije\/","title":{"rendered":"Dnevi tekstilstva v Tehni\u0161kem muzeju Slovenije"},"content":{"rendered":"<p>Vabljeni na dneve tekstilstva, ki jih organizira Tehni\u0161ki muzej Slovenije v sodelovanju s Katedro za tekstilno in obla\u010dilno in\u017eenirstvo Naravoslovnotehni\u0161ke fakultete Univerze v Ljubljani!<\/p>\n<p>Potekali bodo od torka 8. 11. 2022 do petka 11. 11. 2022 v Bistri pri Vrhniki in so namenjeni u\u010dencem od 5. razreda dalje in dijakom.<\/p>\n<p>Ve\u010d informacij o dogodku najdete na<a href=\"https:\/\/www.tms.si\/prireditev\/dnevi-tekstilstva-novost\/\"> spletni strani TMS<\/a>.<\/p>\n<p><em>Vir slike: TMS.<\/em><\/p>\n<p><img loading=\"lazy\" class=\" wp-image-18085 alignleft\" src=\"https:\/\/www.ntf.uni-lj.si\/toi\/wp-content\/uploads\/sites\/7\/2022\/10\/Screenshot-2022-10-27-at-19-54-49-Dnevi-tekstilstva-NOVOST-\u2022-TMS-Tehniski-muzej-Slovenije.png\" alt=\"\" width=\"646\" height=\"548\" srcset=\"https:\/\/www.ntf.uni-lj.si\/toi\/wp-content\/uploads\/sites\/7\/2022\/10\/Screenshot-2022-10-27-at-19-54-49-Dnevi-tekstilstva-NOVOST-\u2022-TMS-Tehniski-muzej-Slovenije.png 756w, https:\/\/www.ntf.uni-lj.si\/toi\/wp-content\/uploads\/sites\/7\/2022\/10\/Screenshot-2022-10-27-at-19-54-49-Dnevi-tekstilstva-NOVOST-\u2022-TMS-Tehniski-muzej-Slovenije-300x254.png 300w\" sizes=\"(max-width: 646px) 100vw, 646px\" \/><\/p>\n","protected":false},"excerpt":{"rendered":"Vabljeni na dneve tekstilstva, ki jih organizira Tehni\u0161ki muzej Slovenije v sodelovanju s Katedro za tekstilno in obla\u010dilno in\u017eenirstvo Naravoslovnotehni\u0161ke fakultete Univerze v Ljubljani! Potekali bodo od torka 8. 11. 2022 do petka 11. 11. 2022 v Bistri pri Vrhniki in so namenjeni u\u010dencem od 5. razreda dalje in dijakom. Ve\u010d informacij o dogodku najdete &#8230; <a class=\"view-article\" href=\"https:\/\/www.ntf.uni-lj.si\/toi\/event\/dnevi-tekstilstva-v-tehniskem-muzeju-slovenije\/\">Read more<\/a>","protected":false},"author":26,"featured_media":18088,"template":"","acf":[],"yoast_head":"<!-- This site is optimized with the Yoast SEO plugin v17.0 - https:\/\/yoast.com\/wordpress\/plugins\/seo\/ -->\n<meta name=\"robots\" content=\"index, follow, max-snippet:-1, max-image-preview:large, max-video-preview:-1\" \/>\n<link rel=\"canonical\" href=\"https:\/\/www.ntf.uni-lj.si\/toi\/event\/dnevi-tekstilstva-v-tehniskem-muzeju-slovenije\/\" \/>\n<meta property=\"og:locale\" content=\"en_US\" \/>\n<meta property=\"og:type\" content=\"article\" \/>\n<meta property=\"og:title\" content=\"Dnevi tekstilstva v Tehni\u0161kem muzeju Slovenije - TOI\" \/>\n<meta property=\"og:description\" content=\"Vabljeni na dneve tekstilstva, ki jih organizira Tehni\u0161ki muzej Slovenije v sodelovanju s Katedro za tekstilno in obla\u010dilno in\u017eenirstvo Naravoslovnotehni\u0161ke fakultete Univerze v Ljubljani! Potekali bodo od torka 8. 11. 2022 do petka 11. 11. 2022 v Bistri pri Vrhniki in so namenjeni u\u010dencem od 5. razreda dalje in dijakom. Ve\u010d informacij o dogodku najdete ... Read more\" \/>\n<meta property=\"og:url\" content=\"https:\/\/www.ntf.uni-lj.si\/toi\/event\/dnevi-tekstilstva-v-tehniskem-muzeju-slovenije\/\" \/>\n<meta property=\"og:site_name\" content=\"TOI\" \/>\n<meta property=\"article:modified_time\" content=\"2022-11-22T08:06:26+00:00\" \/>\n<meta property=\"og:image\" content=\"https:\/\/www.ntf.uni-lj.si\/toi\/wp-content\/uploads\/sites\/7\/2022\/10\/Screenshot-2022-10-27-at-19-47-56-Dnevi-tekstilstva-NOVOST-\u2022-TMS-Tehniski-muzej-Slovenije.png\" \/>\n\t<meta property=\"og:image:width\" content=\"901\" \/>\n\t<meta property=\"og:image:height\" content=\"473\" \/>\n<script type=\"application\/ld+json\" class=\"yoast-schema-graph\">{\"@context\":\"https:\/\/schema.org\",\"@graph\":[{\"@type\":\"WebSite\",\"@id\":\"https:\/\/www.ntf.uni-lj.si\/toi\/#website\",\"url\":\"https:\/\/www.ntf.uni-lj.si\/toi\/\",\"name\":\"TOI\",\"description\":\"Katedra za tekstilno in obla\\u010dilno in\\u017eenirstvo\",\"potentialAction\":[{\"@type\":\"SearchAction\",\"target\":{\"@type\":\"EntryPoint\",\"urlTemplate\":\"https:\/\/www.ntf.uni-lj.si\/toi\/?s={search_term_string}\"},\"query-input\":\"required name=search_term_string\"}],\"inLanguage\":\"en-US\"},{\"@type\":\"ImageObject\",\"@id\":\"https:\/\/www.ntf.uni-lj.si\/toi\/event\/dnevi-tekstilstva-v-tehniskem-muzeju-slovenije\/#primaryimage\",\"inLanguage\":\"en-US\",\"url\":\"https:\/\/www.ntf.uni-lj.si\/toi\/wp-content\/uploads\/sites\/7\/2022\/10\/Screenshot-2022-10-27-at-19-47-56-Dnevi-tekstilstva-NOVOST-\\u2022-TMS-Tehniski-muzej-Slovenije.png\",\"contentUrl\":\"https:\/\/www.ntf.uni-lj.si\/toi\/wp-content\/uploads\/sites\/7\/2022\/10\/Screenshot-2022-10-27-at-19-47-56-Dnevi-tekstilstva-NOVOST-\\u2022-TMS-Tehniski-muzej-Slovenije.png\",\"width\":901,\"height\":473},{\"@type\":\"WebPage\",\"@id\":\"https:\/\/www.ntf.uni-lj.si\/toi\/event\/dnevi-tekstilstva-v-tehniskem-muzeju-slovenije\/#webpage\",\"url\":\"https:\/\/www.ntf.uni-lj.si\/toi\/event\/dnevi-tekstilstva-v-tehniskem-muzeju-slovenije\/\",\"name\":\"Dnevi tekstilstva v Tehni\\u0161kem muzeju Slovenije - TOI\",\"isPartOf\":{\"@id\":\"https:\/\/www.ntf.uni-lj.si\/toi\/#website\"},\"primaryImageOfPage\":{\"@id\":\"https:\/\/www.ntf.uni-lj.si\/toi\/event\/dnevi-tekstilstva-v-tehniskem-muzeju-slovenije\/#primaryimage\"},\"datePublished\":\"2022-10-27T17:55:59+00:00\",\"dateModified\":\"2022-11-22T08:06:26+00:00\",\"breadcrumb\":{\"@id\":\"https:\/\/www.ntf.uni-lj.si\/toi\/event\/dnevi-tekstilstva-v-tehniskem-muzeju-slovenije\/#breadcrumb\"},\"inLanguage\":\"en-US\",\"potentialAction\":[{\"@type\":\"ReadAction\",\"target\":[\"https:\/\/www.ntf.uni-lj.si\/toi\/event\/dnevi-tekstilstva-v-tehniskem-muzeju-slovenije\/\"]}]},{\"@type\":\"BreadcrumbList\",\"@id\":\"https:\/\/www.ntf.uni-lj.si\/toi\/event\/dnevi-tekstilstva-v-tehniskem-muzeju-slovenije\/#breadcrumb\",\"itemListElement\":[{\"@type\":\"ListItem\",\"position\":1,\"name\":\"Domov\",\"item\":\"https:\/\/www.ntf.uni-lj.si\/toi\/\"},{\"@type\":\"ListItem\",\"position\":2,\"name\":\"Dogodki\",\"item\":\"https:\/\/www.ntf.uni-lj.si\/toi\/event\/\"},{\"@type\":\"ListItem\",\"position\":3,\"name\":\"Dnevi tekstilstva v Tehni\\u0161kem muzeju Slovenije\"}]}]}<\/script>\n<!-- \/ Yoast SEO plugin. -->","yoast_head_json":{"robots":{"index":"index","follow":"follow","max-snippet":"max-snippet:-1","max-image-preview":"max-image-preview:large","max-video-preview":"max-video-preview:-1"},"canonical":"https:\/\/www.ntf.uni-lj.si\/toi\/event\/dnevi-tekstilstva-v-tehniskem-muzeju-slovenije\/","og_locale":"en_US","og_type":"article","og_title":"Dnevi tekstilstva v Tehni\u0161kem muzeju Slovenije - TOI","og_description":"Vabljeni na dneve tekstilstva, ki jih organizira Tehni\u0161ki muzej Slovenije v sodelovanju s Katedro za tekstilno in obla\u010dilno in\u017eenirstvo Naravoslovnotehni\u0161ke fakultete Univerze v Ljubljani! Potekali bodo od torka 8. 11. 2022 do petka 11. 11. 2022 v Bistri pri Vrhniki in so namenjeni u\u010dencem od 5. razreda dalje in dijakom. Ve\u010d informacij o dogodku najdete ... Read more","og_url":"https:\/\/www.ntf.uni-lj.si\/toi\/event\/dnevi-tekstilstva-v-tehniskem-muzeju-slovenije\/","og_site_name":"TOI","article_modified_time":"2022-11-22T08:06:26+00:00","og_image":[{"width":901,"height":473,"url":"https:\/\/www.ntf.uni-lj.si\/toi\/wp-content\/uploads\/sites\/7\/2022\/10\/Screenshot-2022-10-27-at-19-47-56-Dnevi-tekstilstva-NOVOST-\u2022-TMS-Tehniski-muzej-Slovenije.png","path":"\/web\/html\/ntf\/public_html\/wp-content\/uploads\/sites\/7\/2022\/10\/Screenshot-2022-10-27-at-19-47-56-Dnevi-tekstilstva-NOVOST-\u2022-TMS-Tehniski-muzej-Slovenije.png","size":"full","id":18088,"alt":"","pixels":426173,"type":"image\/png"}],"schema":{"@context":"https:\/\/schema.org","@graph":[{"@type":"WebSite","@id":"https:\/\/www.ntf.uni-lj.si\/toi\/#website","url":"https:\/\/www.ntf.uni-lj.si\/toi\/","name":"TOI","description":"Katedra za tekstilno in obla\u010dilno in\u017eenirstvo","potentialAction":[{"@type":"SearchAction","target":{"@type":"EntryPoint","urlTemplate":"https:\/\/www.ntf.uni-lj.si\/toi\/?s={search_term_string}"},"query-input":"required name=search_term_string"}],"inLanguage":"en-US"},{"@type":"ImageObject","@id":"https:\/\/www.ntf.uni-lj.si\/toi\/event\/dnevi-tekstilstva-v-tehniskem-muzeju-slovenije\/#primaryimage","inLanguage":"en-US","url":"https:\/\/www.ntf.uni-lj.si\/toi\/wp-content\/uploads\/sites\/7\/2022\/10\/Screenshot-2022-10-27-at-19-47-56-Dnevi-tekstilstva-NOVOST-\u2022-TMS-Tehniski-muzej-Slovenije.png","contentUrl":"https:\/\/www.ntf.uni-lj.si\/toi\/wp-content\/uploads\/sites\/7\/2022\/10\/Screenshot-2022-10-27-at-19-47-56-Dnevi-tekstilstva-NOVOST-\u2022-TMS-Tehniski-muzej-Slovenije.png","width":901,"height":473},{"@type":"WebPage","@id":"https:\/\/www.ntf.uni-lj.si\/toi\/event\/dnevi-tekstilstva-v-tehniskem-muzeju-slovenije\/#webpage","url":"https:\/\/www.ntf.uni-lj.si\/toi\/event\/dnevi-tekstilstva-v-tehniskem-muzeju-slovenije\/","name":"Dnevi tekstilstva v Tehni\u0161kem muzeju Slovenije - TOI","isPartOf":{"@id":"https:\/\/www.ntf.uni-lj.si\/toi\/#website"},"primaryImageOfPage":{"@id":"https:\/\/www.ntf.uni-lj.si\/toi\/event\/dnevi-tekstilstva-v-tehniskem-muzeju-slovenije\/#primaryimage"},"datePublished":"2022-10-27T17:55:59+00:00","dateModified":"2022-11-22T08:06:26+00:00","breadcrumb":{"@id":"https:\/\/www.ntf.uni-lj.si\/toi\/event\/dnevi-tekstilstva-v-tehniskem-muzeju-slovenije\/#breadcrumb"},"inLanguage":"en-US","potentialAction":[{"@type":"ReadAction","target":["https:\/\/www.ntf.uni-lj.si\/toi\/event\/dnevi-tekstilstva-v-tehniskem-muzeju-slovenije\/"]}]},{"@type":"BreadcrumbList","@id":"https:\/\/www.ntf.uni-lj.si\/toi\/event\/dnevi-tekstilstva-v-tehniskem-muzeju-slovenije\/#breadcrumb","itemListElement":[{"@type":"ListItem","position":1,"name":"Domov","item":"https:\/\/www.ntf.uni-lj.si\/toi\/"},{"@type":"ListItem","position":2,"name":"Dogodki","item":"https:\/\/www.ntf.uni-lj.si\/toi\/event\/"},{"@type":"ListItem","position":3,"name":"Dnevi tekstilstva v Tehni\u0161kem muzeju Slovenije"}]}]}},"_links":{"self":[{"href":"https:\/\/www.ntf.uni-lj.si\/toi\/wp-json\/wp\/v2\/event\/18083"}],"collection":[{"href":"https:\/\/www.ntf.uni-lj.si\/toi\/wp-json\/wp\/v2\/event"}],"about":[{"href":"https:\/\/www.ntf.uni-lj.si\/toi\/wp-json\/wp\/v2\/types\/event"}],"author":[{"embeddable":true,"href":"https:\/\/www.ntf.uni-lj.si\/toi\/wp-json\/wp\/v2\/users\/26"}],"version-history":[{"count":3,"href":"https:\/\/www.ntf.uni-lj.si\/toi\/wp-json\/wp\/v2\/event\/18083\/revisions"}],"predecessor-version":[{"id":18092,"href":"https:\/\/www.ntf.uni-lj.si\/toi\/wp-json\/wp\/v2\/event\/18083\/revisions\/18092"}],"wp:featuredmedia":[{"embeddable":true,"href":"https:\/\/www.ntf.uni-lj.si\/toi\/wp-json\/wp\/v2\/media\/18088"}],"wp:attachment":[{"href":"https:\/\/www.ntf.uni-lj.si\/toi\/wp-json\/wp\/v2\/media?parent=18083"}],"curies":[{"name":"wp","href":"https:\/\/api.w.org\/{rel}","templated":true}]}}

Dnevi tekstilstva v Tehniškem muzeju Slovenije

<p>Vabljeni na dneve tekstilstva, ki jih organizira Tehniški muzej Slovenije v sodelovanju s Katedro za tekstilno in oblačilno inženirstvo Naravoslovnotehniške fakultete Univerze v Ljubljani!</p>
<p>Potekali bodo od torka 8. 11. 2022 do petka 11. 11. 2022 v Bistri pri Vrhniki in so namenjeni učencem od 5. razreda dalje in dijakom.</p>
<p>Več informacij o dogodku najdete na<a href="https://www.tms.si/prireditev/dnevi-tekstilstva-novost/"> spletni strani TMS</a>.</p>
<p><em>Vir slike: TMS.</em></p>
<p><img loading="lazy" class=" wp-image-18085 alignleft" src="https://www.ntf.uni-lj.si/toi/wp-content/uploads/sites/7/2022/10/Screenshot-2022-10-27-at-19-54-49-Dnevi-tekstilstva-NOVOST-•-TMS-Tehniski-muzej-Slovenije.png" alt="" width="646" height="548" srcset="https://www.ntf.uni-lj.si/toi/wp-content/uploads/sites/7/2022/10/Screenshot-2022-10-27-at-19-54-49-Dnevi-tekstilstva-NOVOST-•-TMS-Tehniski-muzej-Slovenije.png 756w, https://www.ntf.uni-lj.si/toi/wp-content/uploads/sites/7/2022/10/Screenshot-2022-10-27-at-19-54-49-Dnevi-tekstilstva-NOVOST-•-TMS-Tehniski-muzej-Slovenije-300x254.png 300w" sizes="(max-width: 646px) 100vw, 646px" /></p>

Vabljeni na dneve tekstilstva, ki jih organizira Tehniški muzej Slovenije v sodelovanju s Katedro za tekstilno in oblačilno inženirstvo Naravoslovnotehniške fakultete Univerze v Ljubljani! Potekali bodo od torka 8. 11. 2022 do petka 11. 11. 2022 v Bistri pri Vrhniki in so namenjeni učencem od 5. razreda dalje in dijakom. Več informacij o dogodku najdete &#8230; <a class="view-article" href="https://www.ntf.uni-lj.si/toi/event/dnevi-tekstilstva-v-tehniskem-muzeju-slovenije/">Read more</a>

<!-- This site is optimized with the Yoast SEO plugin v17.0 - https://yoast.com/wordpress/plugins/seo/ -->
<meta name="robots" content="index, follow, max-snippet:-1, max-image-preview:large, max-video-preview:-1" />
<link rel="canonical" href="https://www.ntf.uni-lj.si/toi/event/dnevi-tekstilstva-v-tehniskem-muzeju-slovenije/" />
<meta property="og:locale" content="en_US" />
<meta property="og:type" content="article" />
<meta property="og:title" content="Dnevi tekstilstva v Tehniškem muzeju Slovenije - TOI" />
<meta property="og:description" content="Vabljeni na dneve tekstilstva, ki jih organizira Tehniški muzej Slovenije v sodelovanju s Katedro za tekstilno in oblačilno inženirstvo Naravoslovnotehniške fakultete Univerze v Ljubljani! Potekali bodo od torka 8. 11. 2022 do petka 11. 11. 2022 v Bistri pri Vrhniki in so namenjeni učencem od 5. razreda dalje in dijakom. Več informacij o dogodku najdete ... Read more" />
<meta property="og:url" content="https://www.ntf.uni-lj.si/toi/event/dnevi-tekstilstva-v-tehniskem-muzeju-slovenije/" />
<meta property="og:site_name" content="TOI" />
<meta property="article:modified_time" content="2022-11-22T08:06:26+00:00" />
<meta property="og:image" content="https://www.ntf.uni-lj.si/toi/wp-content/uploads/sites/7/2022/10/Screenshot-2022-10-27-at-19-47-56-Dnevi-tekstilstva-NOVOST-•-TMS-Tehniski-muzej-Slovenije.png" />
	<meta property="og:image:width" content="901" />
	<meta property="og:image:height" content="473" />
<script type="application/ld+json" class="yoast-schema-graph">{"@context":"https://schema.org","@graph":[{"@type":"WebSite","@id":"https://www.ntf.uni-lj.si/toi/#website","url":"https://www.ntf.uni-lj.si/toi/","name":"TOI","description":"Katedra za tekstilno in obla\u010dilno in\u017eenirstvo","potentialAction":[{"@type":"SearchAction","target":{"@type":"EntryPoint","urlTemplate":"https://www.ntf.uni-lj.si/toi/?s={search_term_string}"},"query-input":"required name=search_term_string"}],"inLanguage":"en-US"},{"@type":"ImageObject","@id":"https://www.ntf.uni-lj.si/toi/event/dnevi-tekstilstva-v-tehniskem-muzeju-slovenije/#primaryimage","inLanguage":"en-US","url":"https://www.ntf.uni-lj.si/toi/wp-content/uploads/sites/7/2022/10/Screenshot-2022-10-27-at-19-47-56-Dnevi-tekstilstva-NOVOST-\u2022-TMS-Tehniski-muzej-Slovenije.png","contentUrl":"https://www.ntf.uni-lj.si/toi/wp-content/uploads/sites/7/2022/10/Screenshot-2022-10-27-at-19-47-56-Dnevi-tekstilstva-NOVOST-\u2022-TMS-Tehniski-muzej-Slovenije.png","width":901,"height":473},{"@type":"WebPage","@id":"https://www.ntf.uni-lj.si/toi/event/dnevi-tekstilstva-v-tehniskem-muzeju-slovenije/#webpage","url":"https://www.ntf.uni-lj.si/toi/event/dnevi-tekstilstva-v-tehniskem-muzeju-slovenije/","name":"Dnevi tekstilstva v Tehni\u0161kem muzeju Slovenije - TOI","isPartOf":{"@id":"https://www.ntf.uni-lj.si/toi/#website"},"primaryImageOfPage":{"@id":"https://www.ntf.uni-lj.si/toi/event/dnevi-tekstilstva-v-tehniskem-muzeju-slovenije/#primaryimage"},"datePublished":"2022-10-27T17:55:59+00:00","dateModified":"2022-11-22T08:06:26+00:00","breadcrumb":{"@id":"https://www.ntf.uni-lj.si/toi/event/dnevi-tekstilstva-v-tehniskem-muzeju-slovenije/#breadcrumb"},"inLanguage":"en-US","potentialAction":[{"@type":"ReadAction","target":["https://www.ntf.uni-lj.si/toi/event/dnevi-tekstilstva-v-tehniskem-muzeju-slovenije/"]}]},{"@type":"BreadcrumbList","@id":"https://www.ntf.uni-lj.si/toi/event/dnevi-tekstilstva-v-tehniskem-muzeju-slovenije/#breadcrumb","itemListElement":[{"@type":"ListItem","position":1,"name":"Domov","item":"https://www.ntf.uni-lj.si/toi/"},{"@type":"ListItem","position":2,"name":"Dogodki","item":"https://www.ntf.uni-lj.si/toi/event/"},{"@type":"ListItem","position":3,"name":"Dnevi tekstilstva v Tehni\u0161kem muzeju Slovenije"}]}]}</script>
<!-- / Yoast SEO plugin. -->

Dnevi tekstilstva v Tehniškem muzeju Slovenije - TOI

Vabljeni na dneve tekstilstva, ki jih organizira Tehniški muzej Slovenije v sodelovanju s Katedro za tekstilno in oblačilno inženirstvo Naravoslovnotehniške fakultete Univerze v Ljubljani! Potekali bodo od torka 8. 11. 2022 do petka 11. 11. 2022 v Bistri pri Vrhniki in so namenjeni učencem od 5. razreda dalje in dijakom. Več informacij o dogodku najdete ... Read more

Katedra za tekstilno in oblačilno inženirstvo
