{"id":11112,"date":"2018-04-09T09:25:30","date_gmt":"2018-04-09T07:25:30","guid":{"rendered":"http:\/\/www.ntf.uni-lj.si\/toi\/?post_type=notification&#038;p=11112"},"modified":"2018-04-09T09:34:06","modified_gmt":"2018-04-09T07:34:06","slug":"11112","status":"publish","type":"notification","link":"https:\/\/www.ntf.uni-lj.si\/toi\/notification\/11112\/","title":{"rendered":"Predstavitev diplomskega dela Margite Adami\u010d v Knji\u017enici \u010crnomelj"},"content":{"rendered":"<p>Margita Adami\u010d je 17. marca 2018 predstavila svoje diplomsko delo v Knji\u017enici \u010crnomelj. Na <a href=\"https:\/\/www.radio-odeon.com\/novice\/predstavitev-diplomskega-dela-belokranjske-kuhinjske-krpe-iz-lanenega-blaga\/\">spletni povezavi<\/a> si lahko preberete ve\u010d informacij z njene predstavitve o belokranjskih kuhinjskih krpah iz lanenega blaga.<br \/>\n<img loading=\"lazy\" decoding=\"async\" width=\"810\" height=\"689\" src=\"https:\/\/www.ntf.uni-lj.si\/toi\/wp-content\/uploads\/sites\/7\/2018\/04\/Predstavitev.png\" alt=\"\" class=\"aligncenter size-full wp-image-11113\" srcset=\"https:\/\/www.ntf.uni-lj.si\/toi\/wp-content\/uploads\/sites\/7\/2018\/04\/Predstavitev.png 810w, https:\/\/www.ntf.uni-lj.si\/toi\/wp-content\/uploads\/sites\/7\/2018\/04\/Predstavitev-300x255.png 300w, https:\/\/www.ntf.uni-lj.si\/toi\/wp-content\/uploads\/sites\/7\/2018\/04\/Predstavitev-768x653.png 768w\" sizes=\"auto, (max-width: 810px) 100vw, 810px\" \/><\/p>\n","protected":false},"excerpt":{"rendered":"Margita Adami\u010d je 17. marca 2018 predstavila svoje diplomsko delo v Knji\u017enici \u010crnomelj. Na spletni povezavi si lahko preberete ve\u010d informacij z njene predstavitve o belokranjskih kuhinjskih krpah iz lanenega blaga.","protected":false},"author":51,"featured_media":0,"template":"","categories":[],"class_list":["post-11112","notification","type-notification","status-publish","hentry","employee-mirjam-leskovsek"],"acf":[],"_links":{"self":[{"href":"https:\/\/www.ntf.uni-lj.si\/toi\/wp-json\/wp\/v2\/notification\/11112","targetHints":{"allow":["GET"]}}],"collection":[{"href":"https:\/\/www.ntf.uni-lj.si\/toi\/wp-json\/wp\/v2\/notification"}],"about":[{"href":"https:\/\/www.ntf.uni-lj.si\/toi\/wp-json\/wp\/v2\/types\/notification"}],"author":[{"embeddable":true,"href":"https:\/\/www.ntf.uni-lj.si\/toi\/wp-json\/wp\/v2\/users\/51"}],"version-history":[{"count":6,"href":"https:\/\/www.ntf.uni-lj.si\/toi\/wp-json\/wp\/v2\/notification\/11112\/revisions"}],"predecessor-version":[{"id":11119,"href":"https:\/\/www.ntf.uni-lj.si\/toi\/wp-json\/wp\/v2\/notification\/11112\/revisions\/11119"}],"wp:attachment":[{"href":"https:\/\/www.ntf.uni-lj.si\/toi\/wp-json\/wp\/v2\/media?parent=11112"}],"wp:term":[{"taxonomy":"category","embeddable":true,"href":"https:\/\/www.ntf.uni-lj.si\/toi\/wp-json\/wp\/v2\/categories?post=11112"}],"curies":[{"name":"wp","href":"https:\/\/api.w.org\/{rel}","templated":true}]}}

Predstavitev diplomskega dela Margite Adamič v Knjižnici Črnomelj

<p>Margita Adamič je 17. marca 2018 predstavila svoje diplomsko delo v Knjižnici Črnomelj. Na <a href="https://www.radio-odeon.com/novice/predstavitev-diplomskega-dela-belokranjske-kuhinjske-krpe-iz-lanenega-blaga/">spletni povezavi</a> si lahko preberete več informacij z njene predstavitve o belokranjskih kuhinjskih krpah iz lanenega blaga.<br />
<img loading="lazy" decoding="async" width="810" height="689" src="https://www.ntf.uni-lj.si/toi/wp-content/uploads/sites/7/2018/04/Predstavitev.png" alt="" class="aligncenter size-full wp-image-11113" srcset="https://www.ntf.uni-lj.si/toi/wp-content/uploads/sites/7/2018/04/Predstavitev.png 810w, https://www.ntf.uni-lj.si/toi/wp-content/uploads/sites/7/2018/04/Predstavitev-300x255.png 300w, https://www.ntf.uni-lj.si/toi/wp-content/uploads/sites/7/2018/04/Predstavitev-768x653.png 768w" sizes="auto, (max-width: 810px) 100vw, 810px" /></p>

Margita Adamič je 17. marca 2018 predstavila svoje diplomsko delo v Knjižnici Črnomelj. Na spletni povezavi si lahko preberete več informacij z njene predstavitve o belokranjskih kuhinjskih krpah iz lanenega blaga.
