{"id":13046,"date":"2019-08-26T10:17:38","date_gmt":"2019-08-26T08:17:38","guid":{"rendered":"http:\/\/www.ntf.uni-lj.si\/toi\/?post_type=notification&#038;p=13046"},"modified":"2019-08-26T11:58:33","modified_gmt":"2019-08-26T09:58:33","slug":"kaj-prinasa-druga-stevilka-revije-tekstilec-22019","status":"publish","type":"notification","link":"https:\/\/www.ntf.uni-lj.si\/toi\/notification\/kaj-prinasa-druga-stevilka-revije-tekstilec-22019\/","title":{"rendered":"Kaj prina\u0161a druga \u0161tevilka revije Tekstilec in njena priloga v tem letu?"},"content":{"rendered":"<p>Iz\u0161la je <strong>nova \u0161tevilka<\/strong> revije <strong><a href=\"http:\/\/www.tekstilec.si\/\">Tekstilec<\/a><\/strong>, druga v tem letu (2\/20019). Kaj ponuja tokratna izdaja, si lahko ogledate <a href=\"http:\/\/www.tekstilec.si\/?p=2511\">TUKAJ<\/a>. <\/p>\n<p>V <strong>tiskani prilogi<\/strong> aktualne \u0161tevilke pa vas \u010daka: <\/p>\n<h2>Ob 100-letnici Univerze v Ljubljani:<\/h2>\n<ul>\n<li>Tradicija in sodobnost, tehnologija in umetnost, znanost in stroka, izobra\u017eevanje in raziskovanje: z roko v roki: <em>Alenka Pavko \u010cuden\t<\/em><\/li>\n","protected":false},"excerpt":{"rendered":"Iz\u0161la je nova \u0161tevilka revije Tekstilec, druga v tem letu (2\/20019). Kaj ponuja tokratna izdaja, si lahko ogledate TUKAJ. V tiskani prilogi aktualne \u0161tevilke pa vas \u010daka: Ob 100-letnici Univerze v Ljubljani: Tradicija in sodobnost, tehnologija in umetnost, znanost in stroka, izobra\u017eevanje in raziskovanje: z roko v roki: Alenka Pavko \u010cuden","protected":false},"author":26,"featured_media":0,"template":"","categories":[],"acf":[],"yoast_head":"<!-- This site is optimized with the Yoast SEO plugin v17.0 - https:\/\/yoast.com\/wordpress\/plugins\/seo\/ -->\n<meta name=\"robots\" content=\"index, follow, max-snippet:-1, max-image-preview:large, max-video-preview:-1\" \/>\n<link rel=\"canonical\" href=\"https:\/\/www.ntf.uni-lj.si\/toi\/notification\/kaj-prinasa-druga-stevilka-revije-tekstilec-22019\/\" \/>\n<meta property=\"og:locale\" content=\"en_US\" \/>\n<meta property=\"og:type\" content=\"article\" \/>\n<meta property=\"og:title\" content=\"Kaj prina\u0161a druga \u0161tevilka revije Tekstilec in njena priloga v tem letu? - TOI\" \/>\n<meta property=\"og:description\" content=\"Iz\u0161la je nova \u0161tevilka revije Tekstilec, druga v tem letu (2\/20019). Kaj ponuja tokratna izdaja, si lahko ogledate TUKAJ. V tiskani prilogi aktualne \u0161tevilke pa vas \u010daka: Ob 100-letnici Univerze v Ljubljani: Tradicija in sodobnost, tehnologija in umetnost, znanost in stroka, izobra\u017eevanje in raziskovanje: z roko v roki: Alenka Pavko \u010cuden\" \/>\n<meta property=\"og:url\" content=\"https:\/\/www.ntf.uni-lj.si\/toi\/notification\/kaj-prinasa-druga-stevilka-revije-tekstilec-22019\/\" \/>\n<meta property=\"og:site_name\" content=\"TOI\" \/>\n<meta property=\"article:modified_time\" content=\"2019-08-26T09:58:33+00:00\" \/>\n<script type=\"application\/ld+json\" class=\"yoast-schema-graph\">{\"@context\":\"https:\/\/schema.org\",\"@graph\":[{\"@type\":\"WebSite\",\"@id\":\"https:\/\/www.ntf.uni-lj.si\/toi\/#website\",\"url\":\"https:\/\/www.ntf.uni-lj.si\/toi\/\",\"name\":\"TOI\",\"description\":\"Katedra za tekstilno in obla\\u010dilno in\\u017eenirstvo\",\"potentialAction\":[{\"@type\":\"SearchAction\",\"target\":{\"@type\":\"EntryPoint\",\"urlTemplate\":\"https:\/\/www.ntf.uni-lj.si\/toi\/?s={search_term_string}\"},\"query-input\":\"required name=search_term_string\"}],\"inLanguage\":\"en-US\"},{\"@type\":\"WebPage\",\"@id\":\"https:\/\/www.ntf.uni-lj.si\/toi\/notification\/kaj-prinasa-druga-stevilka-revije-tekstilec-22019\/#webpage\",\"url\":\"https:\/\/www.ntf.uni-lj.si\/toi\/notification\/kaj-prinasa-druga-stevilka-revije-tekstilec-22019\/\",\"name\":\"Kaj prina\\u0161a druga \\u0161tevilka revije Tekstilec in njena priloga v tem letu? - TOI\",\"isPartOf\":{\"@id\":\"https:\/\/www.ntf.uni-lj.si\/toi\/#website\"},\"datePublished\":\"2019-08-26T08:17:38+00:00\",\"dateModified\":\"2019-08-26T09:58:33+00:00\",\"breadcrumb\":{\"@id\":\"https:\/\/www.ntf.uni-lj.si\/toi\/notification\/kaj-prinasa-druga-stevilka-revije-tekstilec-22019\/#breadcrumb\"},\"inLanguage\":\"en-US\",\"potentialAction\":[{\"@type\":\"ReadAction\",\"target\":[\"https:\/\/www.ntf.uni-lj.si\/toi\/notification\/kaj-prinasa-druga-stevilka-revije-tekstilec-22019\/\"]}]},{\"@type\":\"BreadcrumbList\",\"@id\":\"https:\/\/www.ntf.uni-lj.si\/toi\/notification\/kaj-prinasa-druga-stevilka-revije-tekstilec-22019\/#breadcrumb\",\"itemListElement\":[{\"@type\":\"ListItem\",\"position\":1,\"name\":\"Domov\",\"item\":\"https:\/\/www.ntf.uni-lj.si\/toi\/\"},{\"@type\":\"ListItem\",\"position\":2,\"name\":\"Obvestila\",\"item\":\"https:\/\/www.ntf.uni-lj.si\/toi\/notification\/\"},{\"@type\":\"ListItem\",\"position\":3,\"name\":\"Kaj prina\\u0161a druga \\u0161tevilka revije Tekstilec in njena priloga v tem letu?\"}]}]}<\/script>\n<!-- \/ Yoast SEO plugin. -->","yoast_head_json":{"robots":{"index":"index","follow":"follow","max-snippet":"max-snippet:-1","max-image-preview":"max-image-preview:large","max-video-preview":"max-video-preview:-1"},"canonical":"https:\/\/www.ntf.uni-lj.si\/toi\/notification\/kaj-prinasa-druga-stevilka-revije-tekstilec-22019\/","og_locale":"en_US","og_type":"article","og_title":"Kaj prina\u0161a druga \u0161tevilka revije Tekstilec in njena priloga v tem letu? - TOI","og_description":"Iz\u0161la je nova \u0161tevilka revije Tekstilec, druga v tem letu (2\/20019). Kaj ponuja tokratna izdaja, si lahko ogledate TUKAJ. V tiskani prilogi aktualne \u0161tevilke pa vas \u010daka: Ob 100-letnici Univerze v Ljubljani: Tradicija in sodobnost, tehnologija in umetnost, znanost in stroka, izobra\u017eevanje in raziskovanje: z roko v roki: Alenka Pavko \u010cuden","og_url":"https:\/\/www.ntf.uni-lj.si\/toi\/notification\/kaj-prinasa-druga-stevilka-revije-tekstilec-22019\/","og_site_name":"TOI","article_modified_time":"2019-08-26T09:58:33+00:00","schema":{"@context":"https:\/\/schema.org","@graph":[{"@type":"WebSite","@id":"https:\/\/www.ntf.uni-lj.si\/toi\/#website","url":"https:\/\/www.ntf.uni-lj.si\/toi\/","name":"TOI","description":"Katedra za tekstilno in obla\u010dilno in\u017eenirstvo","potentialAction":[{"@type":"SearchAction","target":{"@type":"EntryPoint","urlTemplate":"https:\/\/www.ntf.uni-lj.si\/toi\/?s={search_term_string}"},"query-input":"required name=search_term_string"}],"inLanguage":"en-US"},{"@type":"WebPage","@id":"https:\/\/www.ntf.uni-lj.si\/toi\/notification\/kaj-prinasa-druga-stevilka-revije-tekstilec-22019\/#webpage","url":"https:\/\/www.ntf.uni-lj.si\/toi\/notification\/kaj-prinasa-druga-stevilka-revije-tekstilec-22019\/","name":"Kaj prina\u0161a druga \u0161tevilka revije Tekstilec in njena priloga v tem letu? - TOI","isPartOf":{"@id":"https:\/\/www.ntf.uni-lj.si\/toi\/#website"},"datePublished":"2019-08-26T08:17:38+00:00","dateModified":"2019-08-26T09:58:33+00:00","breadcrumb":{"@id":"https:\/\/www.ntf.uni-lj.si\/toi\/notification\/kaj-prinasa-druga-stevilka-revije-tekstilec-22019\/#breadcrumb"},"inLanguage":"en-US","potentialAction":[{"@type":"ReadAction","target":["https:\/\/www.ntf.uni-lj.si\/toi\/notification\/kaj-prinasa-druga-stevilka-revije-tekstilec-22019\/"]}]},{"@type":"BreadcrumbList","@id":"https:\/\/www.ntf.uni-lj.si\/toi\/notification\/kaj-prinasa-druga-stevilka-revije-tekstilec-22019\/#breadcrumb","itemListElement":[{"@type":"ListItem","position":1,"name":"Domov","item":"https:\/\/www.ntf.uni-lj.si\/toi\/"},{"@type":"ListItem","position":2,"name":"Obvestila","item":"https:\/\/www.ntf.uni-lj.si\/toi\/notification\/"},{"@type":"ListItem","position":3,"name":"Kaj prina\u0161a druga \u0161tevilka revije Tekstilec in njena priloga v tem letu?"}]}]}},"_links":{"self":[{"href":"https:\/\/www.ntf.uni-lj.si\/toi\/wp-json\/wp\/v2\/notification\/13046"}],"collection":[{"href":"https:\/\/www.ntf.uni-lj.si\/toi\/wp-json\/wp\/v2\/notification"}],"about":[{"href":"https:\/\/www.ntf.uni-lj.si\/toi\/wp-json\/wp\/v2\/types\/notification"}],"author":[{"embeddable":true,"href":"https:\/\/www.ntf.uni-lj.si\/toi\/wp-json\/wp\/v2\/users\/26"}],"version-history":[{"count":5,"href":"https:\/\/www.ntf.uni-lj.si\/toi\/wp-json\/wp\/v2\/notification\/13046\/revisions"}],"predecessor-version":[{"id":13097,"href":"https:\/\/www.ntf.uni-lj.si\/toi\/wp-json\/wp\/v2\/notification\/13046\/revisions\/13097"}],"wp:attachment":[{"href":"https:\/\/www.ntf.uni-lj.si\/toi\/wp-json\/wp\/v2\/media?parent=13046"}],"wp:term":[{"taxonomy":"category","embeddable":true,"href":"https:\/\/www.ntf.uni-lj.si\/toi\/wp-json\/wp\/v2\/categories?post=13046"}],"curies":[{"name":"wp","href":"https:\/\/api.w.org\/{rel}","templated":true}]}}

Kaj prinaša druga številka revije Tekstilec in njena priloga v tem letu?

<p>Izšla je <strong>nova številka</strong> revije <strong><a href="http://www.tekstilec.si/">Tekstilec</a></strong>, druga v tem letu (2/20019). Kaj ponuja tokratna izdaja, si lahko ogledate <a href="http://www.tekstilec.si/?p=2511">TUKAJ</a>. </p>
<p>V <strong>tiskani prilogi</strong> aktualne številke pa vas čaka: </p>
<h2>Ob 100-letnici Univerze v Ljubljani:</h2>
<ul>
<li>Tradicija in sodobnost, tehnologija in umetnost, znanost in stroka, izobraževanje in raziskovanje: z roko v roki: <em>Alenka Pavko Čuden	</em></li>

Izšla je nova številka revije Tekstilec, druga v tem letu (2/20019). Kaj ponuja tokratna izdaja, si lahko ogledate TUKAJ. V tiskani prilogi aktualne številke pa vas čaka: Ob 100-letnici Univerze v Ljubljani: Tradicija in sodobnost, tehnologija in umetnost, znanost in stroka, izobraževanje in raziskovanje: z roko v roki: Alenka Pavko Čuden

<!-- This site is optimized with the Yoast SEO plugin v17.0 - https://yoast.com/wordpress/plugins/seo/ -->
<meta name="robots" content="index, follow, max-snippet:-1, max-image-preview:large, max-video-preview:-1" />
<link rel="canonical" href="https://www.ntf.uni-lj.si/toi/notification/kaj-prinasa-druga-stevilka-revije-tekstilec-22019/" />
<meta property="og:locale" content="en_US" />
<meta property="og:type" content="article" />
<meta property="og:title" content="Kaj prinaša druga številka revije Tekstilec in njena priloga v tem letu? - TOI" />
<meta property="og:description" content="Izšla je nova številka revije Tekstilec, druga v tem letu (2/20019). Kaj ponuja tokratna izdaja, si lahko ogledate TUKAJ. V tiskani prilogi aktualne številke pa vas čaka: Ob 100-letnici Univerze v Ljubljani: Tradicija in sodobnost, tehnologija in umetnost, znanost in stroka, izobraževanje in raziskovanje: z roko v roki: Alenka Pavko Čuden" />
<meta property="og:url" content="https://www.ntf.uni-lj.si/toi/notification/kaj-prinasa-druga-stevilka-revije-tekstilec-22019/" />
<meta property="og:site_name" content="TOI" />
<meta property="article:modified_time" content="2019-08-26T09:58:33+00:00" />
<script type="application/ld+json" class="yoast-schema-graph">{"@context":"https://schema.org","@graph":[{"@type":"WebSite","@id":"https://www.ntf.uni-lj.si/toi/#website","url":"https://www.ntf.uni-lj.si/toi/","name":"TOI","description":"Katedra za tekstilno in obla\u010dilno in\u017eenirstvo","potentialAction":[{"@type":"SearchAction","target":{"@type":"EntryPoint","urlTemplate":"https://www.ntf.uni-lj.si/toi/?s={search_term_string}"},"query-input":"required name=search_term_string"}],"inLanguage":"en-US"},{"@type":"WebPage","@id":"https://www.ntf.uni-lj.si/toi/notification/kaj-prinasa-druga-stevilka-revije-tekstilec-22019/#webpage","url":"https://www.ntf.uni-lj.si/toi/notification/kaj-prinasa-druga-stevilka-revije-tekstilec-22019/","name":"Kaj prina\u0161a druga \u0161tevilka revije Tekstilec in njena priloga v tem letu? - TOI","isPartOf":{"@id":"https://www.ntf.uni-lj.si/toi/#website"},"datePublished":"2019-08-26T08:17:38+00:00","dateModified":"2019-08-26T09:58:33+00:00","breadcrumb":{"@id":"https://www.ntf.uni-lj.si/toi/notification/kaj-prinasa-druga-stevilka-revije-tekstilec-22019/#breadcrumb"},"inLanguage":"en-US","potentialAction":[{"@type":"ReadAction","target":["https://www.ntf.uni-lj.si/toi/notification/kaj-prinasa-druga-stevilka-revije-tekstilec-22019/"]}]},{"@type":"BreadcrumbList","@id":"https://www.ntf.uni-lj.si/toi/notification/kaj-prinasa-druga-stevilka-revije-tekstilec-22019/#breadcrumb","itemListElement":[{"@type":"ListItem","position":1,"name":"Domov","item":"https://www.ntf.uni-lj.si/toi/"},{"@type":"ListItem","position":2,"name":"Obvestila","item":"https://www.ntf.uni-lj.si/toi/notification/"},{"@type":"ListItem","position":3,"name":"Kaj prina\u0161a druga \u0161tevilka revije Tekstilec in njena priloga v tem letu?"}]}]}</script>
<!-- / Yoast SEO plugin. -->

Kaj prinaša druga številka revije Tekstilec in njena priloga v tem letu? - TOI

Katedra za tekstilno in oblačilno inženirstvo
