{"id":9920,"date":"2017-04-14T13:27:32","date_gmt":"2017-04-14T11:27:32","guid":{"rendered":"http:\/\/www.ntf.uni-lj.si\/toi\/?post_type=notification&#038;p=9920"},"modified":"2017-04-19T12:43:32","modified_gmt":"2017-04-19T10:43:32","slug":"razstava-diplomantke-margite-adamic","status":"publish","type":"notification","link":"https:\/\/www.ntf.uni-lj.si\/toi\/notification\/razstava-diplomantke-margite-adamic\/","title":{"rendered":"Razstava diplomantke Margite Adami\u010d"},"content":{"rendered":"<p>V razstavnem prostoru Krajinskega parka Kolpa v \u010crnomlju od torka, 4. aprila 2017, dalje razstavlja diplomanka Margita Adami\u010d lanene kuhinjske tekstilije z belokranjskimi ornamenti, ki jih je razvila v okviru diplomskega dela v letu 2016 na Ka\u00a0\u00a0tedri za tekstilno in obla\u010dilno in\u017eenirstvo pod mentorstvom izr. prof. dr. Tatjane Rijavec in somentorstvom doc. dr. Brigite Tom\u0161i\u010d.<\/p>\n<p><img loading=\"lazy\" decoding=\"async\" class=\"alignnone wp-image-9921\" src=\"https:\/\/www.ntf.uni-lj.si\/toi\/wp-content\/uploads\/sites\/7\/2017\/04\/Margita-3-300x225.jpg\" alt=\"\" width=\"205\" height=\"154\" srcset=\"https:\/\/www.ntf.uni-lj.si\/toi\/wp-content\/uploads\/sites\/7\/2017\/04\/Margita-3-300x225.jpg 300w, https:\/\/www.ntf.uni-lj.si\/toi\/wp-content\/uploads\/sites\/7\/2017\/04\/Margita-3-768x576.jpg 768w, https:\/\/www.ntf.uni-lj.si\/toi\/wp-content\/uploads\/sites\/7\/2017\/04\/Margita-3-1024x768.jpg 1024w\" sizes=\"auto, (max-width: 205px) 100vw, 205px\" \/>\u00a0<img loading=\"lazy\" decoding=\"async\" class=\"alignnone wp-image-9922\" src=\"https:\/\/www.ntf.uni-lj.si\/toi\/wp-content\/uploads\/sites\/7\/2017\/04\/Margita-2-300x225.jpg\" alt=\"\" width=\"208\" height=\"156\" srcset=\"https:\/\/www.ntf.uni-lj.si\/toi\/wp-content\/uploads\/sites\/7\/2017\/04\/Margita-2-300x225.jpg 300w, https:\/\/www.ntf.uni-lj.si\/toi\/wp-content\/uploads\/sites\/7\/2017\/04\/Margita-2-768x576.jpg 768w, https:\/\/www.ntf.uni-lj.si\/toi\/wp-content\/uploads\/sites\/7\/2017\/04\/Margita-2-1024x768.jpg 1024w\" sizes=\"auto, (max-width: 208px) 100vw, 208px\" \/>\u00a0<img loading=\"lazy\" decoding=\"async\" class=\"alignnone wp-image-9923\" src=\"https:\/\/www.ntf.uni-lj.si\/toi\/wp-content\/uploads\/sites\/7\/2017\/04\/Margita-1-300x225.jpg\" alt=\"\" width=\"208\" height=\"156\" srcset=\"https:\/\/www.ntf.uni-lj.si\/toi\/wp-content\/uploads\/sites\/7\/2017\/04\/Margita-1-300x225.jpg 300w, https:\/\/www.ntf.uni-lj.si\/toi\/wp-content\/uploads\/sites\/7\/2017\/04\/Margita-1-768x576.jpg 768w, https:\/\/www.ntf.uni-lj.si\/toi\/wp-content\/uploads\/sites\/7\/2017\/04\/Margita-1-1024x768.jpg 1024w\" sizes=\"auto, (max-width: 208px) 100vw, 208px\" \/><\/p>\n","protected":false},"excerpt":{"rendered":"V razstavnem prostoru Krajinskega parka Kolpa v \u010crnomlju od torka, 4. aprila 2017, dalje razstavlja diplomanka Margita Adami\u010d lanene kuhinjske tekstilije z belokranjskimi ornamenti, ki jih je razvila v okviru diplomskega dela v letu 2016 na Ka\u00a0\u00a0tedri za tekstilno in obla\u010dilno in\u017eenirstvo pod mentorstvom izr. prof. dr. Tatjane Rijavec in somentorstvom doc. dr. Brigite Tom\u0161i\u010d. &#8230; <a class=\"view-article\" href=\"https:\/\/www.ntf.uni-lj.si\/toi\/notification\/razstava-diplomantke-margite-adamic\/\">Read more<\/a>","protected":false},"author":26,"featured_media":0,"template":"","categories":[],"class_list":["post-9920","notification","type-notification","status-publish","hentry","employee-barbara-golja"],"acf":[],"_links":{"self":[{"href":"https:\/\/www.ntf.uni-lj.si\/toi\/wp-json\/wp\/v2\/notification\/9920","targetHints":{"allow":["GET"]}}],"collection":[{"href":"https:\/\/www.ntf.uni-lj.si\/toi\/wp-json\/wp\/v2\/notification"}],"about":[{"href":"https:\/\/www.ntf.uni-lj.si\/toi\/wp-json\/wp\/v2\/types\/notification"}],"author":[{"embeddable":true,"href":"https:\/\/www.ntf.uni-lj.si\/toi\/wp-json\/wp\/v2\/users\/26"}],"version-history":[{"count":1,"href":"https:\/\/www.ntf.uni-lj.si\/toi\/wp-json\/wp\/v2\/notification\/9920\/revisions"}],"predecessor-version":[{"id":9924,"href":"https:\/\/www.ntf.uni-lj.si\/toi\/wp-json\/wp\/v2\/notification\/9920\/revisions\/9924"}],"wp:attachment":[{"href":"https:\/\/www.ntf.uni-lj.si\/toi\/wp-json\/wp\/v2\/media?parent=9920"}],"wp:term":[{"taxonomy":"category","embeddable":true,"href":"https:\/\/www.ntf.uni-lj.si\/toi\/wp-json\/wp\/v2\/categories?post=9920"}],"curies":[{"name":"wp","href":"https:\/\/api.w.org\/{rel}","templated":true}]}}

Razstava diplomantke Margite Adamič

<p>V razstavnem prostoru Krajinskega parka Kolpa v Črnomlju od torka, 4. aprila 2017, dalje razstavlja diplomanka Margita Adamič lanene kuhinjske tekstilije z belokranjskimi ornamenti, ki jih je razvila v okviru diplomskega dela v letu 2016 na Ka  tedri za tekstilno in oblačilno inženirstvo pod mentorstvom izr. prof. dr. Tatjane Rijavec in somentorstvom doc. dr. Brigite Tomšič.</p>
<p><img loading="lazy" decoding="async" class="alignnone wp-image-9921" src="https://www.ntf.uni-lj.si/toi/wp-content/uploads/sites/7/2017/04/Margita-3-300x225.jpg" alt="" width="205" height="154" srcset="https://www.ntf.uni-lj.si/toi/wp-content/uploads/sites/7/2017/04/Margita-3-300x225.jpg 300w, https://www.ntf.uni-lj.si/toi/wp-content/uploads/sites/7/2017/04/Margita-3-768x576.jpg 768w, https://www.ntf.uni-lj.si/toi/wp-content/uploads/sites/7/2017/04/Margita-3-1024x768.jpg 1024w" sizes="auto, (max-width: 205px) 100vw, 205px" /> <img loading="lazy" decoding="async" class="alignnone wp-image-9922" src="https://www.ntf.uni-lj.si/toi/wp-content/uploads/sites/7/2017/04/Margita-2-300x225.jpg" alt="" width="208" height="156" srcset="https://www.ntf.uni-lj.si/toi/wp-content/uploads/sites/7/2017/04/Margita-2-300x225.jpg 300w, https://www.ntf.uni-lj.si/toi/wp-content/uploads/sites/7/2017/04/Margita-2-768x576.jpg 768w, https://www.ntf.uni-lj.si/toi/wp-content/uploads/sites/7/2017/04/Margita-2-1024x768.jpg 1024w" sizes="auto, (max-width: 208px) 100vw, 208px" /> <img loading="lazy" decoding="async" class="alignnone wp-image-9923" src="https://www.ntf.uni-lj.si/toi/wp-content/uploads/sites/7/2017/04/Margita-1-300x225.jpg" alt="" width="208" height="156" srcset="https://www.ntf.uni-lj.si/toi/wp-content/uploads/sites/7/2017/04/Margita-1-300x225.jpg 300w, https://www.ntf.uni-lj.si/toi/wp-content/uploads/sites/7/2017/04/Margita-1-768x576.jpg 768w, https://www.ntf.uni-lj.si/toi/wp-content/uploads/sites/7/2017/04/Margita-1-1024x768.jpg 1024w" sizes="auto, (max-width: 208px) 100vw, 208px" /></p>

V razstavnem prostoru Krajinskega parka Kolpa v Črnomlju od torka, 4. aprila 2017, dalje razstavlja diplomanka Margita Adamič lanene kuhinjske tekstilije z belokranjskimi ornamenti, ki jih je razvila v okviru diplomskega dela v letu 2016 na Ka  tedri za tekstilno in oblačilno inženirstvo pod mentorstvom izr. prof. dr. Tatjane Rijavec in somentorstvom doc. dr. Brigite Tomšič. &#8230; <a class="view-article" href="https://www.ntf.uni-lj.si/toi/notification/razstava-diplomantke-margite-adamic/">Read more</a>
