{"id":125,"date":"2015-03-23T12:49:53","date_gmt":"2015-03-23T12:49:53","guid":{"rendered":"http:\/\/www.ntf.uni-lj.si\/toi\/?page_id=125"},"modified":"2015-08-07T14:52:03","modified_gmt":"2015-08-07T12:52:03","slug":"predstavitev","status":"publish","type":"page","link":"https:\/\/www.ntf.uni-lj.si\/toi\/o-nas\/katedra-toi\/predstavitev\/","title":{"rendered":"Predstavitev"},"content":{"rendered":"<h2>Predstavitev Katedre za tekstilno in obla\u010dilno in\u017eenirstvo<\/h2>\n<p>Na Katedri za tekstilno in obla\u010dilno in\u017eenirstvo izvajamo pedago\u0161ko in raziskovalno delo na razli\u010dnih podro\u010djih tekstilstva, ki vklju\u010duje konvencionalne in nove tekstilne materiale, napredne mehanske in kemijske tekstilne postopke, na\u010drtovanje in vodenje proizvodnje, projektiranje in konstrukcijo tekstilij in obla\u010dil, nego tekstilij, tekstilne preiskave in kakovost ter ekologijo v tekstilstvu. Sodelavci na katedri smo vklju\u010deni v pedago\u0161ki proces na 1., 2. in 3. stopnji bolonjskih <a href=\"http:\/\/www.ntf.uni-lj.si\/toi\/studij\/\">\u0161tudijskih programov<\/a> s podro\u010dja tekstilstva, oblikovanja tekstilij in obla\u010dil ter grafike, ki jih izvajamo na Oddelku za tekstilstvo.<\/p>\n<p>Znanstvenoraziskovalna dejavnost na katedri obsega temeljne, aplikativne in ciljno naravnane raziskave, ki so usmerjene v oblikovanje funkcionalnih in specialnih tekstilnih proizvodov vzdol\u017e celotne verige vlakno\u2013preja\u2013ploskovna tekstilija\u2013konfekcioniran izdelek, razvoj visoko razvitih tehnolo\u0161kih tekstilnih procesov s poudarkom na okolju prijaznih tehnologijah, recikliranje tekstilnih in netekstilnih materialov, prehod od masovne proizvodnje k proizvodnji tekstilnih proizvodov po meri ter ohranjanje slovenske ter svetovne kulturne dedi\u0161\u010dine. Na\u0161e raziskovalno delo poteka v okviru <a href=\"http:\/\/www.ntf.uni-lj.si\/toi\/o-nas\/raziskovalno-delo\/raziskovalni-projekti\/\">programske skupine P2-0213 Tekstilije in ekologija<\/a> ter razli\u010dnih <a href=\"http:\/\/www.ntf.uni-lj.si\/toi\/o-nas\/raziskovalno-delo\/raziskovalni-projekti\/\">doma\u010dih in mednarodnih projektov<\/a>.<\/p>\n<p>Strategija znanstvenoraziskovalnega dela katedre temelji na pove\u010danju znanstvene odli\u010dnosti raziskovalcev ter prenosu znanja v izobra\u017eevalni proces, \u0161iritvi tekstilnih materialov v razli\u010dne industrijske sektorje ter na nova podro\u010dja uporabe, krepitvi interinstitucionalnosti in interdisciplinarnosti raziskav ter mednarodnega sodelovanja, skrbi za raziskovalno okolje, zagotavljanju eti\u010dnosti raziskovanja in dru\u017ebene odgovornosti, prenosu znanja v gospodarstvo, podpiranju patentnih prijav, skrbi za ohranjanje sloven\u0161\u010dine kot jezika znanosti in dvigu pomena raziskav za trajnostni razvoj.<\/p>\n<p>Sodelavci katedre aktivno sodelujemo z razli\u010dnimi doma\u010dimi in tujimi raziskovalnimi in pedago\u0161kimi institucijami, tekstilno industrijo in drugimi gospodarskimi dru\u017ebami, gospodarskimi interesnimi zdru\u017eenji in nevladnimi institucijami. Strokovno delujemo v telesih in ekspertnih skupinah EU.<\/p>\n<p>Kot uredniki in \u010dlani \u010dasopisnega sveta sodelujemo pri izdajanju <a href=\"http:\/\/www.ntf.uni-lj.si\/toi\/o-nas\/revija-tekstilec\/\">revije Tekstilec<\/a>. Smo organizatorji vsakoletnega <a href=\"http:\/\/www.ntf.uni-lj.si\/toi\/news\/46-simpozij-o-novostih-v-tekstilstvu\/\">simpozija o novostih v tekstilstvu<\/a>.<\/p>\n<p>Sodelavci Katedre za tekstilno in obla\u010dilno in\u017eenirstvo smo \u010dlani Zveze in\u017eenirjev in tehnikov tekstilcev Slovenije, slovenske in evropske tekstilne tehnolo\u0161ke platforme ter naslednjih zdru\u017eenj: <a href=\"http:\/\/www.ntf.uni-lj.si\/toi\/o-nas\/mednarodno-sodelovanje\/autex\/\">Association of Universities for Textiles (AUTEX)<\/a>, <a href=\"http:\/\/www.ntf.uni-lj.si\/toi\/o-nas\/mednarodno-sodelovanje\/ifkt\/\">International Federation of Knitting Technologists (IFKT)<\/a>, Association internationale de la colour (AIC) in International federation of associations of textile chemists and colorists (IFATCC).<\/p>\n","protected":false},"excerpt":{"rendered":"Predstavitev Katedre za tekstilno in obla\u010dilno in\u017eenirstvo Na Katedri za tekstilno in obla\u010dilno in\u017eenirstvo izvajamo pedago\u0161ko in raziskovalno delo na razli\u010dnih podro\u010djih tekstilstva, ki vklju\u010duje konvencionalne in nove tekstilne materiale, napredne mehanske in kemijske tekstilne postopke, na\u010drtovanje in vodenje proizvodnje, projektiranje in konstrukcijo tekstilij in obla\u010dil, nego tekstilij, tekstilne preiskave in kakovost ter ekologijo v &#8230; <a class=\"view-article\" href=\"https:\/\/www.ntf.uni-lj.si\/toi\/o-nas\/katedra-toi\/predstavitev\/\">Read more<\/a>","protected":false},"author":26,"featured_media":0,"parent":118,"menu_order":10,"comment_status":"closed","ping_status":"closed","template":"","meta":[],"acf":[],"yoast_head":"<!-- This site is optimized with the Yoast SEO plugin v17.0 - https:\/\/yoast.com\/wordpress\/plugins\/seo\/ -->\n<meta name=\"robots\" content=\"index, follow, max-snippet:-1, max-image-preview:large, max-video-preview:-1\" \/>\n<link rel=\"canonical\" href=\"https:\/\/www.ntf.uni-lj.si\/toi\/o-nas\/katedra-toi\/predstavitev\/\" \/>\n<meta property=\"og:locale\" content=\"en_US\" \/>\n<meta property=\"og:type\" content=\"article\" \/>\n<meta property=\"og:title\" content=\"Predstavitev - TOI\" \/>\n<meta property=\"og:description\" content=\"Predstavitev Katedre za tekstilno in obla\u010dilno in\u017eenirstvo Na Katedri za tekstilno in obla\u010dilno in\u017eenirstvo izvajamo pedago\u0161ko in raziskovalno delo na razli\u010dnih podro\u010djih tekstilstva, ki vklju\u010duje konvencionalne in nove tekstilne materiale, napredne mehanske in kemijske tekstilne postopke, na\u010drtovanje in vodenje proizvodnje, projektiranje in konstrukcijo tekstilij in obla\u010dil, nego tekstilij, tekstilne preiskave in kakovost ter ekologijo v ... Read more\" \/>\n<meta property=\"og:url\" content=\"https:\/\/www.ntf.uni-lj.si\/toi\/o-nas\/katedra-toi\/predstavitev\/\" \/>\n<meta property=\"og:site_name\" content=\"TOI\" \/>\n<meta property=\"article:modified_time\" content=\"2015-08-07T12:52:03+00:00\" \/>\n<meta name=\"twitter:label1\" content=\"Est. reading time\" \/>\n\t<meta name=\"twitter:data1\" content=\"2 minutes\" \/>\n<script type=\"application\/ld+json\" class=\"yoast-schema-graph\">{\"@context\":\"https:\/\/schema.org\",\"@graph\":[{\"@type\":\"WebSite\",\"@id\":\"https:\/\/www.ntf.uni-lj.si\/toi\/#website\",\"url\":\"https:\/\/www.ntf.uni-lj.si\/toi\/\",\"name\":\"TOI\",\"description\":\"Katedra za tekstilno in obla\\u010dilno in\\u017eenirstvo\",\"potentialAction\":[{\"@type\":\"SearchAction\",\"target\":{\"@type\":\"EntryPoint\",\"urlTemplate\":\"https:\/\/www.ntf.uni-lj.si\/toi\/?s={search_term_string}\"},\"query-input\":\"required name=search_term_string\"}],\"inLanguage\":\"en-US\"},{\"@type\":\"WebPage\",\"@id\":\"https:\/\/www.ntf.uni-lj.si\/toi\/o-nas\/katedra-toi\/predstavitev\/#webpage\",\"url\":\"https:\/\/www.ntf.uni-lj.si\/toi\/o-nas\/katedra-toi\/predstavitev\/\",\"name\":\"Predstavitev - TOI\",\"isPartOf\":{\"@id\":\"https:\/\/www.ntf.uni-lj.si\/toi\/#website\"},\"datePublished\":\"2015-03-23T12:49:53+00:00\",\"dateModified\":\"2015-08-07T12:52:03+00:00\",\"breadcrumb\":{\"@id\":\"https:\/\/www.ntf.uni-lj.si\/toi\/o-nas\/katedra-toi\/predstavitev\/#breadcrumb\"},\"inLanguage\":\"en-US\",\"potentialAction\":[{\"@type\":\"ReadAction\",\"target\":[\"https:\/\/www.ntf.uni-lj.si\/toi\/o-nas\/katedra-toi\/predstavitev\/\"]}]},{\"@type\":\"BreadcrumbList\",\"@id\":\"https:\/\/www.ntf.uni-lj.si\/toi\/o-nas\/katedra-toi\/predstavitev\/#breadcrumb\",\"itemListElement\":[{\"@type\":\"ListItem\",\"position\":1,\"name\":\"Domov\",\"item\":\"https:\/\/www.ntf.uni-lj.si\/toi\/\"},{\"@type\":\"ListItem\",\"position\":2,\"name\":\"O nas\",\"item\":\"https:\/\/www.ntf.uni-lj.si\/toi\/o-nas\/\"},{\"@type\":\"ListItem\",\"position\":3,\"name\":\"Katedra TOI\",\"item\":\"https:\/\/www.ntf.uni-lj.si\/toi\/o-nas\/katedra-toi\/\"},{\"@type\":\"ListItem\",\"position\":4,\"name\":\"Predstavitev\"}]}]}<\/script>\n<!-- \/ Yoast SEO plugin. -->","yoast_head_json":{"robots":{"index":"index","follow":"follow","max-snippet":"max-snippet:-1","max-image-preview":"max-image-preview:large","max-video-preview":"max-video-preview:-1"},"canonical":"https:\/\/www.ntf.uni-lj.si\/toi\/o-nas\/katedra-toi\/predstavitev\/","og_locale":"en_US","og_type":"article","og_title":"Predstavitev - TOI","og_description":"Predstavitev Katedre za tekstilno in obla\u010dilno in\u017eenirstvo Na Katedri za tekstilno in obla\u010dilno in\u017eenirstvo izvajamo pedago\u0161ko in raziskovalno delo na razli\u010dnih podro\u010djih tekstilstva, ki vklju\u010duje konvencionalne in nove tekstilne materiale, napredne mehanske in kemijske tekstilne postopke, na\u010drtovanje in vodenje proizvodnje, projektiranje in konstrukcijo tekstilij in obla\u010dil, nego tekstilij, tekstilne preiskave in kakovost ter ekologijo v ... Read more","og_url":"https:\/\/www.ntf.uni-lj.si\/toi\/o-nas\/katedra-toi\/predstavitev\/","og_site_name":"TOI","article_modified_time":"2015-08-07T12:52:03+00:00","twitter_misc":{"Est. reading time":"2 minutes"},"schema":{"@context":"https:\/\/schema.org","@graph":[{"@type":"WebSite","@id":"https:\/\/www.ntf.uni-lj.si\/toi\/#website","url":"https:\/\/www.ntf.uni-lj.si\/toi\/","name":"TOI","description":"Katedra za tekstilno in obla\u010dilno in\u017eenirstvo","potentialAction":[{"@type":"SearchAction","target":{"@type":"EntryPoint","urlTemplate":"https:\/\/www.ntf.uni-lj.si\/toi\/?s={search_term_string}"},"query-input":"required name=search_term_string"}],"inLanguage":"en-US"},{"@type":"WebPage","@id":"https:\/\/www.ntf.uni-lj.si\/toi\/o-nas\/katedra-toi\/predstavitev\/#webpage","url":"https:\/\/www.ntf.uni-lj.si\/toi\/o-nas\/katedra-toi\/predstavitev\/","name":"Predstavitev - TOI","isPartOf":{"@id":"https:\/\/www.ntf.uni-lj.si\/toi\/#website"},"datePublished":"2015-03-23T12:49:53+00:00","dateModified":"2015-08-07T12:52:03+00:00","breadcrumb":{"@id":"https:\/\/www.ntf.uni-lj.si\/toi\/o-nas\/katedra-toi\/predstavitev\/#breadcrumb"},"inLanguage":"en-US","potentialAction":[{"@type":"ReadAction","target":["https:\/\/www.ntf.uni-lj.si\/toi\/o-nas\/katedra-toi\/predstavitev\/"]}]},{"@type":"BreadcrumbList","@id":"https:\/\/www.ntf.uni-lj.si\/toi\/o-nas\/katedra-toi\/predstavitev\/#breadcrumb","itemListElement":[{"@type":"ListItem","position":1,"name":"Domov","item":"https:\/\/www.ntf.uni-lj.si\/toi\/"},{"@type":"ListItem","position":2,"name":"O nas","item":"https:\/\/www.ntf.uni-lj.si\/toi\/o-nas\/"},{"@type":"ListItem","position":3,"name":"Katedra TOI","item":"https:\/\/www.ntf.uni-lj.si\/toi\/o-nas\/katedra-toi\/"},{"@type":"ListItem","position":4,"name":"Predstavitev"}]}]}},"_links":{"self":[{"href":"https:\/\/www.ntf.uni-lj.si\/toi\/wp-json\/wp\/v2\/pages\/125"}],"collection":[{"href":"https:\/\/www.ntf.uni-lj.si\/toi\/wp-json\/wp\/v2\/pages"}],"about":[{"href":"https:\/\/www.ntf.uni-lj.si\/toi\/wp-json\/wp\/v2\/types\/page"}],"author":[{"embeddable":true,"href":"https:\/\/www.ntf.uni-lj.si\/toi\/wp-json\/wp\/v2\/users\/26"}],"replies":[{"embeddable":true,"href":"https:\/\/www.ntf.uni-lj.si\/toi\/wp-json\/wp\/v2\/comments?post=125"}],"version-history":[{"count":7,"href":"https:\/\/www.ntf.uni-lj.si\/toi\/wp-json\/wp\/v2\/pages\/125\/revisions"}],"predecessor-version":[{"id":6338,"href":"https:\/\/www.ntf.uni-lj.si\/toi\/wp-json\/wp\/v2\/pages\/125\/revisions\/6338"}],"up":[{"embeddable":true,"href":"https:\/\/www.ntf.uni-lj.si\/toi\/wp-json\/wp\/v2\/pages\/118"}],"wp:attachment":[{"href":"https:\/\/www.ntf.uni-lj.si\/toi\/wp-json\/wp\/v2\/media?parent=125"}],"curies":[{"name":"wp","href":"https:\/\/api.w.org\/{rel}","templated":true}]}}