{"id":15774,"date":"2021-03-04T10:26:37","date_gmt":"2021-03-04T09:26:37","guid":{"rendered":"http:\/\/www.ntf.uni-lj.si\/toi\/?page_id=15774"},"modified":"2021-03-04T13:41:26","modified_gmt":"2021-03-04T12:41:26","slug":"l-314","status":"publish","type":"page","link":"https:\/\/www.ntf.uni-lj.si\/toi\/o-nas\/prostori\/l-314\/","title":{"rendered":"SEM in DMA (L-314)"},"content":{"rendered":"<div class='my-vrview' id='vrview1'><\/div>\n<p><script type='text\/javascript'>\twindow.addEventListener('load', onVrViewLoad1);function onVrViewLoad1() {var vrView = new VRView.Player('#vrview1', {image: 'https:\/\/www.ntf.uni-lj.si\/toi\/wp-content\/uploads\/sites\/7\/2021\/03\/2020_360prostori_toi_L314.jpg',is_stereo: false,width: '100%',height: '400' });}\n\t\t<\/script><\/p>\n<p>V prostoru se nahajata dva aparata:<\/p>\n<ul>\n<li>vrsti\u010dni (scanning) elektronski mikroskop SEM <span class=\"text\">JSM-6060 LV <\/span>(Jeol, Japonska)<\/li>\n<li>dinami\u010dni mehanski analizator DMA Q800 (TA Instruments, ZDA)<\/li>\n<\/ul>\n<p>SEM aparat je namenjen \u0161tudiju povr\u0161ine, morfologije in topografije povr\u0161in ter velikosti delcev. Aparat dopolnjuje tudi napra\u0161evalnik preparatov z zlatom v primeru neprevodnih materialov. Ve\u010d o aparatu najdete <a href=\"https:\/\/www.ntf.uni-lj.si\/ntf\/raziskovanje\/raziskovalno-delo\/raziskovalna-oprema\/opisi-raziskovalne-opreme\/\">tukaj<\/a>.<\/p>\n<p>DMA aparat je namenjen merjenju viskoelasti\u010dnih lastnosti raznovrstnih materialov (merjenje Tg in sekundarnih prehodov, vpliv frekvence na module in Tg, vpliv polnil, dodatkov in adhezivov, vpliv tehnolo\u0161kih procesov, stabilnost dimenzij, lezenje, relaksacije napetosti, termomehanika, napoved obna\u0161anja materiala v \u0161irokem frekven\u010dnem in \u010dasovnem obmo\u010dju). Ve\u010d o aparatu najdete <a href=\"https:\/\/www.ntf.uni-lj.si\/ntf\/raziskovanje\/raziskovalno-delo\/raziskovalna-oprema\/opisi-raziskovalne-opreme\/\">tukaj<\/a>.<\/p>\n","protected":false},"excerpt":{"rendered":"V prostoru se nahajata dva aparata: vrsti\u010dni (scanning) elektronski mikroskop SEM JSM-6060 LV (Jeol, Japonska) dinami\u010dni mehanski analizator DMA Q800 (TA Instruments, ZDA) SEM aparat je namenjen \u0161tudiju povr\u0161ine, morfologije in topografije povr\u0161in ter velikosti delcev. Aparat dopolnjuje tudi napra\u0161evalnik preparatov z zlatom v primeru neprevodnih materialov. Ve\u010d o aparatu najdete tukaj. DMA aparat je &#8230; <a class=\"view-article\" href=\"https:\/\/www.ntf.uni-lj.si\/toi\/o-nas\/prostori\/l-314\/\">Read more<\/a>","protected":false},"author":221,"featured_media":0,"parent":6589,"menu_order":314,"comment_status":"closed","ping_status":"closed","template":"","meta":[],"acf":[],"yoast_head":"<!-- This site is optimized with the Yoast SEO plugin v17.0 - https:\/\/yoast.com\/wordpress\/plugins\/seo\/ -->\n<meta name=\"robots\" content=\"index, follow, max-snippet:-1, max-image-preview:large, max-video-preview:-1\" \/>\n<link rel=\"canonical\" href=\"https:\/\/www.ntf.uni-lj.si\/toi\/o-nas\/prostori\/l-314\/\" \/>\n<meta property=\"og:locale\" content=\"en_US\" \/>\n<meta property=\"og:type\" content=\"article\" \/>\n<meta property=\"og:title\" content=\"SEM in DMA (L-314) - TOI\" \/>\n<meta property=\"og:description\" content=\"V prostoru se nahajata dva aparata: vrsti\u010dni (scanning) elektronski mikroskop SEM JSM-6060 LV (Jeol, Japonska) dinami\u010dni mehanski analizator DMA Q800 (TA Instruments, ZDA) SEM aparat je namenjen \u0161tudiju povr\u0161ine, morfologije in topografije povr\u0161in ter velikosti delcev. Aparat dopolnjuje tudi napra\u0161evalnik preparatov z zlatom v primeru neprevodnih materialov. Ve\u010d o aparatu najdete tukaj. DMA aparat je ... Read more\" \/>\n<meta property=\"og:url\" content=\"https:\/\/www.ntf.uni-lj.si\/toi\/o-nas\/prostori\/l-314\/\" \/>\n<meta property=\"og:site_name\" content=\"TOI\" \/>\n<meta property=\"article:modified_time\" content=\"2021-03-04T12:41:26+00:00\" \/>\n<meta name=\"twitter:label1\" content=\"Est. reading time\" \/>\n\t<meta name=\"twitter:data1\" content=\"1 minute\" \/>\n<script type=\"application\/ld+json\" class=\"yoast-schema-graph\">{\"@context\":\"https:\/\/schema.org\",\"@graph\":[{\"@type\":\"WebSite\",\"@id\":\"https:\/\/www.ntf.uni-lj.si\/toi\/#website\",\"url\":\"https:\/\/www.ntf.uni-lj.si\/toi\/\",\"name\":\"TOI\",\"description\":\"Katedra za tekstilno in obla\\u010dilno in\\u017eenirstvo\",\"potentialAction\":[{\"@type\":\"SearchAction\",\"target\":{\"@type\":\"EntryPoint\",\"urlTemplate\":\"https:\/\/www.ntf.uni-lj.si\/toi\/?s={search_term_string}\"},\"query-input\":\"required name=search_term_string\"}],\"inLanguage\":\"en-US\"},{\"@type\":\"WebPage\",\"@id\":\"https:\/\/www.ntf.uni-lj.si\/toi\/o-nas\/prostori\/l-314\/#webpage\",\"url\":\"https:\/\/www.ntf.uni-lj.si\/toi\/o-nas\/prostori\/l-314\/\",\"name\":\"SEM in DMA (L-314) - TOI\",\"isPartOf\":{\"@id\":\"https:\/\/www.ntf.uni-lj.si\/toi\/#website\"},\"datePublished\":\"2021-03-04T09:26:37+00:00\",\"dateModified\":\"2021-03-04T12:41:26+00:00\",\"breadcrumb\":{\"@id\":\"https:\/\/www.ntf.uni-lj.si\/toi\/o-nas\/prostori\/l-314\/#breadcrumb\"},\"inLanguage\":\"en-US\",\"potentialAction\":[{\"@type\":\"ReadAction\",\"target\":[\"https:\/\/www.ntf.uni-lj.si\/toi\/o-nas\/prostori\/l-314\/\"]}]},{\"@type\":\"BreadcrumbList\",\"@id\":\"https:\/\/www.ntf.uni-lj.si\/toi\/o-nas\/prostori\/l-314\/#breadcrumb\",\"itemListElement\":[{\"@type\":\"ListItem\",\"position\":1,\"name\":\"Domov\",\"item\":\"https:\/\/www.ntf.uni-lj.si\/toi\/\"},{\"@type\":\"ListItem\",\"position\":2,\"name\":\"O nas\",\"item\":\"https:\/\/www.ntf.uni-lj.si\/toi\/o-nas\/\"},{\"@type\":\"ListItem\",\"position\":3,\"name\":\"Prostori\",\"item\":\"https:\/\/www.ntf.uni-lj.si\/toi\/o-nas\/prostori\/\"},{\"@type\":\"ListItem\",\"position\":4,\"name\":\"SEM in DMA (L-314)\"}]}]}<\/script>\n<!-- \/ Yoast SEO plugin. -->","yoast_head_json":{"robots":{"index":"index","follow":"follow","max-snippet":"max-snippet:-1","max-image-preview":"max-image-preview:large","max-video-preview":"max-video-preview:-1"},"canonical":"https:\/\/www.ntf.uni-lj.si\/toi\/o-nas\/prostori\/l-314\/","og_locale":"en_US","og_type":"article","og_title":"SEM in DMA (L-314) - TOI","og_description":"V prostoru se nahajata dva aparata: vrsti\u010dni (scanning) elektronski mikroskop SEM JSM-6060 LV (Jeol, Japonska) dinami\u010dni mehanski analizator DMA Q800 (TA Instruments, ZDA) SEM aparat je namenjen \u0161tudiju povr\u0161ine, morfologije in topografije povr\u0161in ter velikosti delcev. Aparat dopolnjuje tudi napra\u0161evalnik preparatov z zlatom v primeru neprevodnih materialov. Ve\u010d o aparatu najdete tukaj. DMA aparat je ... Read more","og_url":"https:\/\/www.ntf.uni-lj.si\/toi\/o-nas\/prostori\/l-314\/","og_site_name":"TOI","article_modified_time":"2021-03-04T12:41:26+00:00","twitter_misc":{"Est. reading time":"1 minute"},"schema":{"@context":"https:\/\/schema.org","@graph":[{"@type":"WebSite","@id":"https:\/\/www.ntf.uni-lj.si\/toi\/#website","url":"https:\/\/www.ntf.uni-lj.si\/toi\/","name":"TOI","description":"Katedra za tekstilno in obla\u010dilno in\u017eenirstvo","potentialAction":[{"@type":"SearchAction","target":{"@type":"EntryPoint","urlTemplate":"https:\/\/www.ntf.uni-lj.si\/toi\/?s={search_term_string}"},"query-input":"required name=search_term_string"}],"inLanguage":"en-US"},{"@type":"WebPage","@id":"https:\/\/www.ntf.uni-lj.si\/toi\/o-nas\/prostori\/l-314\/#webpage","url":"https:\/\/www.ntf.uni-lj.si\/toi\/o-nas\/prostori\/l-314\/","name":"SEM in DMA (L-314) - TOI","isPartOf":{"@id":"https:\/\/www.ntf.uni-lj.si\/toi\/#website"},"datePublished":"2021-03-04T09:26:37+00:00","dateModified":"2021-03-04T12:41:26+00:00","breadcrumb":{"@id":"https:\/\/www.ntf.uni-lj.si\/toi\/o-nas\/prostori\/l-314\/#breadcrumb"},"inLanguage":"en-US","potentialAction":[{"@type":"ReadAction","target":["https:\/\/www.ntf.uni-lj.si\/toi\/o-nas\/prostori\/l-314\/"]}]},{"@type":"BreadcrumbList","@id":"https:\/\/www.ntf.uni-lj.si\/toi\/o-nas\/prostori\/l-314\/#breadcrumb","itemListElement":[{"@type":"ListItem","position":1,"name":"Domov","item":"https:\/\/www.ntf.uni-lj.si\/toi\/"},{"@type":"ListItem","position":2,"name":"O nas","item":"https:\/\/www.ntf.uni-lj.si\/toi\/o-nas\/"},{"@type":"ListItem","position":3,"name":"Prostori","item":"https:\/\/www.ntf.uni-lj.si\/toi\/o-nas\/prostori\/"},{"@type":"ListItem","position":4,"name":"SEM in DMA (L-314)"}]}]}},"_links":{"self":[{"href":"https:\/\/www.ntf.uni-lj.si\/toi\/wp-json\/wp\/v2\/pages\/15774"}],"collection":[{"href":"https:\/\/www.ntf.uni-lj.si\/toi\/wp-json\/wp\/v2\/pages"}],"about":[{"href":"https:\/\/www.ntf.uni-lj.si\/toi\/wp-json\/wp\/v2\/types\/page"}],"author":[{"embeddable":true,"href":"https:\/\/www.ntf.uni-lj.si\/toi\/wp-json\/wp\/v2\/users\/221"}],"replies":[{"embeddable":true,"href":"https:\/\/www.ntf.uni-lj.si\/toi\/wp-json\/wp\/v2\/comments?post=15774"}],"version-history":[{"count":3,"href":"https:\/\/www.ntf.uni-lj.si\/toi\/wp-json\/wp\/v2\/pages\/15774\/revisions"}],"predecessor-version":[{"id":15781,"href":"https:\/\/www.ntf.uni-lj.si\/toi\/wp-json\/wp\/v2\/pages\/15774\/revisions\/15781"}],"up":[{"embeddable":true,"href":"https:\/\/www.ntf.uni-lj.si\/toi\/wp-json\/wp\/v2\/pages\/6589"}],"wp:attachment":[{"href":"https:\/\/www.ntf.uni-lj.si\/toi\/wp-json\/wp\/v2\/media?parent=15774"}],"curies":[{"name":"wp","href":"https:\/\/api.w.org\/{rel}","templated":true}]}}