{"id":6237,"date":"2015-07-08T19:06:07","date_gmt":"2015-07-08T17:06:07","guid":{"rendered":"http:\/\/www.ntf.uni-lj.si\/toi\/?page_id=6237"},"modified":"2025-10-02T12:44:45","modified_gmt":"2025-10-02T10:44:45","slug":"vizitka","status":"publish","type":"page","link":"https:\/\/www.ntf.uni-lj.si\/toi\/o-nas\/katedra-toi\/vizitka\/","title":{"rendered":"Vizitka"},"content":{"rendered":"<h4>UNIVERZA V LJUBLJANI<br \/>\nNARAVOSLOVNOTEHNI\u0160KA FAKULTETA<br \/>\nODDELEK ZA TEKSTILSTVO, GRAFIKO IN OBLIKOVANJE<\/h4>\n<p><strong>KATEDRA ZA TEKSTILNO IN OBLA\u010cILNO IN\u017dENIRSTVO<\/strong><br \/>\nSne\u017eni\u0161ka ulica 5<br \/>\nSI-1000 Ljubljana<\/p>\n<p>Tel: 01\/20 03 200<br \/>\nFaks: 01\/20 03 270<br \/>\nE-po\u0161ta: <a href=\"mailto:toi@ntf.uni-lj.si\">toi@ntf.uni-lj<\/a><br \/>\nSplet: <a href=\"http:\/\/www.ntf.uni-lj.si\/toi\/\" target=\"_blank\" rel=\"noopener noreferrer\">www.ntf.uni-lj.si\/toi\/<\/a><\/p>\n<h4>VODSTVO KATEDRE:<\/h4>\n<div class=\"col-sm-10 no-padding no-padding\">\n<strong>izr. prof. dr. Brigita Tom\u0161i\u010d<\/strong><br \/>\n<em>predstojnica KTOI<\/em><br \/>\nTel: 01\/20 03 233<br \/>\nE-po\u0161ta: <a href=\"https:\/\/www.ntf.uni-lj.si\/toi\/employee\/matejka-bizjak\/\">brigita.tomsic@ntf.uni-lj.si<\/a>\n<\/div>\n<div class=\"col-sm-10 no-padding no-padding\"><\/div>\n<p>&nbsp;<\/p>\n<p>&nbsp;<\/p>\n","protected":false},"excerpt":{"rendered":"UNIVERZA V LJUBLJANI NARAVOSLOVNOTEHNI\u0160KA FAKULTETA ODDELEK ZA TEKSTILSTVO, GRAFIKO IN OBLIKOVANJE KATEDRA ZA TEKSTILNO IN OBLA\u010cILNO IN\u017dENIRSTVO Sne\u017eni\u0161ka ulica 5 SI-1000 Ljubljana Tel: 01\/20 03 200 Faks: 01\/20 03 270 E-po\u0161ta: toi@ntf.uni-lj Splet: www.ntf.uni-lj.si\/toi\/ VODSTVO KATEDRE: &nbsp; &nbsp;","protected":false},"author":26,"featured_media":0,"parent":118,"menu_order":20,"comment_status":"closed","ping_status":"closed","template":"","meta":[],"acf":[],"yoast_head":"<!-- This site is optimized with the Yoast SEO plugin v17.0 - https:\/\/yoast.com\/wordpress\/plugins\/seo\/ -->\n<meta name=\"robots\" content=\"index, follow, max-snippet:-1, max-image-preview:large, max-video-preview:-1\" \/>\n<link rel=\"canonical\" href=\"https:\/\/www.ntf.uni-lj.si\/toi\/o-nas\/katedra-toi\/vizitka\/\" \/>\n<meta property=\"og:locale\" content=\"en_US\" \/>\n<meta property=\"og:type\" content=\"article\" \/>\n<meta property=\"og:title\" content=\"Vizitka - TOI\" \/>\n<meta property=\"og:description\" content=\"UNIVERZA V LJUBLJANI NARAVOSLOVNOTEHNI\u0160KA FAKULTETA ODDELEK ZA TEKSTILSTVO, GRAFIKO IN OBLIKOVANJE KATEDRA ZA TEKSTILNO IN OBLA\u010cILNO IN\u017dENIRSTVO Sne\u017eni\u0161ka ulica 5 SI-1000 Ljubljana Tel: 01\/20 03 200 Faks: 01\/20 03 270 E-po\u0161ta: toi@ntf.uni-lj Splet: www.ntf.uni-lj.si\/toi\/ VODSTVO KATEDRE: &nbsp; &nbsp;\" \/>\n<meta property=\"og:url\" content=\"https:\/\/www.ntf.uni-lj.si\/toi\/o-nas\/katedra-toi\/vizitka\/\" \/>\n<meta property=\"og:site_name\" content=\"TOI\" \/>\n<meta property=\"article:modified_time\" content=\"2025-10-02T10:44:45+00:00\" \/>\n<meta name=\"twitter:label1\" content=\"Est. reading time\" \/>\n\t<meta name=\"twitter:data1\" content=\"1 minute\" \/>\n<script type=\"application\/ld+json\" class=\"yoast-schema-graph\">{\"@context\":\"https:\/\/schema.org\",\"@graph\":[{\"@type\":\"WebSite\",\"@id\":\"https:\/\/www.ntf.uni-lj.si\/toi\/#website\",\"url\":\"https:\/\/www.ntf.uni-lj.si\/toi\/\",\"name\":\"TOI\",\"description\":\"Katedra za tekstilno in obla\\u010dilno in\\u017eenirstvo\",\"potentialAction\":[{\"@type\":\"SearchAction\",\"target\":{\"@type\":\"EntryPoint\",\"urlTemplate\":\"https:\/\/www.ntf.uni-lj.si\/toi\/?s={search_term_string}\"},\"query-input\":\"required name=search_term_string\"}],\"inLanguage\":\"en-US\"},{\"@type\":\"WebPage\",\"@id\":\"https:\/\/www.ntf.uni-lj.si\/toi\/o-nas\/katedra-toi\/vizitka\/#webpage\",\"url\":\"https:\/\/www.ntf.uni-lj.si\/toi\/o-nas\/katedra-toi\/vizitka\/\",\"name\":\"Vizitka - TOI\",\"isPartOf\":{\"@id\":\"https:\/\/www.ntf.uni-lj.si\/toi\/#website\"},\"datePublished\":\"2015-07-08T17:06:07+00:00\",\"dateModified\":\"2025-10-02T10:44:45+00:00\",\"breadcrumb\":{\"@id\":\"https:\/\/www.ntf.uni-lj.si\/toi\/o-nas\/katedra-toi\/vizitka\/#breadcrumb\"},\"inLanguage\":\"en-US\",\"potentialAction\":[{\"@type\":\"ReadAction\",\"target\":[\"https:\/\/www.ntf.uni-lj.si\/toi\/o-nas\/katedra-toi\/vizitka\/\"]}]},{\"@type\":\"BreadcrumbList\",\"@id\":\"https:\/\/www.ntf.uni-lj.si\/toi\/o-nas\/katedra-toi\/vizitka\/#breadcrumb\",\"itemListElement\":[{\"@type\":\"ListItem\",\"position\":1,\"name\":\"Domov\",\"item\":\"https:\/\/www.ntf.uni-lj.si\/toi\/\"},{\"@type\":\"ListItem\",\"position\":2,\"name\":\"O nas\",\"item\":\"https:\/\/www.ntf.uni-lj.si\/toi\/o-nas\/\"},{\"@type\":\"ListItem\",\"position\":3,\"name\":\"Katedra TOI\",\"item\":\"https:\/\/www.ntf.uni-lj.si\/toi\/o-nas\/katedra-toi\/\"},{\"@type\":\"ListItem\",\"position\":4,\"name\":\"Vizitka\"}]}]}<\/script>\n<!-- \/ Yoast SEO plugin. -->","yoast_head_json":{"robots":{"index":"index","follow":"follow","max-snippet":"max-snippet:-1","max-image-preview":"max-image-preview:large","max-video-preview":"max-video-preview:-1"},"canonical":"https:\/\/www.ntf.uni-lj.si\/toi\/o-nas\/katedra-toi\/vizitka\/","og_locale":"en_US","og_type":"article","og_title":"Vizitka - TOI","og_description":"UNIVERZA V LJUBLJANI NARAVOSLOVNOTEHNI\u0160KA FAKULTETA ODDELEK ZA TEKSTILSTVO, GRAFIKO IN OBLIKOVANJE KATEDRA ZA TEKSTILNO IN OBLA\u010cILNO IN\u017dENIRSTVO Sne\u017eni\u0161ka ulica 5 SI-1000 Ljubljana Tel: 01\/20 03 200 Faks: 01\/20 03 270 E-po\u0161ta: toi@ntf.uni-lj Splet: www.ntf.uni-lj.si\/toi\/ VODSTVO KATEDRE: &nbsp; &nbsp;","og_url":"https:\/\/www.ntf.uni-lj.si\/toi\/o-nas\/katedra-toi\/vizitka\/","og_site_name":"TOI","article_modified_time":"2025-10-02T10:44:45+00:00","twitter_misc":{"Est. reading time":"1 minute"},"schema":{"@context":"https:\/\/schema.org","@graph":[{"@type":"WebSite","@id":"https:\/\/www.ntf.uni-lj.si\/toi\/#website","url":"https:\/\/www.ntf.uni-lj.si\/toi\/","name":"TOI","description":"Katedra za tekstilno in obla\u010dilno in\u017eenirstvo","potentialAction":[{"@type":"SearchAction","target":{"@type":"EntryPoint","urlTemplate":"https:\/\/www.ntf.uni-lj.si\/toi\/?s={search_term_string}"},"query-input":"required name=search_term_string"}],"inLanguage":"en-US"},{"@type":"WebPage","@id":"https:\/\/www.ntf.uni-lj.si\/toi\/o-nas\/katedra-toi\/vizitka\/#webpage","url":"https:\/\/www.ntf.uni-lj.si\/toi\/o-nas\/katedra-toi\/vizitka\/","name":"Vizitka - TOI","isPartOf":{"@id":"https:\/\/www.ntf.uni-lj.si\/toi\/#website"},"datePublished":"2015-07-08T17:06:07+00:00","dateModified":"2025-10-02T10:44:45+00:00","breadcrumb":{"@id":"https:\/\/www.ntf.uni-lj.si\/toi\/o-nas\/katedra-toi\/vizitka\/#breadcrumb"},"inLanguage":"en-US","potentialAction":[{"@type":"ReadAction","target":["https:\/\/www.ntf.uni-lj.si\/toi\/o-nas\/katedra-toi\/vizitka\/"]}]},{"@type":"BreadcrumbList","@id":"https:\/\/www.ntf.uni-lj.si\/toi\/o-nas\/katedra-toi\/vizitka\/#breadcrumb","itemListElement":[{"@type":"ListItem","position":1,"name":"Domov","item":"https:\/\/www.ntf.uni-lj.si\/toi\/"},{"@type":"ListItem","position":2,"name":"O nas","item":"https:\/\/www.ntf.uni-lj.si\/toi\/o-nas\/"},{"@type":"ListItem","position":3,"name":"Katedra TOI","item":"https:\/\/www.ntf.uni-lj.si\/toi\/o-nas\/katedra-toi\/"},{"@type":"ListItem","position":4,"name":"Vizitka"}]}]}},"_links":{"self":[{"href":"https:\/\/www.ntf.uni-lj.si\/toi\/wp-json\/wp\/v2\/pages\/6237"}],"collection":[{"href":"https:\/\/www.ntf.uni-lj.si\/toi\/wp-json\/wp\/v2\/pages"}],"about":[{"href":"https:\/\/www.ntf.uni-lj.si\/toi\/wp-json\/wp\/v2\/types\/page"}],"author":[{"embeddable":true,"href":"https:\/\/www.ntf.uni-lj.si\/toi\/wp-json\/wp\/v2\/users\/26"}],"replies":[{"embeddable":true,"href":"https:\/\/www.ntf.uni-lj.si\/toi\/wp-json\/wp\/v2\/comments?post=6237"}],"version-history":[{"count":11,"href":"https:\/\/www.ntf.uni-lj.si\/toi\/wp-json\/wp\/v2\/pages\/6237\/revisions"}],"predecessor-version":[{"id":21587,"href":"https:\/\/www.ntf.uni-lj.si\/toi\/wp-json\/wp\/v2\/pages\/6237\/revisions\/21587"}],"up":[{"embeddable":true,"href":"https:\/\/www.ntf.uni-lj.si\/toi\/wp-json\/wp\/v2\/pages\/118"}],"wp:attachment":[{"href":"https:\/\/www.ntf.uni-lj.si\/toi\/wp-json\/wp\/v2\/media?parent=6237"}],"curies":[{"name":"wp","href":"https:\/\/api.w.org\/{rel}","templated":true}]}}