{"id":8024,"date":"2016-02-18T13:34:13","date_gmt":"2016-02-18T12:34:13","guid":{"rendered":"http:\/\/www.ntf.uni-lj.si\/toi\/?page_id=8024"},"modified":"2023-05-12T11:45:18","modified_gmt":"2023-05-12T09:45:18","slug":"splosne-informacije-5-2","status":"publish","type":"page","link":"https:\/\/www.ntf.uni-lj.si\/toi\/studij\/1-stopnja-2\/tekstilno-in-oblacilno-inzenirstvo-vs\/splosne-informacije-5-2\/","title":{"rendered":"Splo\u0161ne informacije"},"content":{"rendered":"<p><strong>Stopnja in vrsta \u0161tudijskega programa:<\/strong>\u00a0prva stopnja \u2013 visoko\u0161olski strokovni<br \/>\n<strong>Trajanje:<\/strong>\u00a03 leta (6 semestrov), skupaj 180 kreditnih to\u010dk po sistemu ECTS<br \/>\n<strong>Naziv:<\/strong>\u00a0diplomirani tekstilni in\u017eenir (VS), diplomirana tekstilna in\u017eenirka (VS) (dipl. tekst. in\u017e. (VS))<br \/>\n<strong>\u0160tudijsko podro\u010dje po Iscedovi klasifikaciji:<\/strong>\u00a0 Proizvodne tehnologije (54)<br \/>\n<strong>Razvrstitev \u0161tudijskega programa po KLASIUS-P:<\/strong>\u00a0 Tekstilna, konfekcijska, \u010devljarska in usnjarska tehnologija (podrobneje neopredeljeno) (5420)<br \/>\n<strong>Razvrstitev \u0161tudijskega programa po KLASIUS-P-16: <\/strong>Tekstilna, obla\u010dilna, \u010devljarska in usnjarska tehnologija\u00a0(0723)<br \/>\n<strong>Razvrstitev \u0161tudijskega programa po KLASIUS-SRV:<\/strong>\u00a0Visoko\u0161olsko strokovno izobra\u017eevanje (prva bolonjska stopnja) (16203)<br \/>\n<strong>Znanstvene raziskovalne discipline po Frascatijevi klasifikaciji:<\/strong>\u00a0Tehni\u0161ke vede (2)<\/p>\n","protected":false},"excerpt":{"rendered":"Stopnja in vrsta \u0161tudijskega programa:\u00a0prva stopnja \u2013 visoko\u0161olski strokovni Trajanje:\u00a03 leta (6 semestrov), skupaj 180 kreditnih to\u010dk po sistemu ECTS Naziv:\u00a0diplomirani tekstilni in\u017eenir (VS), diplomirana tekstilna in\u017eenirka (VS) (dipl. tekst. in\u017e. (VS)) \u0160tudijsko podro\u010dje po Iscedovi klasifikaciji:\u00a0 Proizvodne tehnologije (54) Razvrstitev \u0161tudijskega programa po KLASIUS-P:\u00a0 Tekstilna, konfekcijska, \u010devljarska in usnjarska tehnologija (podrobneje neopredeljeno) (5420) Razvrstitev &#8230; <a class=\"view-article\" href=\"https:\/\/www.ntf.uni-lj.si\/toi\/studij\/1-stopnja-2\/tekstilno-in-oblacilno-inzenirstvo-vs\/splosne-informacije-5-2\/\">Read more<\/a>","protected":false},"author":51,"featured_media":0,"parent":7040,"menu_order":10,"comment_status":"closed","ping_status":"closed","template":"","meta":[],"acf":[],"yoast_head":"<!-- This site is optimized with the Yoast SEO plugin v17.0 - https:\/\/yoast.com\/wordpress\/plugins\/seo\/ -->\n<meta name=\"robots\" content=\"index, follow, max-snippet:-1, max-image-preview:large, max-video-preview:-1\" \/>\n<link rel=\"canonical\" href=\"https:\/\/www.ntf.uni-lj.si\/toi\/studij\/1-stopnja-2\/tekstilno-in-oblacilno-inzenirstvo-vs\/splosne-informacije-5-2\/\" \/>\n<meta property=\"og:locale\" content=\"en_US\" \/>\n<meta property=\"og:type\" content=\"article\" \/>\n<meta property=\"og:title\" content=\"Splo\u0161ne informacije - TOI\" \/>\n<meta property=\"og:description\" content=\"Stopnja in vrsta \u0161tudijskega programa:\u00a0prva stopnja \u2013 visoko\u0161olski strokovni Trajanje:\u00a03 leta (6 semestrov), skupaj 180 kreditnih to\u010dk po sistemu ECTS Naziv:\u00a0diplomirani tekstilni in\u017eenir (VS), diplomirana tekstilna in\u017eenirka (VS) (dipl. tekst. in\u017e. (VS)) \u0160tudijsko podro\u010dje po Iscedovi klasifikaciji:\u00a0 Proizvodne tehnologije (54) Razvrstitev \u0161tudijskega programa po KLASIUS-P:\u00a0 Tekstilna, konfekcijska, \u010devljarska in usnjarska tehnologija (podrobneje neopredeljeno) (5420) Razvrstitev ... Read more\" \/>\n<meta property=\"og:url\" content=\"https:\/\/www.ntf.uni-lj.si\/toi\/studij\/1-stopnja-2\/tekstilno-in-oblacilno-inzenirstvo-vs\/splosne-informacije-5-2\/\" \/>\n<meta property=\"og:site_name\" content=\"TOI\" \/>\n<meta property=\"article:modified_time\" content=\"2023-05-12T09:45:18+00:00\" \/>\n<script type=\"application\/ld+json\" class=\"yoast-schema-graph\">{\"@context\":\"https:\/\/schema.org\",\"@graph\":[{\"@type\":\"WebSite\",\"@id\":\"https:\/\/www.ntf.uni-lj.si\/toi\/#website\",\"url\":\"https:\/\/www.ntf.uni-lj.si\/toi\/\",\"name\":\"TOI\",\"description\":\"Katedra za tekstilno in obla\\u010dilno in\\u017eenirstvo\",\"potentialAction\":[{\"@type\":\"SearchAction\",\"target\":{\"@type\":\"EntryPoint\",\"urlTemplate\":\"https:\/\/www.ntf.uni-lj.si\/toi\/?s={search_term_string}\"},\"query-input\":\"required name=search_term_string\"}],\"inLanguage\":\"en-US\"},{\"@type\":\"WebPage\",\"@id\":\"https:\/\/www.ntf.uni-lj.si\/toi\/studij\/1-stopnja-2\/tekstilno-in-oblacilno-inzenirstvo-vs\/splosne-informacije-5-2\/#webpage\",\"url\":\"https:\/\/www.ntf.uni-lj.si\/toi\/studij\/1-stopnja-2\/tekstilno-in-oblacilno-inzenirstvo-vs\/splosne-informacije-5-2\/\",\"name\":\"Splo\\u0161ne informacije - TOI\",\"isPartOf\":{\"@id\":\"https:\/\/www.ntf.uni-lj.si\/toi\/#website\"},\"datePublished\":\"2016-02-18T12:34:13+00:00\",\"dateModified\":\"2023-05-12T09:45:18+00:00\",\"breadcrumb\":{\"@id\":\"https:\/\/www.ntf.uni-lj.si\/toi\/studij\/1-stopnja-2\/tekstilno-in-oblacilno-inzenirstvo-vs\/splosne-informacije-5-2\/#breadcrumb\"},\"inLanguage\":\"en-US\",\"potentialAction\":[{\"@type\":\"ReadAction\",\"target\":[\"https:\/\/www.ntf.uni-lj.si\/toi\/studij\/1-stopnja-2\/tekstilno-in-oblacilno-inzenirstvo-vs\/splosne-informacije-5-2\/\"]}]},{\"@type\":\"BreadcrumbList\",\"@id\":\"https:\/\/www.ntf.uni-lj.si\/toi\/studij\/1-stopnja-2\/tekstilno-in-oblacilno-inzenirstvo-vs\/splosne-informacije-5-2\/#breadcrumb\",\"itemListElement\":[{\"@type\":\"ListItem\",\"position\":1,\"name\":\"Domov\",\"item\":\"https:\/\/www.ntf.uni-lj.si\/toi\/\"},{\"@type\":\"ListItem\",\"position\":2,\"name\":\"\\u0160tudij\",\"item\":\"https:\/\/www.ntf.uni-lj.si\/toi\/studij\/\"},{\"@type\":\"ListItem\",\"position\":3,\"name\":\"1. stopnja\",\"item\":\"https:\/\/www.ntf.uni-lj.si\/toi\/studij\/1-stopnja-2\/\"},{\"@type\":\"ListItem\",\"position\":4,\"name\":\"Tekstilno in obla\\u010dilno in\\u017eenirstvo (VS)\",\"item\":\"https:\/\/www.ntf.uni-lj.si\/toi\/studij\/1-stopnja-2\/tekstilno-in-oblacilno-inzenirstvo-vs\/\"},{\"@type\":\"ListItem\",\"position\":5,\"name\":\"Splo\\u0161ne informacije\"}]}]}<\/script>\n<!-- \/ Yoast SEO plugin. -->","yoast_head_json":{"robots":{"index":"index","follow":"follow","max-snippet":"max-snippet:-1","max-image-preview":"max-image-preview:large","max-video-preview":"max-video-preview:-1"},"canonical":"https:\/\/www.ntf.uni-lj.si\/toi\/studij\/1-stopnja-2\/tekstilno-in-oblacilno-inzenirstvo-vs\/splosne-informacije-5-2\/","og_locale":"en_US","og_type":"article","og_title":"Splo\u0161ne informacije - TOI","og_description":"Stopnja in vrsta \u0161tudijskega programa:\u00a0prva stopnja \u2013 visoko\u0161olski strokovni Trajanje:\u00a03 leta (6 semestrov), skupaj 180 kreditnih to\u010dk po sistemu ECTS Naziv:\u00a0diplomirani tekstilni in\u017eenir (VS), diplomirana tekstilna in\u017eenirka (VS) (dipl. tekst. in\u017e. (VS)) \u0160tudijsko podro\u010dje po Iscedovi klasifikaciji:\u00a0 Proizvodne tehnologije (54) Razvrstitev \u0161tudijskega programa po KLASIUS-P:\u00a0 Tekstilna, konfekcijska, \u010devljarska in usnjarska tehnologija (podrobneje neopredeljeno) (5420) Razvrstitev ... Read more","og_url":"https:\/\/www.ntf.uni-lj.si\/toi\/studij\/1-stopnja-2\/tekstilno-in-oblacilno-inzenirstvo-vs\/splosne-informacije-5-2\/","og_site_name":"TOI","article_modified_time":"2023-05-12T09:45:18+00:00","schema":{"@context":"https:\/\/schema.org","@graph":[{"@type":"WebSite","@id":"https:\/\/www.ntf.uni-lj.si\/toi\/#website","url":"https:\/\/www.ntf.uni-lj.si\/toi\/","name":"TOI","description":"Katedra za tekstilno in obla\u010dilno in\u017eenirstvo","potentialAction":[{"@type":"SearchAction","target":{"@type":"EntryPoint","urlTemplate":"https:\/\/www.ntf.uni-lj.si\/toi\/?s={search_term_string}"},"query-input":"required name=search_term_string"}],"inLanguage":"en-US"},{"@type":"WebPage","@id":"https:\/\/www.ntf.uni-lj.si\/toi\/studij\/1-stopnja-2\/tekstilno-in-oblacilno-inzenirstvo-vs\/splosne-informacije-5-2\/#webpage","url":"https:\/\/www.ntf.uni-lj.si\/toi\/studij\/1-stopnja-2\/tekstilno-in-oblacilno-inzenirstvo-vs\/splosne-informacije-5-2\/","name":"Splo\u0161ne informacije - TOI","isPartOf":{"@id":"https:\/\/www.ntf.uni-lj.si\/toi\/#website"},"datePublished":"2016-02-18T12:34:13+00:00","dateModified":"2023-05-12T09:45:18+00:00","breadcrumb":{"@id":"https:\/\/www.ntf.uni-lj.si\/toi\/studij\/1-stopnja-2\/tekstilno-in-oblacilno-inzenirstvo-vs\/splosne-informacije-5-2\/#breadcrumb"},"inLanguage":"en-US","potentialAction":[{"@type":"ReadAction","target":["https:\/\/www.ntf.uni-lj.si\/toi\/studij\/1-stopnja-2\/tekstilno-in-oblacilno-inzenirstvo-vs\/splosne-informacije-5-2\/"]}]},{"@type":"BreadcrumbList","@id":"https:\/\/www.ntf.uni-lj.si\/toi\/studij\/1-stopnja-2\/tekstilno-in-oblacilno-inzenirstvo-vs\/splosne-informacije-5-2\/#breadcrumb","itemListElement":[{"@type":"ListItem","position":1,"name":"Domov","item":"https:\/\/www.ntf.uni-lj.si\/toi\/"},{"@type":"ListItem","position":2,"name":"\u0160tudij","item":"https:\/\/www.ntf.uni-lj.si\/toi\/studij\/"},{"@type":"ListItem","position":3,"name":"1. stopnja","item":"https:\/\/www.ntf.uni-lj.si\/toi\/studij\/1-stopnja-2\/"},{"@type":"ListItem","position":4,"name":"Tekstilno in obla\u010dilno in\u017eenirstvo (VS)","item":"https:\/\/www.ntf.uni-lj.si\/toi\/studij\/1-stopnja-2\/tekstilno-in-oblacilno-inzenirstvo-vs\/"},{"@type":"ListItem","position":5,"name":"Splo\u0161ne informacije"}]}]}},"_links":{"self":[{"href":"https:\/\/www.ntf.uni-lj.si\/toi\/wp-json\/wp\/v2\/pages\/8024"}],"collection":[{"href":"https:\/\/www.ntf.uni-lj.si\/toi\/wp-json\/wp\/v2\/pages"}],"about":[{"href":"https:\/\/www.ntf.uni-lj.si\/toi\/wp-json\/wp\/v2\/types\/page"}],"author":[{"embeddable":true,"href":"https:\/\/www.ntf.uni-lj.si\/toi\/wp-json\/wp\/v2\/users\/51"}],"replies":[{"embeddable":true,"href":"https:\/\/www.ntf.uni-lj.si\/toi\/wp-json\/wp\/v2\/comments?post=8024"}],"version-history":[{"count":7,"href":"https:\/\/www.ntf.uni-lj.si\/toi\/wp-json\/wp\/v2\/pages\/8024\/revisions"}],"predecessor-version":[{"id":18906,"href":"https:\/\/www.ntf.uni-lj.si\/toi\/wp-json\/wp\/v2\/pages\/8024\/revisions\/18906"}],"up":[{"embeddable":true,"href":"https:\/\/www.ntf.uni-lj.si\/toi\/wp-json\/wp\/v2\/pages\/7040"}],"wp:attachment":[{"href":"https:\/\/www.ntf.uni-lj.si\/toi\/wp-json\/wp\/v2\/media?parent=8024"}],"curies":[{"name":"wp","href":"https:\/\/api.w.org\/{rel}","templated":true}]}}